{"id":116,"date":"2018-07-11T20:18:25","date_gmt":"2018-07-11T20:18:25","guid":{"rendered":"https:\/\/webs.uab.cat\/3dvirtualherp\/fitxa-descriptiva\/salamandra\/"},"modified":"2025-01-21T17:29:24","modified_gmt":"2025-01-21T16:29:24","slug":"salamandra","status":"publish","type":"fitxa_descriptiva","link":"https:\/\/webs.uab.cat\/3dvirtualherp\/fitxa-descriptiva\/salamandra\/","title":{"rendered":"Salamandra"},"content":{"rendered":"<h2 class=\"rtecenter\"><strong><em>Salamandra salamandra<\/em> (Linnaeus, 1758)<\/strong><\/h2>\n<p class=\"rtecenter\"><strong>ESP <\/strong>Salamandra com\u00fan<strong>\u00a0EN <\/strong>Fire salamander<\/p>\n\n\n<figure class=\"wp-block-embed is-type-rich is-provider-sketchfab wp-block-embed-sketchfab\"><div class=\"wp-block-embed__wrapper\">\n<div class=\"sketchfab-embed-wrapper\">    <iframe loading=\"lazy\" title=\"Salamandra salamandra\" id=\"\" class=\"\" width=\"580\" height=\"326\" src=\"https:\/\/sketchfab.com\/models\/9b2c64fc542046299087a7323f5358bc\/embed\" frameborder=\"0\" allow=\"autoplay; fullscreen; xr-spatial-tracking\" allowfullscreen=\"\" mozallowfullscreen=\"true\" webkitallowfullscreen=\"true\" xr-spatial-tracking=\"true\" execution-while-out-of-viewport=\"true\" execution-while-not-rendered=\"true\" web-share=\"true\"><\/iframe><\/div>\n<\/div><figcaption class=\"wp-element-caption\">Model 3D de la regi\u00f3 cef\u00e0lica d\u2019un mascle adult de <em>S. salamandra<\/em> capturat a XXXXX el dd\/mm\/aaaa. Model obtingut per Alejandro Garcia.<\/figcaption><\/figure>\n\n\n<p><strong>Descripci\u00f3<\/strong><\/p>\n<p style=\"padding-left: 40px\">La morfologia d\u2019aquesta esp\u00e8cie varia enormement segons la subesp\u00e8cie que es prengui com exemple. De forma general es tracta d\u2019un urodel d\u2019entre 200 i 250 mm de longitud total. T\u00e9 el cap gran, aplanat i el musell arrodonit o lleugerament punxegut. Presenta unes gl\u00e0ndules parotoides grans de color groc amb porus glandulars conspicus. Els ulls s\u00f3n prominents, negres i amb l\u2019iris de color marr\u00f3 fosc. El cos \u00e9s cil\u00edndric, excepte la zona ventral, amb solcs tranversals al llarg del cos i abs\u00e8ncia de crestes caudals i dorsals (Velo-Ant\u00f3n i Buckley, 2015). Presenta porus glandulars per tot el cos ordenats en dues files: una a cada costat del centre del dors,\u00a0 i que s\u2019estenen des de la part posterior del cap fins l\u2019extrem de la cua. La cua \u00e9s d\u2019aspecte cil\u00edndric i el seu di\u00e0metre disminueix en sentit caudal. Els membres anteriors i posteriors s\u00f3n robustos, amb quatre i cinc dits respectivament i desprove\u00efts de membranes interdigitals (Barbadillo et al., 1999). De pell llisa i fina, presenten una coloraci\u00f3 dorsal i lateral de fons negre amb taques o bandes grogues o ataronjades de funci\u00f3 cr\u00edptica i aposem\u00e0tica. Aquest patr\u00f3 de taques varia segons la subesp\u00e8cie, en alguna de les quals el groc domina per sobre el negre o fins i tot en qu\u00e8 les taques s\u00f3n m\u00e9s aviat vermelloses. La coloraci\u00f3 ventral \u00e9s generalment negra. \u00c9s important destacar a m\u00e9s, que el patr\u00f3 de taques no nom\u00e9s varia entre subesp\u00e8cies sin\u00f3 que tamb\u00e9 varia en un mateix individu conforme passa el temps. \u00c9s per aix\u00f2 que no \u00e9s adequat utilitzar aquest car\u00e0cter a l\u2019hora de recon\u00e8ixer individus (Velo-Ant\u00f3n i Buckley, 2015).<\/p>\n<p style=\"padding-left: 40px\"><strong>Dimorfisme sexual: <\/strong>no gaire marcat. La cloaca \u00e9s allargada i els llavis cloacals s\u00f3n m\u00e9s voluminosos en mascles, especialment en \u00e8poca de zel. De forma general, les femelles presenten la regi\u00f3 posterior del tronc m\u00e9s voluminosa i dilatada, s\u00f3n m\u00e9s grans i amb les extremitats i la cua m\u00e9s curtes que els mascles.<\/p>\n<p style=\"padding-left: 40px\"><strong>Larves<\/strong>: malgrat que el mode principal de reproducci\u00f3 \u00e9s l\u2019ovoviviparisme, algunes poblacions d\u2019aquesta esp\u00e8cie s\u00f3n viv\u00edpares, de manera que el desenvolupament larvari es d\u00f3na a l\u2019interior de del cos de la mare, la qual donar\u00e0 lloc a juvenils ja metamorfosats (Barbadillo et al., 1999). En les poblacions ovoviv\u00edpares, la mida de les larves oscil\u00b7la entre el 20 i 35 mm, podent arribar a m\u00e9s de 70 mm en algunes poblacions. Tenen el cap gran, el musell \u00a0arrodonit, quatre membres ben diferenciats amb dits, i br\u00e0nquies amb tres plomalls branquials i nombroses ramificacions (les ramificacions augmenten en h\u00e0bitats amb menor disponibilitat d\u2019oxigen). Tamb\u00e9 presenten una cresta que comen\u00e7a dorsalment per la meitat del cos, continua per la cua formant un extrem rom a la punta, i s\u2019est\u00e9n ventralment fins el comen\u00e7ament de la cua (Velo-Ant\u00f3n i Buckley, 2015). La part dorsal sol ser de color fosc, sovint amb taques de colors clars, platejades, met\u00e0l\u00b7liques i en alguns casos grogues com l\u2019adult. Sovint, en cada membre apareix una taca clara en la zona d\u2019intersecci\u00f3 amb el tronc, m\u00e9s consp\u00edcua en els membres posteriors i que adquirir\u00e0 un color groguenc conforme la larva creixi (Barbadillo et al., 1999).<\/p>\n<p><strong>H\u00e0bitat<\/strong><\/p>\n<p style=\"padding-left: 40px\">\u00c9s una esp\u00e8cie d\u2019h\u00e0bits terrestre que es troba en ambients humits i ombr\u00edvols. Habita en zones amb s\u00f2l profund i vegetaci\u00f3 abundant, habitualment en boscos de caducifolis (m\u00e9s rarament en boscos de con\u00edferes), per\u00f2 tamb\u00e9 la podem trobar en ambients m\u00e9s \u00e0rids com prats alpins i torberes (Barbadillo et al., 1999). Les poblacions ovoviv\u00edpares requereixen de masses d\u2019aigua pr\u00f2ximes (rierols o basses) necess\u00e0ries per l\u2019alliberaci\u00f3 de les larves mentre que les poblacions viv\u00edpares no depenen de masses d\u2019aigua per a la reproducci\u00f3 (Velo-Ant\u00f3n i Buckley, 2015).<\/p>\n<p><a href=\"https:\/\/www.iucnredlist.org\/species\/59467\/219148292\" target=\"_blank\" rel=\"noopener\"><strong>Distribuci\u00f3<\/strong><\/a><\/p>\n<p style=\"padding-left: 40px\">Es tracta d\u2019una esp\u00e8cie amb una \u00e0mplia distribuci\u00f3 que va des de la l\u00ednia de costa fins als 2500 m d\u2019altitud. A nivell global est\u00e0 present des del Nord d\u2019\u00c0frica (Marroc i Alg\u00e8ria) fins el nord d\u2019Alemanya, i des de la pen\u00ednsula Ib\u00e8rica fins a Iran (Barbadillo et al., 1999). A la Pen\u00ednsula es troba \u00e0mpliament distribu\u00efda per Portugal exceptuant les zones m\u00e9s \u00e0rides de l\u2019Alenteixo, i de forma m\u00e9s o menys cont\u00ednua, per una estreta\u00a0 franja nord que avarca Catalunya a trav\u00e9s dels Pirineus, Pa\u00eds Basc, Cant\u00e0bria, cornisa cant\u00e0brica, Serralada Cant\u00e0brica, Montes de Le\u00f3n i Sanabria, fins a Gal\u00edcia i Ast\u00faries. A l\u2019interior la trobem al sistema Central, montes de Toledo, serres de Villuercas i Guadalupe, Sierra Morena, serres B\u00e8tiques i al sud de la vall del Guadalquivir (Barbadillo et al., 1999). Tamb\u00e9 hi ha poblacions insulars molt properes al litoral gallec (Velo-Ant\u00f3n i Buckley, 2015).<\/p>\n<p><strong>Estat de conservaci\u00f3<\/strong><\/p>\n<p style=\"padding-left: 40px\"><strong>Categoria global IUCN(2021): <u>Preocupaci\u00f3 menor LC<\/u><\/strong><\/p>\n<p style=\"padding-left: 40px\"><strong>Categoria Espanya IUCN: <u>Vulnerable VU A2ce + B1ab<\/u><\/strong>\u00a0(Buckley i Alcobendas, 2002).<\/p>\n<p style=\"padding-left: 40px\">Atenent als 5 grups monofil\u00e8tics de <em>Salamandra salamandra<\/em> que s\u2019han definit en els \u00faltims estudis moleculars, l\u2019estat de conservaci\u00f3 de cada subesp\u00e8cie \u00e9s (Buckley i Alcobendas, 2002):<\/p>\n<p style=\"padding-left: 80px\"><em>S. salamandra bejarae\/almanzoris<\/em> : Vulnerable (VU A2ce + B1ab)<\/p>\n<p style=\"padding-left: 80px\"><em>S. salamandra longirostris: <\/em>Vulnerable (VU A2ce + B1ab+2ab)<\/p>\n<p style=\"padding-left: 80px\"><em>S. salamandra fastuosa\/bernardezi: <\/em>Quasi amena\u00e7ada (NT)<\/p>\n<p style=\"padding-left: 80px\"><em>S. salamandra gallaica\/terrestris:<\/em> Quasi amenazada (NT)<\/p>\n<p style=\"padding-left: 80px\"><em>S. salamandra crespoi\/morenica: <\/em>Qasi amenazada (NT)<\/p>\n<p style=\"padding-left: 40px\">Tal classificaci\u00f3 es deu a la degradaci\u00f3 i p\u00e8rdua d\u2019h\u00e0bitat (per incendis, desforestaci\u00f3, pressi\u00f3 urban\u00edstica, etc.), l\u2019augment de la sequera i l\u2019aridesa del terreny, l\u2019eliminaci\u00f3 o contaminaci\u00f3 de masses d\u2019aigua a trav\u00e9s de fertilitzants, la introducci\u00f3 d\u2019esp\u00e8cies invasores com <em>Procambarus clarkii<\/em>, peixos de la fam\u00edlia dels salm\u00f2nids o el vis\u00f3 americ\u00e0, aix\u00ed com atropellaments en carreteres i malalties emergents (Velo-Ant\u00f3n i Buckley, 2015).<\/p>\n<p><strong>Galeria d&#8217;imatges<\/strong><\/p>\n\n<div class=\"wp-block-image\">\n<figure class=\"aligncenter size-full is-resized\"><a href=\"https:\/\/creativecommons.org\/licenses\/by-sa\/4.0\"><img loading=\"lazy\" decoding=\"async\" width=\"965\" height=\"643\" src=\"https:\/\/webs.uab.cat\/3dvirtualherp\/wp-content\/uploads\/sites\/139\/2025\/01\/1024px-Salamandra_salamandra_MHNT_1-edited.jpg\" alt=\"\" class=\"wp-image-811\" style=\"width:632px;height:auto\" srcset=\"https:\/\/webs.uab.cat\/3dvirtualherp\/wp-content\/uploads\/sites\/139\/2025\/01\/1024px-Salamandra_salamandra_MHNT_1-edited.jpg 965w, https:\/\/webs.uab.cat\/3dvirtualherp\/wp-content\/uploads\/sites\/139\/2025\/01\/1024px-Salamandra_salamandra_MHNT_1-edited-300x200.jpg 300w, https:\/\/webs.uab.cat\/3dvirtualherp\/wp-content\/uploads\/sites\/139\/2025\/01\/1024px-Salamandra_salamandra_MHNT_1-edited-768x512.jpg 768w\" sizes=\"auto, (max-width: 965px) 100vw, 965px\" \/><\/a><figcaption class=\"wp-element-caption\">Imatge retallada d&#8217;un exemplar de <em>S. salamandra<\/em> femella.<br>Mus\u00e9um de Toulouse, <a href=\"https:\/\/creativecommons.org\/licenses\/by-sa\/4.0\">CC BY-SA 4.0<\/a>, via Wikimedia Commons<\/figcaption><\/figure>\n<\/div>\n\n<p><strong>Bibliografia<\/strong><\/p>\n<p style=\"padding-left: 40px\">Barbadillo L.J., Lacomba J.I., P\u00e9rez-Mellado V., Sancho V., L\u00f3pez-Jurado L.F. 1999. Anfibios y reptiles de la Pen\u00ednsula Ib\u00e9rica, Baleares y Canarias: gu\u00eda ilustrada para identificar y conocer todas las especies<em>. <\/em>Editorial Planeta, Barcelona.<\/p>\n<p style=\"padding-left: 40px\">Buckley D., Alcobendas M. 2002. <em>Salamandra salamandra<\/em> (Linnaeus, 1758). Salamandra com\u00fan. A: Pleguezuelos J.M., M\u00e1rquez R., Lizana M. (eds.) Atlas y Libro Rojo de los Anfibios y Reptiles de Espa\u00f1a. Direcci\u00f3n General de Conservaci\u00f3n de la Naturaleza &#8211; Asociaci\u00f3n Herpetol\u00f3gica Espa\u00f1ola (2\u00aa impresi\u00f3n), Madrid, 587 pp.<\/p>\n<p style=\"padding-left: 40px\">Kuzmin S., Papenfuss T., Sparreboom M., Ugurtas I., Anderson S., Beebee T., Deno\u00ebl M., Andreone F., Anthony B., Schmidt B., A Ogrodowczyk A., Ogielska M., Bosch J., Tarkhnishvili D., Ishchenko V. <em>Salamandra salamandra<\/em>. The IUCN Red List of Threatened Species: <a href=\"http:\/\/dx.doi.org\/10.2305\/IUCN.UK.2009.RLTS.T59467A11928351.en\">http:\/\/dx.doi.org\/10.2305\/IUCN.UK.2009.RLTS.T59467A11928351.en<\/a>\u00a0\u00a0(acc\u00e9s, 21 d\u2019agost de 2018)<\/p>\n<p style=\"padding-left: 40px\">Velo-Ant\u00f3n G., Buckley D. Salamandra com\u00fan \u2013\u00a0<em>Salamandra salamandra<\/em>. A:\u00a0Salvador A., Marco A. (eds.) <em>Enciclopedia Virtual de los Vertebrados Espa\u00f1oles<\/em>. Museo Nacional de Ciencias Naturales, Madrid. <a href=\"http:\/\/www.vertebradosibericos.org\/\">http:\/\/www.vertebradosibericos.org\/<\/a> (acc\u00e9s, 21 d\u2019agost de 2018).<\/p>\n<p style=\"padding-left: 40px\">IUCN SSC Amphibian Specialist Group.\u00a0<span class=\"text-ellipsis--remove\">2022.\u00a0<i>Salamandra salamandra<\/i>.\u00a0<i>The IUCN Red List of Threatened Species<\/i>\u00a02022: e.T59467A79323745.\u00a0<\/span><a href=\"https:\/\/dx.doi.org\/10.2305\/IUCN.UK.2022-1.RLTS.T59467A79323745.en\">https:\/\/dx.doi.org\/10.2305\/IUCN.UK.2022-1.RLTS.T59467A79323745.en<\/a>.\u00a0Accessed on\u00a020 July 2023.<\/p>","protected":false},"excerpt":{"rendered":"<p>Salamandra salamandra (Linnaeus, 1758) ESP Salamandra com\u00fan\u00a0EN Fire salamander Descripci\u00f3 La morfologia d\u2019aquesta esp\u00e8cie varia enormement segons la subesp\u00e8cie que es prengui com exemple. De forma general es tracta d\u2019un urodel d\u2019entre 200 i 250 mm de longitud total. T\u00e9 el cap gran, aplanat i el musell arrodonit o lleugerament punxegut. Presenta unes gl\u00e0ndules parotoides [&hellip;]<\/p>\n","protected":false},"author":20,"featured_media":0,"template":"","class_list":["post-116","fitxa_descriptiva","type-fitxa_descriptiva","status-publish","hentry"],"_links":{"self":[{"href":"https:\/\/webs.uab.cat\/3dvirtualherp\/wp-json\/wp\/v2\/fitxa_descriptiva\/116","targetHints":{"allow":["GET"]}}],"collection":[{"href":"https:\/\/webs.uab.cat\/3dvirtualherp\/wp-json\/wp\/v2\/fitxa_descriptiva"}],"about":[{"href":"https:\/\/webs.uab.cat\/3dvirtualherp\/wp-json\/wp\/v2\/types\/fitxa_descriptiva"}],"author":[{"embeddable":true,"href":"https:\/\/webs.uab.cat\/3dvirtualherp\/wp-json\/wp\/v2\/users\/20"}],"wp:attachment":[{"href":"https:\/\/webs.uab.cat\/3dvirtualherp\/wp-json\/wp\/v2\/media?parent=116"}],"curies":[{"name":"wp","href":"https:\/\/api.w.org\/{rel}","templated":true}]}}

<h2 class="rtecenter"><strong><em>Salamandra salamandra</em> (Linnaeus, 1758)</strong></h2>
<p class="rtecenter"><strong>ESP </strong>Salamandra común<strong> EN </strong>Fire salamander</p>


<figure class="wp-block-embed is-type-rich is-provider-sketchfab wp-block-embed-sketchfab"><div class="wp-block-embed__wrapper">
<div class="sketchfab-embed-wrapper">    <iframe loading="lazy" title="Salamandra salamandra" id="" class="" width="580" height="326" src="https://sketchfab.com/models/9b2c64fc542046299087a7323f5358bc/embed" frameborder="0" allow="autoplay; fullscreen; xr-spatial-tracking" allowfullscreen="" mozallowfullscreen="true" webkitallowfullscreen="true" xr-spatial-tracking="true" execution-while-out-of-viewport="true" execution-while-not-rendered="true" web-share="true"></iframe></div>
</div><figcaption class="wp-element-caption">Model 3D de la regió cefàlica d’un mascle adult de <em>S. salamandra</em> capturat a XXXXX el dd/mm/aaaa. Model obtingut per Alejandro Garcia.</figcaption></figure>


<p><strong>Descripció</strong></p>
<p style="padding-left: 40px">La morfologia d’aquesta espècie varia enormement segons la subespècie que es prengui com exemple. De forma general es tracta d’un urodel d’entre 200 i 250 mm de longitud total. Té el cap gran, aplanat i el musell arrodonit o lleugerament punxegut. Presenta unes glàndules parotoides grans de color groc amb porus glandulars conspicus. Els ulls són prominents, negres i amb l’iris de color marró fosc. El cos és cilíndric, excepte la zona ventral, amb solcs tranversals al llarg del cos i absència de crestes caudals i dorsals (Velo-Antón i Buckley, 2015). Presenta porus glandulars per tot el cos ordenats en dues files: una a cada costat del centre del dors,  i que s’estenen des de la part posterior del cap fins l’extrem de la cua. La cua és d’aspecte cilíndric i el seu diàmetre disminueix en sentit caudal. Els membres anteriors i posteriors són robustos, amb quatre i cinc dits respectivament i desproveïts de membranes interdigitals (Barbadillo et al., 1999). De pell llisa i fina, presenten una coloració dorsal i lateral de fons negre amb taques o bandes grogues o ataronjades de funció críptica i aposemàtica. Aquest patró de taques varia segons la subespècie, en alguna de les quals el groc domina per sobre el negre o fins i tot en què les taques són més aviat vermelloses. La coloració ventral és generalment negra. És important destacar a més, que el patró de taques no només varia entre subespècies sinó que també varia en un mateix individu conforme passa el temps. És per això que no és adequat utilitzar aquest caràcter a l’hora de reconèixer individus (Velo-Antón i Buckley, 2015).</p>
<p style="padding-left: 40px"><strong>Dimorfisme sexual: </strong>no gaire marcat. La cloaca és allargada i els llavis cloacals són més voluminosos en mascles, especialment en època de zel. De forma general, les femelles presenten la regió posterior del tronc més voluminosa i dilatada, són més grans i amb les extremitats i la cua més curtes que els mascles.</p>
<p style="padding-left: 40px"><strong>Larves</strong>: malgrat que el mode principal de reproducció és l’ovoviviparisme, algunes poblacions d’aquesta espècie són vivípares, de manera que el desenvolupament larvari es dóna a l’interior de del cos de la mare, la qual donarà lloc a juvenils ja metamorfosats (Barbadillo et al., 1999). En les poblacions ovovivípares, la mida de les larves oscil·la entre el 20 i 35 mm, podent arribar a més de 70 mm en algunes poblacions. Tenen el cap gran, el musell  arrodonit, quatre membres ben diferenciats amb dits, i brànquies amb tres plomalls branquials i nombroses ramificacions (les ramificacions augmenten en hàbitats amb menor disponibilitat d’oxigen). També presenten una cresta que comença dorsalment per la meitat del cos, continua per la cua formant un extrem rom a la punta, i s’estén ventralment fins el començament de la cua (Velo-Antón i Buckley, 2015). La part dorsal sol ser de color fosc, sovint amb taques de colors clars, platejades, metàl·liques i en alguns casos grogues com l’adult. Sovint, en cada membre apareix una taca clara en la zona d’intersecció amb el tronc, més conspícua en els membres posteriors i que adquirirà un color groguenc conforme la larva creixi (Barbadillo et al., 1999).</p>
<p><strong>Hàbitat</strong></p>
<p style="padding-left: 40px">És una espècie d’hàbits terrestre que es troba en ambients humits i ombrívols. Habita en zones amb sòl profund i vegetació abundant, habitualment en boscos de caducifolis (més rarament en boscos de coníferes), però també la podem trobar en ambients més àrids com prats alpins i torberes (Barbadillo et al., 1999). Les poblacions ovovivípares requereixen de masses d’aigua pròximes (rierols o basses) necessàries per l’alliberació de les larves mentre que les poblacions vivípares no depenen de masses d’aigua per a la reproducció (Velo-Antón i Buckley, 2015).</p>
<p><a href="https://www.iucnredlist.org/species/59467/219148292" target="_blank" rel="noopener"><strong>Distribució</strong></a></p>
<p style="padding-left: 40px">Es tracta d’una espècie amb una àmplia distribució que va des de la línia de costa fins als 2500 m d’altitud. A nivell global està present des del Nord d’Àfrica (Marroc i Algèria) fins el nord d’Alemanya, i des de la península Ibèrica fins a Iran (Barbadillo et al., 1999). A la Península es troba àmpliament distribuïda per Portugal exceptuant les zones més àrides de l’Alenteixo, i de forma més o menys contínua, per una estreta  franja nord que avarca Catalunya a través dels Pirineus, País Basc, Cantàbria, cornisa cantàbrica, Serralada Cantàbrica, Montes de León i Sanabria, fins a Galícia i Astúries. A l’interior la trobem al sistema Central, montes de Toledo, serres de Villuercas i Guadalupe, Sierra Morena, serres Bètiques i al sud de la vall del Guadalquivir (Barbadillo et al., 1999). També hi ha poblacions insulars molt properes al litoral gallec (Velo-Antón i Buckley, 2015).</p>
<p><strong>Estat de conservació</strong></p>
<p style="padding-left: 40px"><strong>Categoria global IUCN(2021): <u>Preocupació menor LC</u></strong></p>
<p style="padding-left: 40px"><strong>Categoria Espanya IUCN: <u>Vulnerable VU A2ce + B1ab</u></strong> (Buckley i Alcobendas, 2002).</p>
<p style="padding-left: 40px">Atenent als 5 grups monofilètics de <em>Salamandra salamandra</em> que s’han definit en els últims estudis moleculars, l’estat de conservació de cada subespècie és (Buckley i Alcobendas, 2002):</p>
<p style="padding-left: 80px"><em>S. salamandra bejarae/almanzoris</em> : Vulnerable (VU A2ce + B1ab)</p>
<p style="padding-left: 80px"><em>S. salamandra longirostris: </em>Vulnerable (VU A2ce + B1ab+2ab)</p>
<p style="padding-left: 80px"><em>S. salamandra fastuosa/bernardezi: </em>Quasi amenaçada (NT)</p>
<p style="padding-left: 80px"><em>S. salamandra gallaica/terrestris:</em> Quasi amenazada (NT)</p>
<p style="padding-left: 80px"><em>S. salamandra crespoi/morenica: </em>Qasi amenazada (NT)</p>
<p style="padding-left: 40px">Tal classificació es deu a la degradació i pèrdua d’hàbitat (per incendis, desforestació, pressió urbanística, etc.), l’augment de la sequera i l’aridesa del terreny, l’eliminació o contaminació de masses d’aigua a través de fertilitzants, la introducció d’espècies invasores com <em>Procambarus clarkii</em>, peixos de la família dels salmònids o el visó americà, així com atropellaments en carreteres i malalties emergents (Velo-Antón i Buckley, 2015).</p>
<p><strong>Galeria d&#8217;imatges</strong></p>

<div class="wp-block-image">
<figure class="aligncenter size-full is-resized"><a href="https://creativecommons.org/licenses/by-sa/4.0"><img loading="lazy" decoding="async" width="965" height="643" src="https://webs.uab.cat/3dvirtualherp/wp-content/uploads/sites/139/2025/01/1024px-Salamandra_salamandra_MHNT_1-edited.jpg" alt="" class="wp-image-811" style="width:632px;height:auto" srcset="https://webs.uab.cat/3dvirtualherp/wp-content/uploads/sites/139/2025/01/1024px-Salamandra_salamandra_MHNT_1-edited.jpg 965w, https://webs.uab.cat/3dvirtualherp/wp-content/uploads/sites/139/2025/01/1024px-Salamandra_salamandra_MHNT_1-edited-300x200.jpg 300w, https://webs.uab.cat/3dvirtualherp/wp-content/uploads/sites/139/2025/01/1024px-Salamandra_salamandra_MHNT_1-edited-768x512.jpg 768w" sizes="auto, (max-width: 965px) 100vw, 965px" /></a><figcaption class="wp-element-caption">Imatge retallada d&#8217;un exemplar de <em>S. salamandra</em> femella.<br>Muséum de Toulouse, <a href="https://creativecommons.org/licenses/by-sa/4.0">CC BY-SA 4.0</a>, via Wikimedia Commons</figcaption></figure>
</div>

<p><strong>Bibliografia</strong></p>
<p style="padding-left: 40px">Barbadillo L.J., Lacomba J.I., Pérez-Mellado V., Sancho V., López-Jurado L.F. 1999. Anfibios y reptiles de la Península Ibérica, Baleares y Canarias: guía ilustrada para identificar y conocer todas las especies<em>. </em>Editorial Planeta, Barcelona.</p>
<p style="padding-left: 40px">Buckley D., Alcobendas M. 2002. <em>Salamandra salamandra</em> (Linnaeus, 1758). Salamandra común. A: Pleguezuelos J.M., Márquez R., Lizana M. (eds.) Atlas y Libro Rojo de los Anfibios y Reptiles de España. Dirección General de Conservación de la Naturaleza &#8211; Asociación Herpetológica Española (2ª impresión), Madrid, 587 pp.</p>
<p style="padding-left: 40px">Kuzmin S., Papenfuss T., Sparreboom M., Ugurtas I., Anderson S., Beebee T., Denoël M., Andreone F., Anthony B., Schmidt B., A Ogrodowczyk A., Ogielska M., Bosch J., Tarkhnishvili D., Ishchenko V. <em>Salamandra salamandra</em>. The IUCN Red List of Threatened Species: <a href="http://dx.doi.org/10.2305/IUCN.UK.2009.RLTS.T59467A11928351.en">http://dx.doi.org/10.2305/IUCN.UK.2009.RLTS.T59467A11928351.en</a>  (accés, 21 d’agost de 2018)</p>
<p style="padding-left: 40px">Velo-Antón G., Buckley D. Salamandra común – <em>Salamandra salamandra</em>. A: Salvador A., Marco A. (eds.) <em>Enciclopedia Virtual de los Vertebrados Españoles</em>. Museo Nacional de Ciencias Naturales, Madrid. <a href="http://www.vertebradosibericos.org/">http://www.vertebradosibericos.org/</a> (accés, 21 d’agost de 2018).</p>
<p style="padding-left: 40px">IUCN SSC Amphibian Specialist Group. <span class="text-ellipsis--remove">2022. <i>Salamandra salamandra</i>. <i>The IUCN Red List of Threatened Species</i> 2022: e.T59467A79323745. </span><a href="https://dx.doi.org/10.2305/IUCN.UK.2022-1.RLTS.T59467A79323745.en">https://dx.doi.org/10.2305/IUCN.UK.2022-1.RLTS.T59467A79323745.en</a>. Accessed on 20 July 2023.</p>

<p>Salamandra salamandra (Linnaeus, 1758) ESP Salamandra común EN Fire salamander Descripció La morfologia d’aquesta espècie varia enormement segons la subespècie que es prengui com exemple. De forma general es tracta d’un urodel d’entre 200 i 250 mm de longitud total. Té el cap gran, aplanat i el musell arrodonit o lleugerament punxegut. Presenta unes glàndules parotoides [&hellip;]</p>
