{"id":126,"date":"2018-08-01T22:11:06","date_gmt":"2018-08-01T22:11:06","guid":{"rendered":"https:\/\/webs.uab.cat\/3dvirtualherp\/fitxa-descriptiva\/discoglossus-galganoi\/"},"modified":"2024-10-11T00:25:25","modified_gmt":"2024-10-10T22:25:25","slug":"discoglossus-galganoi","status":"publish","type":"fitxa_descriptiva","link":"https:\/\/webs.uab.cat\/3dvirtualherp\/fitxa-descriptiva\/discoglossus-galganoi\/","title":{"rendered":"Discoglossus galganoi\u00a0"},"content":{"rendered":"<h2 class=\"rtecenter\"><strong><i>Discoglossus galganoi\u00a0<\/i>(Capula, Nascetti, Lanza, Bullini &amp; Crespo, 1985)<\/strong><\/h2>\n<p class=\"rtecenter\"><strong>ESP <\/strong>Sapillo pintojo ib\u00e9rico<strong>\u00a0EN\u00a0<\/strong>Iberian painted frog<\/p>\n\n\n<figure class=\"wp-block-embed is-type-rich is-provider-sketchfab wp-block-embed-sketchfab\"><div class=\"wp-block-embed__wrapper\">\n<div class=\"sketchfab-embed-wrapper\">    <iframe loading=\"lazy\" title=\"Discoglossus galganoi\" id=\"\" class=\"\" width=\"580\" height=\"326\" src=\"https:\/\/sketchfab.com\/models\/46da0f6685f547b49f28fe4a1706e662\/embed\" frameborder=\"0\" allow=\"autoplay; fullscreen; xr-spatial-tracking\" allowfullscreen=\"\" mozallowfullscreen=\"true\" webkitallowfullscreen=\"true\" xr-spatial-tracking=\"true\" execution-while-out-of-viewport=\"true\" execution-while-not-rendered=\"true\" web-share=\"true\"><\/iframe><\/div>\n<\/div><figcaption class=\"wp-element-caption\">Model 3D d\u2019un adult de <em>D. galganoi<\/em> capturat a XXXXX el dd\/mm\/aaaa. Model obtingut per Emma XXXX.<\/figcaption><\/figure>\n\n\n<p class=\"rtejustify\"><strong>Descripci\u00f3<\/strong><\/p>\n<p style=\"padding-left: 40px\">Anur d\u2019aspecte semblant al d\u2019una granota de mida mitjana, entre 45 i 65 mm de longitud (excepcionalment fins a 80 mm). De cap aplanat \u00a0i quasi tan ample com llarg, t\u00e9 un musell punxegut i prominent respecte la mand\u00edbula inferior, timpans quasi imperceptibles i no presenta ni sacs bucals ni gl\u00e0ndula parotoide. Ulls amb pupil\u00b7la arrodonida, en forma de cor o de gota invertida, amb meitat superior de l\u2019iris daurada i meitat inferior fosca (Mart\u00ednez-Solano, 2014). Pel que fa les extremitats, les anteriors son fortes i tenen quatre dits sense membranes interdigitals ni tubercles subarticulars, per\u00f2 amb tres tubercles palmars dels quals l\u2019intern \u00e9s el m\u00e9s desenvolupat (Barbadillo et al., 1999). Tamb\u00e9 tenen un tubercle metatarsi\u00e0 intern. Les extremitats posteriors, robustes per\u00f2 relativament llargues, estan adaptades al salt i presenten 5 dits units per membranes redu\u00efdes. Pell llisa o amb berrugues i dos plegaments cutanis glandulars que s\u2019estenen des de la part posterior dels ulls fins la regi\u00f3 inguinal (Mart\u00ednez-Solano, 2014). Per a la coloraci\u00f3 dorsal segueixen tres patrons: taques de color crema o fosques amb un vorejat m\u00e9s clar sobre un fons gris\u00a0 verd\u00f3s o bru distribu\u00efdes de forma irregular; tres franges (una vertebral i dues dorsolaterals) de color clar sobre un fons fosc; o b\u00e9 coloracions uniformes (sent aquesta la coloraci\u00f3 menys freq\u00fcent) (Barbadillo et al., 1999). La part ventral \u00e9s granulosa i blanquinosa o grogosa. A m\u00e9s a m\u00e9s, la majoria d\u2019exemplars presenta una taca triangular entre els ulls i el musell de color m\u00e9s clar, aix\u00ed com bandes tranversals i fosques en les extremitats posteriors (Mart\u00ednez-Solano, 2014).<\/p>\n<p style=\"padding-left: 40px\"><strong>Dimorfisme sexual: <\/strong>les membranes interdigitals dels mascles s\u00f3n m\u00e9s extenses que en femelles, i alguns autors fins i tot, consideren que tant femelles com subadults no en presenten. Els mascles en zel presenten callositats negres a la gola, la part ventral, el tubercle metacarpi\u00e0 intern i en la vora interior del primer i el segon dit.<\/p>\n<p style=\"padding-left: 40px\"><strong>Larva:<\/strong> les larves de <em>D. galganoi<\/em> solen mesurar entre 25 i 35 mm. Tenen l\u2019espiracle situat en el centre de la l\u00ednia mitjana del ventre. La cua \u00e9s entre tres i quatre vegades m\u00e9s llarga que alta i presenta cresta caudal de forma convexa tant superior com inferiorment i extrem final arrodonit. Cresta dorsal baixa. De coloraci\u00f3 fosca al principi, es va aclarint conforme passa el temps (Barbadillo et al., 1999).<\/p>\n<p class=\"rtejustify\"><strong>H\u00e0bitat<\/strong><\/p>\n<p style=\"padding-left: 40px\">Pot trobar-se a altituds que van des del nivell del mar fins el 1600 m per\u00f2 acostuma a viure per sota dels 500 m en boscos de roure, alzines, mixtes, prats, pastures, boscos de ribera, deus, aiguamolls litorals (toleren b\u00e9 concentracions salines elevades) fonts, abeuradors, etc. Sempre prop de l\u2019aigua i en zones amb certa cobertura herb\u00e0cia (Barbadillo et al., 1999).<\/p>\n<p class=\"rtejustify\"><a href=\"https:\/\/www.iucnredlist.org\/species\/173115779\/200190997\" target=\"_blank\" rel=\"noopener\"><strong>Distribuci\u00f3<\/strong><\/a><\/p>\n<p style=\"padding-left: 40px\">Es tracta d\u2019un endemisme de la Pen\u00ednsula Ib\u00e8rica, present a Portugal i a la meitat occidental d\u2019Espanya, on predominen els substrats gran\u00edtics o metam\u00f2rfics (Barbadillo et al., 1999). Al nord de la Pen\u00ednsula trobem aquesta esp\u00e8cie a Ast\u00faries, Gal\u00edcia i en la major part de la cornisa cant\u00e0brica amb excepci\u00f3 del Pa\u00eds Basc. Tamb\u00e9 est\u00e0 present al nord i oest de Castella i Lle\u00f3 \u00a0i al sud a \u00c0vila, Extremadura, l\u2019oest de Madrid, Toledo, Ciudad Real i Andalusia occidental (l\u00edmit de la seva distribuci\u00f3 marcat pel Guadalquivir). Trobarem escassos o cap exemplar de <em>D. galganoi<\/em> a Catalunya, al centre i nord d\u2019Arag\u00f3, a gran part de la Comunitat Valenciana, M\u00farcia i Almeria (Mart\u00ednez-Solano, 2014).<\/p>\n<p class=\"rtejustify\"><strong>Estat de conservaci\u00f3<\/strong><\/p>\n<p style=\"padding-left: 40px\"><strong>Categoria global IUCN (2009): <u>Preocupaci\u00f3 menor LC<\/u><\/strong> (Bosch et al., 2009).<\/p>\n<p style=\"padding-left: 40px\"><strong>Categoria Espanya IUCN (2002): <\/strong><u><strong>Preocupaci\u00f3 menor LC<\/strong><\/u>\u00a0(Mart\u00ednez-Solano, 2002).<\/p>\n<p style=\"padding-left: 40px\">Les amenaces principals d\u2019aquesta esp\u00e8cie s\u00f3n tant la <strong>intensificaci\u00f3<\/strong> de <strong>l\u2019agricultura<\/strong> com la <strong>introducci\u00f3<\/strong> de <strong>peixos<\/strong> i <strong>crustacis<\/strong> <strong>depredadors<\/strong> (Mart\u00ednez-Solano, 2002).<\/p>\n<p class=\"rtejustify\"><strong>Galeria d&#8217;imatges<\/strong><\/p>\n<p><strong>Bibliografia<\/strong><\/p>\n<p style=\"padding-left: 40px\">Mart\u00ednez-Solano I. 2014. Sapillo pintojo ib\u00e9rico &#8211; Discoglossus galganoi. A: Enciclopedia Virtual de los Vertebrados Espa\u00f1oles. Salvador A., Mart\u00ednez-Solano I. (eds.). Museo Nacional de Ciencias Naturales, Madrid. http:\/\/www.vertebradosibericos.org\/<\/p>","protected":false},"excerpt":{"rendered":"<p>Discoglossus galganoi\u00a0(Capula, Nascetti, Lanza, Bullini &amp; Crespo, 1985) ESP Sapillo pintojo ib\u00e9rico\u00a0EN\u00a0Iberian painted frog Descripci\u00f3 Anur d\u2019aspecte semblant al d\u2019una granota de mida mitjana, entre 45 i 65 mm de longitud (excepcionalment fins a 80 mm). De cap aplanat \u00a0i quasi tan ample com llarg, t\u00e9 un musell punxegut i prominent respecte la mand\u00edbula inferior, [&hellip;]<\/p>\n","protected":false},"author":20,"featured_media":0,"template":"","class_list":["post-126","fitxa_descriptiva","type-fitxa_descriptiva","status-publish","hentry"],"_links":{"self":[{"href":"https:\/\/webs.uab.cat\/3dvirtualherp\/wp-json\/wp\/v2\/fitxa_descriptiva\/126","targetHints":{"allow":["GET"]}}],"collection":[{"href":"https:\/\/webs.uab.cat\/3dvirtualherp\/wp-json\/wp\/v2\/fitxa_descriptiva"}],"about":[{"href":"https:\/\/webs.uab.cat\/3dvirtualherp\/wp-json\/wp\/v2\/types\/fitxa_descriptiva"}],"author":[{"embeddable":true,"href":"https:\/\/webs.uab.cat\/3dvirtualherp\/wp-json\/wp\/v2\/users\/20"}],"wp:attachment":[{"href":"https:\/\/webs.uab.cat\/3dvirtualherp\/wp-json\/wp\/v2\/media?parent=126"}],"curies":[{"name":"wp","href":"https:\/\/api.w.org\/{rel}","templated":true}]}}

<h2 class="rtecenter"><strong><i>Discoglossus galganoi </i>(Capula, Nascetti, Lanza, Bullini &amp; Crespo, 1985)</strong></h2>
<p class="rtecenter"><strong>ESP </strong>Sapillo pintojo ibérico<strong> EN </strong>Iberian painted frog</p>


<figure class="wp-block-embed is-type-rich is-provider-sketchfab wp-block-embed-sketchfab"><div class="wp-block-embed__wrapper">
<div class="sketchfab-embed-wrapper">    <iframe loading="lazy" title="Discoglossus galganoi" id="" class="" width="580" height="326" src="https://sketchfab.com/models/46da0f6685f547b49f28fe4a1706e662/embed" frameborder="0" allow="autoplay; fullscreen; xr-spatial-tracking" allowfullscreen="" mozallowfullscreen="true" webkitallowfullscreen="true" xr-spatial-tracking="true" execution-while-out-of-viewport="true" execution-while-not-rendered="true" web-share="true"></iframe></div>
</div><figcaption class="wp-element-caption">Model 3D d’un adult de <em>D. galganoi</em> capturat a XXXXX el dd/mm/aaaa. Model obtingut per Emma XXXX.</figcaption></figure>


<p class="rtejustify"><strong>Descripció</strong></p>
<p style="padding-left: 40px">Anur d’aspecte semblant al d’una granota de mida mitjana, entre 45 i 65 mm de longitud (excepcionalment fins a 80 mm). De cap aplanat  i quasi tan ample com llarg, té un musell punxegut i prominent respecte la mandíbula inferior, timpans quasi imperceptibles i no presenta ni sacs bucals ni glàndula parotoide. Ulls amb pupil·la arrodonida, en forma de cor o de gota invertida, amb meitat superior de l’iris daurada i meitat inferior fosca (Martínez-Solano, 2014). Pel que fa les extremitats, les anteriors son fortes i tenen quatre dits sense membranes interdigitals ni tubercles subarticulars, però amb tres tubercles palmars dels quals l’intern és el més desenvolupat (Barbadillo et al., 1999). També tenen un tubercle metatarsià intern. Les extremitats posteriors, robustes però relativament llargues, estan adaptades al salt i presenten 5 dits units per membranes reduïdes. Pell llisa o amb berrugues i dos plegaments cutanis glandulars que s’estenen des de la part posterior dels ulls fins la regió inguinal (Martínez-Solano, 2014). Per a la coloració dorsal segueixen tres patrons: taques de color crema o fosques amb un vorejat més clar sobre un fons gris  verdós o bru distribuïdes de forma irregular; tres franges (una vertebral i dues dorsolaterals) de color clar sobre un fons fosc; o bé coloracions uniformes (sent aquesta la coloració menys freqüent) (Barbadillo et al., 1999). La part ventral és granulosa i blanquinosa o grogosa. A més a més, la majoria d’exemplars presenta una taca triangular entre els ulls i el musell de color més clar, així com bandes tranversals i fosques en les extremitats posteriors (Martínez-Solano, 2014).</p>
<p style="padding-left: 40px"><strong>Dimorfisme sexual: </strong>les membranes interdigitals dels mascles són més extenses que en femelles, i alguns autors fins i tot, consideren que tant femelles com subadults no en presenten. Els mascles en zel presenten callositats negres a la gola, la part ventral, el tubercle metacarpià intern i en la vora interior del primer i el segon dit.</p>
<p style="padding-left: 40px"><strong>Larva:</strong> les larves de <em>D. galganoi</em> solen mesurar entre 25 i 35 mm. Tenen l’espiracle situat en el centre de la línia mitjana del ventre. La cua és entre tres i quatre vegades més llarga que alta i presenta cresta caudal de forma convexa tant superior com inferiorment i extrem final arrodonit. Cresta dorsal baixa. De coloració fosca al principi, es va aclarint conforme passa el temps (Barbadillo et al., 1999).</p>
<p class="rtejustify"><strong>Hàbitat</strong></p>
<p style="padding-left: 40px">Pot trobar-se a altituds que van des del nivell del mar fins el 1600 m però acostuma a viure per sota dels 500 m en boscos de roure, alzines, mixtes, prats, pastures, boscos de ribera, deus, aiguamolls litorals (toleren bé concentracions salines elevades) fonts, abeuradors, etc. Sempre prop de l’aigua i en zones amb certa cobertura herbàcia (Barbadillo et al., 1999).</p>
<p class="rtejustify"><a href="https://www.iucnredlist.org/species/173115779/200190997" target="_blank" rel="noopener"><strong>Distribució</strong></a></p>
<p style="padding-left: 40px">Es tracta d’un endemisme de la Península Ibèrica, present a Portugal i a la meitat occidental d’Espanya, on predominen els substrats granítics o metamòrfics (Barbadillo et al., 1999). Al nord de la Península trobem aquesta espècie a Astúries, Galícia i en la major part de la cornisa cantàbrica amb excepció del País Basc. També està present al nord i oest de Castella i Lleó  i al sud a Àvila, Extremadura, l’oest de Madrid, Toledo, Ciudad Real i Andalusia occidental (límit de la seva distribució marcat pel Guadalquivir). Trobarem escassos o cap exemplar de <em>D. galganoi</em> a Catalunya, al centre i nord d’Aragó, a gran part de la Comunitat Valenciana, Múrcia i Almeria (Martínez-Solano, 2014).</p>
<p class="rtejustify"><strong>Estat de conservació</strong></p>
<p style="padding-left: 40px"><strong>Categoria global IUCN (2009): <u>Preocupació menor LC</u></strong> (Bosch et al., 2009).</p>
<p style="padding-left: 40px"><strong>Categoria Espanya IUCN (2002): </strong><u><strong>Preocupació menor LC</strong></u> (Martínez-Solano, 2002).</p>
<p style="padding-left: 40px">Les amenaces principals d’aquesta espècie són tant la <strong>intensificació</strong> de <strong>l’agricultura</strong> com la <strong>introducció</strong> de <strong>peixos</strong> i <strong>crustacis</strong> <strong>depredadors</strong> (Martínez-Solano, 2002).</p>
<p class="rtejustify"><strong>Galeria d&#8217;imatges</strong></p>
<p><strong>Bibliografia</strong></p>
<p style="padding-left: 40px">Martínez-Solano I. 2014. Sapillo pintojo ibérico &#8211; Discoglossus galganoi. A: Enciclopedia Virtual de los Vertebrados Españoles. Salvador A., Martínez-Solano I. (eds.). Museo Nacional de Ciencias Naturales, Madrid. http://www.vertebradosibericos.org/</p>

<p>Discoglossus galganoi (Capula, Nascetti, Lanza, Bullini &amp; Crespo, 1985) ESP Sapillo pintojo ibérico EN Iberian painted frog Descripció Anur d’aspecte semblant al d’una granota de mida mitjana, entre 45 i 65 mm de longitud (excepcionalment fins a 80 mm). De cap aplanat  i quasi tan ample com llarg, té un musell punxegut i prominent respecte la mandíbula inferior, [&hellip;]</p>
