{"id":148,"date":"2018-08-13T22:18:53","date_gmt":"2018-08-13T22:18:53","guid":{"rendered":"https:\/\/webs.uab.cat\/3dvirtualherp\/fitxa-descriptiva\/triturus-pygmaeus\/"},"modified":"2025-01-28T12:26:52","modified_gmt":"2025-01-28T11:26:52","slug":"triturus-pygmaeus","status":"publish","type":"fitxa_descriptiva","link":"https:\/\/webs.uab.cat\/3dvirtualherp\/fitxa-descriptiva\/triturus-pygmaeus\/","title":{"rendered":"Trit\u00f3 pigmeu"},"content":{"rendered":"<h2 class=\"rtecenter\"><strong><i>Triturus pygmaeus\u00a0<\/i>(Wolterstorff, 1905)<\/strong><\/h2>\n<p class=\"rtecenter\"><strong>ESP <\/strong>Trit\u00f3n pigmeo<strong>\u00a0EN <\/strong>Southern marbled newt \/\/ Pygmy marbled newt<\/p>\n<p><b>Descripci\u00f3<\/b><\/p>\n<p style=\"padding-left: 40px\"><span style=\"font-weight: 400\">Es tracta d\u2019un trit\u00f3 de mida mitjana que no sol superar els 135 mm des del cap fins a l\u2019extrem de la cua, encara que hi ha variacions geogr\u00e0fiques importants (Reques, 2014). \u00c9s molt similar al trit\u00f3 verd, per\u00f2 \u00e9s m\u00e9s petit (Arnold, 2007). T\u00e9 el cap lleugerament aplanat i el musell arrodonit, els ulls s\u00f3n relativament grans i tenen la pupil\u00b7la circular i negra amb iris daurat. Les gl\u00e0ndules par\u00f2tides s\u00f3n patents amb petits porus i el plec gular est\u00e0 ben marcat. La pell \u00e9s lleugerament rugosa al dors i \u00e9s llisa al ventre. Les potes s\u00f3n llargues i primes, igual que els seus dits. La coloraci\u00f3 dorsal general \u00e9s verda o tons castanys amb taques irregulars de color negre o marr\u00f3 fosc. Tamb\u00e9 acostuma a haver-hi una l\u00ednia longitudinal ataronjada que travessa tot l\u2019eix vertebral fins a arribar a la cua. Als laterals, presenta un color bru, separant el verd dorsal amb el ventre, que \u00e9s de color gris amb taques i puntejats de color fosques de diferents formes i mides (Reques, 2014). La cua \u00e9s aproximadament igual de llarga que el tronc, aquesta \u00e9s ovalada a la base i s\u2019aplana lateralment fins a acabar en punta.<\/span><\/p>\n<p style=\"padding-left: 40px\"><b>Dimorfisme sexual<\/b><span style=\"font-weight: 400\">: Les femelles s\u00f3n de major mida que els mascles i, aquests, s\u00f3n m\u00e9s estilitzats. A l\u2019\u00e8poca de zel pot apreciar-se l\u2019abultament de l\u2019abdomen caracter\u00edstic i, per transpar\u00e8ncia, poden observar-se els ous. La cloaca de les femelles no \u00e9s gaire voluminosa i el seu color \u00e9s ataronjat. En els mascles en zel, despleguen una cresta de cant\u00f3 llis que passa per tot l\u2019eix vertebral fins a la cua, amb una lleugera inflexi\u00f3 a la zona pelviana (Reques, 2014).<\/span><\/p>\n<p style=\"padding-left: 40px\"><b>Larva: <\/b><span style=\"font-weight: 400\">Els ous s\u00f3n blanquinosos o groguencs rodejats d\u2019una capa gelatinosa transparent. Quan es desprenen de l\u2019embolcall de l\u2019ou, les larves mesuren entre 5 i 11 mm (Reques, 2014). En aquest moment s\u00f3n de colors clars, blanquinoses o groguenques amb fins puntejats negres que generalment conformen l\u00ednies longitudinals. Presenten filaments fins a banda i banda del cap que serveixen per mantenir l\u2019equilibri durant la nataci\u00f3, br\u00e0nquies i membres anteriors poc desenvolupats (D\u00edaz-Paniagua et al., 2005).<\/span><\/p>\n<p><b>Habitat<\/b><\/p>\n<p style=\"padding-left: 40px\"><span style=\"font-weight: 400\">Aquesta esp\u00e8cie habita en boscos de fulla ampla (sobretot del g\u00e8nere <\/span><i><span style=\"font-weight: 400\">Quercus<\/span><\/i><span style=\"font-weight: 400\">) a climes mesomediterranis i termomediterranis. Els h\u00e0bitats aqu\u00e0tics utilitzats per la cria i el desenvolupament de les larves inclouen estancs temporals o permanents, llacunes, pedreres i pous abandonats, abeuradors, estancs de riu, rases, i altres \u00e0rees d\u2019aigua estancada o amb moviment lent (Salvador et al., 2024). En general, prefereix zones ben conservades i amb vegetaci\u00f3 aqu\u00e0tica abundant (Reques, 2004). No hi ha una relaci\u00f3 aparent amb el tipus de substrat ni amb la cobertura vegetal arb\u00f2ria. Es troba en boscos de suredes, alzinars i rouredes aix\u00ed com en deveses, zones de matollar i pastures (Garc\u00eda-Paris, 2002). Es troba des del nivell del mar fins als 1.450 m (Salvador et al., 2024).<\/span><\/p>\n<p><a href=\"https:\/\/www.iucnredlist.org\/species\/59479\/227238403\" target=\"_blank\" rel=\"noopener\"><strong>Distribuci\u00f3<\/strong><\/a><\/p>\n<p style=\"padding-left: 40px\"><span style=\"font-weight: 400\">L&#8217;esp\u00e8cie \u00e9s end\u00e8mica de la pen\u00ednsula Ib\u00e8rica. Aquesta s&#8217;est\u00e9n per tota la meitat sud de Portugal i la major part de la seva costa atl\u00e0ntica.\u00a0 Pel que fa a Espanya, es troba per tot el sud-oest i el centre, a les comunitats d&#8217;Andalusia, Extremadura, Castella la Manxa i Madrid (Salvador et al., 2024).<\/span><\/p>\n<p><strong>Estat de conservaci\u00f3<\/strong><\/p>\n<p style=\"padding-left: 40px\"><b>Categoria global IUCN (2023): <strong><u>Gaireb\u00e9 amena\u00e7ada NT<\/u><\/strong><\/b><span style=\"font-weight: 400\"> (Salvador et al., 2024)<\/span><\/p>\n<p style=\"padding-left: 40px\"><b>Categoria Espanya IUCN (2002) : <strong><u>Vulnerable VU<\/u><\/strong><\/b>\u00a0<span style=\"font-weight: 400\">(Reques, 2014)<\/span><\/p>\n<p style=\"padding-left: 40px\"><span style=\"font-weight: 400\">Esp\u00e8cie catalogada com a Casi Amena\u00e7ada ja que es troba en un declivi significatiu, per\u00f2 aquest es troba probablement a una taxa menor al 30% en 10 anys, i a causa de p\u00e8rdua generalitzada de l\u2019h\u00e0bitat en gran part de la seva distribuci\u00f3 (Salvador et al., 2024). La categoria de Vulnerable a Espanya es justifica per l\u2019observaci\u00f3 de tend\u00e8ncies negatives en diverses poblacions en els \u00faltims anys (Madrid, Toledo, Granada, M\u00e0laga i sud de C\u00f3rdoba principalment) i la probabilitat que les dites tend\u00e8ncies s\u2019estenguin a altres poblacions (Reques, 2014).<\/span><\/p>\n<p><strong>Galeria d&#8217;imatges<\/strong><\/p>\n<p><strong>Bibliografia<\/strong><\/p>\n<p style=\"padding-left: 40px\"><span style=\"font-weight: 400\">Arnold N., Ovenden D. 2007. Reptiles y Anfibios: gu\u00eda de campo<\/span><i><span style=\"font-weight: 400\">.<\/span><\/i><span style=\"font-weight: 400\"> Ediciones Omega, Barcelona.<\/span><\/p>\n<p style=\"padding-left: 40px\"><span style=\"font-weight: 400\">D\u00edaz-Paniagua C. G\u00f3mez-Rodr\u00edguez C., Portheault A., de Vries, W. 2005. <\/span><i><span style=\"font-weight: 400\">Los anfibios de Do\u00f1ana<\/span><\/i><span style=\"font-weight: 400\">. Naturaleza y Parques nacionales. Serie T\u00e9cnica. Organismo Aut\u00f3nomo Parques Nacionales. Ministerio de Medio Ambiente.<\/span><\/p>\n<p style=\"padding-left: 40px\"><span style=\"font-weight: 400\">Garc\u00eda-Paris M. 2002. <\/span><i><span style=\"font-weight: 400\">Triturus pygmaeus<\/span><\/i><span style=\"font-weight: 400\">. Pp. 70-72. En: Pleguezuelos J. M., M\u00e1rquez, R., Lizana, L. (Eds<\/span><i><span style=\"font-weight: 400\">.). Atlas y Libro Rojo de los Anfibios y Reptiles de Espa\u00f1a<\/span><\/i><span style=\"font-weight: 400\">. Direcci\u00f3n General de Conservaci\u00f3n de la Naturaleza- Asociaci\u00f3n Herpetol\u00f3gica Espa\u00f1ola, Madrid<\/span><\/p>\n<p style=\"padding-left: 40px\"><span style=\"font-weight: 400\">Reques R. 2004. H\u00e1bitats reproductivos de anfibios en la provincia de C\u00e1diz: perspectivas para su conservaci\u00f3n. <\/span><i><span style=\"font-weight: 400\">Revista de la Sociedad Gaditana de Historia Natural<\/span><\/i><span style=\"font-weight: 400\">, 4: 83-13.<\/span><\/p>\n<p style=\"padding-left: 40px\"><span style=\"font-weight: 400\">Reques R. 2014. Trit\u00f3n pigmeo &#8211; <\/span><i><span style=\"font-weight: 400\">Triturus pygmaeus<\/span><\/i><span style=\"font-weight: 400\">. En: <\/span><i><span style=\"font-weight: 400\">Enciclopedia Virtual de los Vertebrados Espa\u00f1oles<\/span><\/i><span style=\"font-weight: 400\">. Salvador, A., Mart\u00ednez-Solano, I. (Eds.). Museo Nacional de Ciencias Naturales, Madrid. <\/span><a href=\"http:\/\/www.vertebradosibericos.org\/\"><span style=\"font-weight: 400\">http:\/\/www.vertebradosibericos.org\/<\/span><\/a><span style=\"font-weight: 400\"> (acc\u00e9s, 23 d\u2019agost de 2019),<\/span><\/p>\n<p style=\"padding-left: 40px\"><span style=\"font-weight: 400\">Salvador, A., Martel, A., D\u00edaz-Paniagua, C., Recuero Gil, E., Pasmans, F., Martinez Solano, I., Reques, R., Bosch, J., Arntzen, J., Garc\u00eda Par\u00eds, M., Lizana, M., Tejedo, M., S\u00e1-Sousa, P., Beja, P., Marquez, R., Jehle, R. &amp; Asociaci\u00f3n Herpetol\u00f3gica Espa\u00f1ola. 2024. <\/span><i><span style=\"font-weight: 400\">Triturus pygmaeus<\/span><\/i><span style=\"font-weight: 400\">. <\/span><i><span style=\"font-weight: 400\">The IUCN Red List of Threatened Species<\/span><\/i><span style=\"font-weight: 400\"> 2024: e.T59479A227238403. <\/span><a href=\"https:\/\/dx.doi.org\/10.2305\/IUCN.UK.2024-2.RLTS.T59479A227238403.en\"><span style=\"font-weight: 400\">https:\/\/dx.doi.org\/10.2305\/IUCN.UK.2024-2.RLTS.T59479A227238403.en<\/span><\/a><span style=\"font-weight: 400\">. Accessed on 28 January 2025.<\/span><\/p>\n","protected":false},"excerpt":{"rendered":"<p>Triturus pygmaeus\u00a0(Wolterstorff, 1905) ESP Trit\u00f3n pigmeo\u00a0EN Southern marbled newt \/\/ Pygmy marbled newt Descripci\u00f3 Es tracta d\u2019un trit\u00f3 de mida mitjana que no sol superar els 135 mm des del cap fins a l\u2019extrem de la cua, encara que hi ha variacions geogr\u00e0fiques importants (Reques, 2014). \u00c9s molt similar al trit\u00f3 verd, per\u00f2 \u00e9s m\u00e9s [&hellip;]<\/p>\n","protected":false},"author":20,"featured_media":0,"template":"","class_list":["post-148","fitxa_descriptiva","type-fitxa_descriptiva","status-publish","hentry"],"_links":{"self":[{"href":"https:\/\/webs.uab.cat\/3dvirtualherp\/wp-json\/wp\/v2\/fitxa_descriptiva\/148","targetHints":{"allow":["GET"]}}],"collection":[{"href":"https:\/\/webs.uab.cat\/3dvirtualherp\/wp-json\/wp\/v2\/fitxa_descriptiva"}],"about":[{"href":"https:\/\/webs.uab.cat\/3dvirtualherp\/wp-json\/wp\/v2\/types\/fitxa_descriptiva"}],"author":[{"embeddable":true,"href":"https:\/\/webs.uab.cat\/3dvirtualherp\/wp-json\/wp\/v2\/users\/20"}],"wp:attachment":[{"href":"https:\/\/webs.uab.cat\/3dvirtualherp\/wp-json\/wp\/v2\/media?parent=148"}],"curies":[{"name":"wp","href":"https:\/\/api.w.org\/{rel}","templated":true}]}}

Tritó pigmeu

<h2 class="rtecenter"><strong><i>Triturus pygmaeus </i>(Wolterstorff, 1905)</strong></h2>
<p class="rtecenter"><strong>ESP </strong>Tritón pigmeo<strong> EN </strong>Southern marbled newt // Pygmy marbled newt</p>
<p><b>Descripció</b></p>
<p style="padding-left: 40px"><span style="font-weight: 400">Es tracta d’un tritó de mida mitjana que no sol superar els 135 mm des del cap fins a l’extrem de la cua, encara que hi ha variacions geogràfiques importants (Reques, 2014). És molt similar al tritó verd, però és més petit (Arnold, 2007). Té el cap lleugerament aplanat i el musell arrodonit, els ulls són relativament grans i tenen la pupil·la circular i negra amb iris daurat. Les glàndules paròtides són patents amb petits porus i el plec gular està ben marcat. La pell és lleugerament rugosa al dors i és llisa al ventre. Les potes són llargues i primes, igual que els seus dits. La coloració dorsal general és verda o tons castanys amb taques irregulars de color negre o marró fosc. També acostuma a haver-hi una línia longitudinal ataronjada que travessa tot l’eix vertebral fins a arribar a la cua. Als laterals, presenta un color bru, separant el verd dorsal amb el ventre, que és de color gris amb taques i puntejats de color fosques de diferents formes i mides (Reques, 2014). La cua és aproximadament igual de llarga que el tronc, aquesta és ovalada a la base i s’aplana lateralment fins a acabar en punta.</span></p>
<p style="padding-left: 40px"><b>Dimorfisme sexual</b><span style="font-weight: 400">: Les femelles són de major mida que els mascles i, aquests, són més estilitzats. A l’època de zel pot apreciar-se l’abultament de l’abdomen característic i, per transparència, poden observar-se els ous. La cloaca de les femelles no és gaire voluminosa i el seu color és ataronjat. En els mascles en zel, despleguen una cresta de cantó llis que passa per tot l’eix vertebral fins a la cua, amb una lleugera inflexió a la zona pelviana (Reques, 2014).</span></p>
<p style="padding-left: 40px"><b>Larva: </b><span style="font-weight: 400">Els ous són blanquinosos o groguencs rodejats d’una capa gelatinosa transparent. Quan es desprenen de l’embolcall de l’ou, les larves mesuren entre 5 i 11 mm (Reques, 2014). En aquest moment són de colors clars, blanquinoses o groguenques amb fins puntejats negres que generalment conformen línies longitudinals. Presenten filaments fins a banda i banda del cap que serveixen per mantenir l’equilibri durant la natació, brànquies i membres anteriors poc desenvolupats (Díaz-Paniagua et al., 2005).</span></p>
<p><b>Habitat</b></p>
<p style="padding-left: 40px"><span style="font-weight: 400">Aquesta espècie habita en boscos de fulla ampla (sobretot del gènere </span><i><span style="font-weight: 400">Quercus</span></i><span style="font-weight: 400">) a climes mesomediterranis i termomediterranis. Els hàbitats aquàtics utilitzats per la cria i el desenvolupament de les larves inclouen estancs temporals o permanents, llacunes, pedreres i pous abandonats, abeuradors, estancs de riu, rases, i altres àrees d’aigua estancada o amb moviment lent (Salvador et al., 2024). En general, prefereix zones ben conservades i amb vegetació aquàtica abundant (Reques, 2004). No hi ha una relació aparent amb el tipus de substrat ni amb la cobertura vegetal arbòria. Es troba en boscos de suredes, alzinars i rouredes així com en deveses, zones de matollar i pastures (García-Paris, 2002). Es troba des del nivell del mar fins als 1.450 m (Salvador et al., 2024).</span></p>
<p><a href="https://www.iucnredlist.org/species/59479/227238403" target="_blank" rel="noopener"><strong>Distribució</strong></a></p>
<p style="padding-left: 40px"><span style="font-weight: 400">L&#8217;espècie és endèmica de la península Ibèrica. Aquesta s&#8217;estén per tota la meitat sud de Portugal i la major part de la seva costa atlàntica.  Pel que fa a Espanya, es troba per tot el sud-oest i el centre, a les comunitats d&#8217;Andalusia, Extremadura, Castella la Manxa i Madrid (Salvador et al., 2024).</span></p>
<p><strong>Estat de conservació</strong></p>
<p style="padding-left: 40px"><b>Categoria global IUCN (2023): <strong><u>Gairebé amenaçada NT</u></strong></b><span style="font-weight: 400"> (Salvador et al., 2024)</span></p>
<p style="padding-left: 40px"><b>Categoria Espanya IUCN (2002) : <strong><u>Vulnerable VU</u></strong></b> <span style="font-weight: 400">(Reques, 2014)</span></p>
<p style="padding-left: 40px"><span style="font-weight: 400">Espècie catalogada com a Casi Amenaçada ja que es troba en un declivi significatiu, però aquest es troba probablement a una taxa menor al 30% en 10 anys, i a causa de pèrdua generalitzada de l’hàbitat en gran part de la seva distribució (Salvador et al., 2024). La categoria de Vulnerable a Espanya es justifica per l’observació de tendències negatives en diverses poblacions en els últims anys (Madrid, Toledo, Granada, Màlaga i sud de Córdoba principalment) i la probabilitat que les dites tendències s’estenguin a altres poblacions (Reques, 2014).</span></p>
<p><strong>Galeria d&#8217;imatges</strong></p>
<p><strong>Bibliografia</strong></p>
<p style="padding-left: 40px"><span style="font-weight: 400">Arnold N., Ovenden D. 2007. Reptiles y Anfibios: guía de campo</span><i><span style="font-weight: 400">.</span></i><span style="font-weight: 400"> Ediciones Omega, Barcelona.</span></p>
<p style="padding-left: 40px"><span style="font-weight: 400">Díaz-Paniagua C. Gómez-Rodríguez C., Portheault A., de Vries, W. 2005. </span><i><span style="font-weight: 400">Los anfibios de Doñana</span></i><span style="font-weight: 400">. Naturaleza y Parques nacionales. Serie Técnica. Organismo Autónomo Parques Nacionales. Ministerio de Medio Ambiente.</span></p>
<p style="padding-left: 40px"><span style="font-weight: 400">García-Paris M. 2002. </span><i><span style="font-weight: 400">Triturus pygmaeus</span></i><span style="font-weight: 400">. Pp. 70-72. En: Pleguezuelos J. M., Márquez, R., Lizana, L. (Eds</span><i><span style="font-weight: 400">.). Atlas y Libro Rojo de los Anfibios y Reptiles de España</span></i><span style="font-weight: 400">. Dirección General de Conservación de la Naturaleza- Asociación Herpetológica Española, Madrid</span></p>
<p style="padding-left: 40px"><span style="font-weight: 400">Reques R. 2004. Hábitats reproductivos de anfibios en la provincia de Cádiz: perspectivas para su conservación. </span><i><span style="font-weight: 400">Revista de la Sociedad Gaditana de Historia Natural</span></i><span style="font-weight: 400">, 4: 83-13.</span></p>
<p style="padding-left: 40px"><span style="font-weight: 400">Reques R. 2014. Tritón pigmeo &#8211; </span><i><span style="font-weight: 400">Triturus pygmaeus</span></i><span style="font-weight: 400">. En: </span><i><span style="font-weight: 400">Enciclopedia Virtual de los Vertebrados Españoles</span></i><span style="font-weight: 400">. Salvador, A., Martínez-Solano, I. (Eds.). Museo Nacional de Ciencias Naturales, Madrid. </span><a href="http://www.vertebradosibericos.org/"><span style="font-weight: 400">http://www.vertebradosibericos.org/</span></a><span style="font-weight: 400"> (accés, 23 d’agost de 2019),</span></p>
<p style="padding-left: 40px"><span style="font-weight: 400">Salvador, A., Martel, A., Díaz-Paniagua, C., Recuero Gil, E., Pasmans, F., Martinez Solano, I., Reques, R., Bosch, J., Arntzen, J., García París, M., Lizana, M., Tejedo, M., Sá-Sousa, P., Beja, P., Marquez, R., Jehle, R. &amp; Asociación Herpetológica Española. 2024. </span><i><span style="font-weight: 400">Triturus pygmaeus</span></i><span style="font-weight: 400">. </span><i><span style="font-weight: 400">The IUCN Red List of Threatened Species</span></i><span style="font-weight: 400"> 2024: e.T59479A227238403. </span><a href="https://dx.doi.org/10.2305/IUCN.UK.2024-2.RLTS.T59479A227238403.en"><span style="font-weight: 400">https://dx.doi.org/10.2305/IUCN.UK.2024-2.RLTS.T59479A227238403.en</span></a><span style="font-weight: 400">. Accessed on 28 January 2025.</span></p>

<p>Triturus pygmaeus (Wolterstorff, 1905) ESP Tritón pigmeo EN Southern marbled newt // Pygmy marbled newt Descripció Es tracta d’un tritó de mida mitjana que no sol superar els 135 mm des del cap fins a l’extrem de la cua, encara que hi ha variacions geogràfiques importants (Reques, 2014). És molt similar al tritó verd, però és més [&hellip;]</p>
