{"id":155,"date":"2018-08-13T22:32:54","date_gmt":"2018-08-13T22:32:54","guid":{"rendered":"https:\/\/webs.uab.cat\/3dvirtualherp\/fitxa-descriptiva\/tortuga-destany\/"},"modified":"2025-01-27T11:56:08","modified_gmt":"2025-01-27T10:56:08","slug":"tortuga-destany","status":"publish","type":"fitxa_descriptiva","link":"https:\/\/webs.uab.cat\/3dvirtualherp\/fitxa-descriptiva\/tortuga-destany\/","title":{"rendered":"Tortuga d&#8217;estany"},"content":{"rendered":"<h2 class=\"rtecenter\"><strong><i>Emys orbicularis\u00a0<\/i>(Linnaeus, 1758)<\/strong><\/h2>\n<p class=\"rtecenter\"><strong>ESP <\/strong>Gal\u00e1pago europeo<strong>\u00a0 EN <\/strong>Euean pond turtle<\/p>\n\n\n<figure class=\"wp-block-embed aligncenter is-type-rich is-provider-sketchfab wp-block-embed-sketchfab\"><div class=\"wp-block-embed__wrapper\">\n<div class=\"sketchfab-embed-wrapper\">    <iframe loading=\"lazy\" title=\"Emys orbicularis\" id=\"\" class=\"\" width=\"580\" height=\"326\" src=\"https:\/\/sketchfab.com\/models\/e1cfcb3dafdc402e88e30a511739caee\/embed\" frameborder=\"0\" allow=\"autoplay; fullscreen; xr-spatial-tracking\" allowfullscreen=\"\" mozallowfullscreen=\"true\" webkitallowfullscreen=\"true\" xr-spatial-tracking=\"true\" execution-while-out-of-viewport=\"true\" execution-while-not-rendered=\"true\" web-share=\"true\"><\/iframe><\/div>\n<\/div><figcaption class=\"wp-element-caption\">Model 3D d\u2019un exemplar d&#8217;<em>Hemys orbicularis<\/em>. Model obtingut per Alex Pascual.<\/figcaption><\/figure>\n\n\n<p><strong>Descripci\u00f3<\/strong><\/p>\n<p style=\"padding-left: 40px\"><span style=\"font-weight: 400\">La tortuga d\u2019estany \u00e9s un queloni d\u2019aigua dol\u00e7a de mida mitjana, la mida mitjana dels adults oscil\u00b7la al voltant dels 150 mm de longitud (Ayres, 2009). T\u00e9 una closca bombada (m\u00e9s prominent que a la resta de tortugues ib\u00e8riques) de color fosc amb taques o ratlles de color groc, normalment disposades en patrons radials en cada una de les plaques. En el cap, coll, potes i cua trobem les mateixes taques de color groc, especialment en exemplars juvenils. El plastr\u00f3 sol ser groc amb taques negres. Aix\u00f2 no obstant, poden presentar difer\u00e8ncies poblacionals i individuals en la coloraci\u00f3 de diferents parts del cos, com el plastr\u00f3 o l\u2019espatller (Ayres, 2009). L\u2019iris \u00e9s blanquin\u00f3s, tot i que en certs mascles pot arribar a ser d\u2019un color marr\u00f3 vermell\u00f3s (Ayres &amp; Cordero, 2001). L\u2019espatller presenta cinc plaques vertebrals amb quatre costals a banda i banda i onze marginals amb una nucal i una supracaudal dividida. En el plastr\u00f3 s\u2019observen dues plaques gulars, dues humerals, dues pectorals, dues abdominals, dues femorals i dues anals<\/span> <span style=\"font-weight: 400\">(Iverson, 1992).<\/span><\/p>\n<p style=\"padding-left: 40px\"><b>Dimorfisme sexual: <\/b><span style=\"font-weight: 400\">Com en molts altres quelonis, els mascles de la tortuga d\u2019estany presenten un plastr\u00f3 c\u00f2ncau per facilitar la c\u00f2pula, una cua m\u00e9s llarga i gruixuda en la base (que alberga els \u00f2rgans copuladors) i la cloaca m\u00e9s allunyada del plastr\u00f3 (Ayres, 2009). Les femelles en general tamb\u00e9 s\u00f3n m\u00e9s grans i pesants (Andreu, 1982).<\/span><\/p>\n<p style=\"padding-left: 40px\"><b>Descripci\u00f3 del juvenil: <\/b><span style=\"font-weight: 400\">els nounats s\u00f3n de colors m\u00e9s apagats i presenten una filera de punts blancs en la mand\u00edbula superior, sota la protuber\u00e0ncia utilitzada per trencar l\u2019ou (Fritz, 2001). Malgrat aix\u00f2, els juvenils (fins als 5 anys) s\u00f3n de colors m\u00e9s brillants.<\/span><\/p>\n<p><strong>H\u00e0bitat<\/strong><\/p>\n<p style=\"padding-left: 40px\"><span style=\"font-weight: 400\">Esp\u00e8cie adaptada a tota mena d&#8217;h\u00e0bitats aqu\u00e0tics no salins des del nivell del mar fins a 1000 metres d\u2019altura, per\u00f2 preferiblement, aig\u00fces estagnants o amb poc corrent i vegetaci\u00f3 que li ofereix protecci\u00f3; per tant, es poden trobar en estanys, aiguamolls, llacunes o desembocadures de rius. Pot ocupar medis artificials tot i que presenta menys toler\u00e0ncia que altres esp\u00e8cies (Barbadillo et al., 1999).<\/span><\/p>\n<p><a href=\"https:\/\/www.iucnredlist.org\/species\/7717\/97292665\" target=\"_blank\" rel=\"noopener\"><strong>Distribuci\u00f3<\/strong><\/a><\/p>\n<p style=\"padding-left: 40px\"><span style=\"font-weight: 400\">Es troba en alguns punts del nord del Magreb a Tunis, Alg\u00e8ria, Marroc, en la pen\u00ednsula Ib\u00e8rica, Europa central i de l\u2019est, incloent-hi pa\u00efsos com Espanya, Fran\u00e7a, Alemanya, Pol\u00f2nia, Rep\u00fablica Txeca, \u00c0ustria, Hongria, Su\u00efssa, It\u00e0lia, Balcans, Gr\u00e8cia i Turquia (Fritz, 2001). Pel nord arriba fins a R\u00fassia i pa\u00efsos b\u00e0ltics. En l\u2019\u00c0sia Menor es troba a Anat\u00f2lia i al ventre sud del Cauc\u00e0sic fins a la costa meridional del mar Caspi (Fritz, 2001).<\/span><\/p>\n<p style=\"padding-left: 40px\"><span style=\"font-weight: 400\">En la pen\u00ednsula es troba en una distribuci\u00f3 molt fragmentada, on \u00e9s quasi absent a Gal\u00edcia i for\u00e7a comuna a Huelva (Ayres &amp; Cordero, 2001). Es troba absent a la serralada Cant\u00e0brica i es tenen dades molt limitades del sud-est, gran part de Catalunya i Arag\u00f3. Es troba present en la costa mediterr\u00e0nia de la Comunitat Valenciana i Catalunya, juntament amb la seva pres\u00e8ncia a Castella i Le\u00f3n sent m\u00e9s present a les zones baixes de Zamora i Salamanca (Ayres, 2009). Tamb\u00e9 \u00e9s present en el riu Tajo que passa per Madrid i en l\u2019extrem oest d\u2019Espanya com c\u00e0ceres i la pen\u00ednsula tenint una gran poblaci\u00f3 a Portugal (Barbadillo et al., 1999).<\/span><\/p>\n<p><strong>Estat de conservaci\u00f3<\/strong><\/p>\n<p style=\"padding-left: 40px\"><b>Categoria global IUCN (1996): <strong><u>Quasi amena\u00e7ada NT<\/u><\/strong><\/b><span style=\"font-weight: 400\">\u00a0(Tortoise &amp; Freshwater Turtle Specialist Group, 1996)<\/span><\/p>\n<p style=\"padding-left: 40px\"><b>Categoria Espanya IUCN (2002): <strong><u>Vulnerable VU<\/u><\/strong><\/b><span style=\"font-weight: 400\">\u00a0(Keller &amp; Andreu, 2002)<\/span><\/p>\n<p style=\"padding-left: 40px\"><span style=\"font-weight: 400\">Les seves poblacions es troben sovint en declivi a causa de la destrucci\u00f3 i contaminaci\u00f3 dels estanys en els quals viuen. La sequera i la pressi\u00f3 antr\u00f2pica que afecta les zones de posta i comporta l&#8217;explotaci\u00f3 dels aq\u00fc\u00edfers tamb\u00e9 s\u00f3n factors d\u2019amena\u00e7a (Keller &amp; Andreu, 2002).<\/span><\/p>\n<p><strong>Galeria d&#8217;imatges<\/strong><\/p>\n<p><strong>Bibliografia<\/strong><\/p>\n<p style=\"padding-left: 40px\"><span style=\"font-weight: 400\">Andreu A. (1982). Quelques donn\u00e9es biometriques sur <\/span><i><span style=\"font-weight: 400\">Emys orbicularis<\/span><\/i><span style=\"font-weight: 400\"> en Do\u00f1ana (Huelva, Espagne). Bulletin de la Soci\u00e9t\u00e9 Herp\u00e9tologique de France, 22: 49-53.<\/span><\/p>\n<p style=\"padding-left: 40px\"><span style=\"font-weight: 400\">Ayres C. (2009). Gal\u00e1pago europeo \u2013 <\/span><i><span style=\"font-weight: 400\">Emys orbicularis<\/span><\/i><span style=\"font-weight: 400\">. A: Enciclopedia Virtual de los Vertebrados Espa\u00f1oles. Salvador A., Marco A. (Eds.). Museo Nacional de Ciencias Naturales, Madrid. http:\/\/www.vertebradosibericos.org\/<\/span><\/p>\n<p style=\"padding-left: 40px\"><span style=\"font-weight: 400\">Ayres C., Cordero A. (2001). Sexual dimorphism and morphological differentiation in European pond turtle (<\/span><i><span style=\"font-weight: 400\">Emys orbicularis<\/span><\/i><span style=\"font-weight: 400\">) populations from northwestern Spain. Chelonian Conservation and Biology, 4 (1): 100-106.<\/span><\/p>\n<p style=\"padding-left: 40px\"><span style=\"font-weight: 400\">Fritz U. (2001). <\/span><i><span style=\"font-weight: 400\">Emys orbicularis<\/span><\/i><span style=\"font-weight: 400\"> (Linnaeus, 1758) \u2013 Europ\u00e4ische Sumpfschildkrote. Pp. 343-515. A: Fritz U. (Ed.). Handbuch der Reptilien und Amphibien Europas. Band 3\/IIIA.<\/span><\/p>\n<p style=\"padding-left: 40px\"><span style=\"font-weight: 400\">Iverson\u00a0 J.B. (1992). A revised checklist with distribution maps of the turtles of the world. Richmond.<\/span><\/p>\n<p style=\"padding-left: 40px\"><span style=\"font-weight: 400\">Tortoise &amp; Freshwater Turtle Specialist Group. 1996. <\/span><i><span style=\"font-weight: 400\">Emys orbicularis<\/span><\/i><span style=\"font-weight: 400\"> (errata version published in 2016). <\/span><i><span style=\"font-weight: 400\">The IUCN Red List of Threatened Species<\/span><\/i><span style=\"font-weight: 400\"> 1996: e.T7717A97292665. <\/span><a href=\"https:\/\/dx.doi.org\/10.2305\/IUCN.UK.1996.RLTS.T7717A12844431.en\"><span style=\"font-weight: 400\">https:\/\/dx.doi.org\/10.2305\/IUCN.UK.1996.RLTS.T7717A12844431.en<\/span><\/a><span style=\"font-weight: 400\">.<\/span><\/p>\n<p style=\"padding-left: 40px\"><span style=\"font-weight: 400\">Schildkr\u00f6ten (Testudines) I (Bataguridae, Testudinidae, Emydidae). Aula Verlag, Wiebelsheim.<\/span><\/p>\n<p style=\"padding-left: 40px\"><span style=\"font-weight: 400\">Keller C., Andreu A.C., 2002. <\/span><i><span style=\"font-weight: 400\">Emys orbicularis<\/span><\/i><span style=\"font-weight: 400\"> (Linnaeus, 1758). Gal\u00e1pago europeo. Pp. 137-142. En: Pleguezuelos J. M., M\u00e1rquez R., Lizana M. (Eds.). Atlas y Libro Rojo de los Anfibios y Reptiles de Espa\u00f1a. Direcci\u00f3n General de Conservaci\u00f3n de la Naturaleza-Asociaci\u00f3n Herpetol\u00f3gica Espa\u00f1ola, Madrid<\/span><\/p>","protected":false},"excerpt":{"rendered":"<p>Emys orbicularis\u00a0(Linnaeus, 1758) ESP Gal\u00e1pago europeo\u00a0 EN Euean pond turtle Descripci\u00f3 La tortuga d\u2019estany \u00e9s un queloni d\u2019aigua dol\u00e7a de mida mitjana, la mida mitjana dels adults oscil\u00b7la al voltant dels 150 mm de longitud (Ayres, 2009). T\u00e9 una closca bombada (m\u00e9s prominent que a la resta de tortugues ib\u00e8riques) de color fosc amb taques [&hellip;]<\/p>\n","protected":false},"author":20,"featured_media":0,"template":"","class_list":["post-155","fitxa_descriptiva","type-fitxa_descriptiva","status-publish","hentry"],"_links":{"self":[{"href":"https:\/\/webs.uab.cat\/3dvirtualherp\/wp-json\/wp\/v2\/fitxa_descriptiva\/155","targetHints":{"allow":["GET"]}}],"collection":[{"href":"https:\/\/webs.uab.cat\/3dvirtualherp\/wp-json\/wp\/v2\/fitxa_descriptiva"}],"about":[{"href":"https:\/\/webs.uab.cat\/3dvirtualherp\/wp-json\/wp\/v2\/types\/fitxa_descriptiva"}],"author":[{"embeddable":true,"href":"https:\/\/webs.uab.cat\/3dvirtualherp\/wp-json\/wp\/v2\/users\/20"}],"wp:attachment":[{"href":"https:\/\/webs.uab.cat\/3dvirtualherp\/wp-json\/wp\/v2\/media?parent=155"}],"curies":[{"name":"wp","href":"https:\/\/api.w.org\/{rel}","templated":true}]}}

<h2 class="rtecenter"><strong><i>Emys orbicularis </i>(Linnaeus, 1758)</strong></h2>
<p class="rtecenter"><strong>ESP </strong>Galápago europeo<strong>  EN </strong>Euean pond turtle</p>


<figure class="wp-block-embed aligncenter is-type-rich is-provider-sketchfab wp-block-embed-sketchfab"><div class="wp-block-embed__wrapper">
<div class="sketchfab-embed-wrapper">    <iframe loading="lazy" title="Emys orbicularis" id="" class="" width="580" height="326" src="https://sketchfab.com/models/e1cfcb3dafdc402e88e30a511739caee/embed" frameborder="0" allow="autoplay; fullscreen; xr-spatial-tracking" allowfullscreen="" mozallowfullscreen="true" webkitallowfullscreen="true" xr-spatial-tracking="true" execution-while-out-of-viewport="true" execution-while-not-rendered="true" web-share="true"></iframe></div>
</div><figcaption class="wp-element-caption">Model 3D d’un exemplar d&#8217;<em>Hemys orbicularis</em>. Model obtingut per Alex Pascual.</figcaption></figure>


<p><strong>Descripció</strong></p>
<p style="padding-left: 40px"><span style="font-weight: 400">La tortuga d’estany és un queloni d’aigua dolça de mida mitjana, la mida mitjana dels adults oscil·la al voltant dels 150 mm de longitud (Ayres, 2009). Té una closca bombada (més prominent que a la resta de tortugues ibèriques) de color fosc amb taques o ratlles de color groc, normalment disposades en patrons radials en cada una de les plaques. En el cap, coll, potes i cua trobem les mateixes taques de color groc, especialment en exemplars juvenils. El plastró sol ser groc amb taques negres. Això no obstant, poden presentar diferències poblacionals i individuals en la coloració de diferents parts del cos, com el plastró o l’espatller (Ayres, 2009). L’iris és blanquinós, tot i que en certs mascles pot arribar a ser d’un color marró vermellós (Ayres &amp; Cordero, 2001). L’espatller presenta cinc plaques vertebrals amb quatre costals a banda i banda i onze marginals amb una nucal i una supracaudal dividida. En el plastró s’observen dues plaques gulars, dues humerals, dues pectorals, dues abdominals, dues femorals i dues anals</span> <span style="font-weight: 400">(Iverson, 1992).</span></p>
<p style="padding-left: 40px"><b>Dimorfisme sexual: </b><span style="font-weight: 400">Com en molts altres quelonis, els mascles de la tortuga d’estany presenten un plastró còncau per facilitar la còpula, una cua més llarga i gruixuda en la base (que alberga els òrgans copuladors) i la cloaca més allunyada del plastró (Ayres, 2009). Les femelles en general també són més grans i pesants (Andreu, 1982).</span></p>
<p style="padding-left: 40px"><b>Descripció del juvenil: </b><span style="font-weight: 400">els nounats són de colors més apagats i presenten una filera de punts blancs en la mandíbula superior, sota la protuberància utilitzada per trencar l’ou (Fritz, 2001). Malgrat això, els juvenils (fins als 5 anys) són de colors més brillants.</span></p>
<p><strong>Hàbitat</strong></p>
<p style="padding-left: 40px"><span style="font-weight: 400">Espècie adaptada a tota mena d&#8217;hàbitats aquàtics no salins des del nivell del mar fins a 1000 metres d’altura, però preferiblement, aigües estagnants o amb poc corrent i vegetació que li ofereix protecció; per tant, es poden trobar en estanys, aiguamolls, llacunes o desembocadures de rius. Pot ocupar medis artificials tot i que presenta menys tolerància que altres espècies (Barbadillo et al., 1999).</span></p>
<p><a href="https://www.iucnredlist.org/species/7717/97292665" target="_blank" rel="noopener"><strong>Distribució</strong></a></p>
<p style="padding-left: 40px"><span style="font-weight: 400">Es troba en alguns punts del nord del Magreb a Tunis, Algèria, Marroc, en la península Ibèrica, Europa central i de l’est, incloent-hi països com Espanya, França, Alemanya, Polònia, República Txeca, Àustria, Hongria, Suïssa, Itàlia, Balcans, Grècia i Turquia (Fritz, 2001). Pel nord arriba fins a Rússia i països bàltics. En l’Àsia Menor es troba a Anatòlia i al ventre sud del Caucàsic fins a la costa meridional del mar Caspi (Fritz, 2001).</span></p>
<p style="padding-left: 40px"><span style="font-weight: 400">En la península es troba en una distribució molt fragmentada, on és quasi absent a Galícia i força comuna a Huelva (Ayres &amp; Cordero, 2001). Es troba absent a la serralada Cantàbrica i es tenen dades molt limitades del sud-est, gran part de Catalunya i Aragó. Es troba present en la costa mediterrània de la Comunitat Valenciana i Catalunya, juntament amb la seva presència a Castella i León sent més present a les zones baixes de Zamora i Salamanca (Ayres, 2009). També és present en el riu Tajo que passa per Madrid i en l’extrem oest d’Espanya com càceres i la península tenint una gran població a Portugal (Barbadillo et al., 1999).</span></p>
<p><strong>Estat de conservació</strong></p>
<p style="padding-left: 40px"><b>Categoria global IUCN (1996): <strong><u>Quasi amenaçada NT</u></strong></b><span style="font-weight: 400"> (Tortoise &amp; Freshwater Turtle Specialist Group, 1996)</span></p>
<p style="padding-left: 40px"><b>Categoria Espanya IUCN (2002): <strong><u>Vulnerable VU</u></strong></b><span style="font-weight: 400"> (Keller &amp; Andreu, 2002)</span></p>
<p style="padding-left: 40px"><span style="font-weight: 400">Les seves poblacions es troben sovint en declivi a causa de la destrucció i contaminació dels estanys en els quals viuen. La sequera i la pressió antròpica que afecta les zones de posta i comporta l&#8217;explotació dels aqüífers també són factors d’amenaça (Keller &amp; Andreu, 2002).</span></p>
<p><strong>Galeria d&#8217;imatges</strong></p>
<p><strong>Bibliografia</strong></p>
<p style="padding-left: 40px"><span style="font-weight: 400">Andreu A. (1982). Quelques données biometriques sur </span><i><span style="font-weight: 400">Emys orbicularis</span></i><span style="font-weight: 400"> en Doñana (Huelva, Espagne). Bulletin de la Société Herpétologique de France, 22: 49-53.</span></p>
<p style="padding-left: 40px"><span style="font-weight: 400">Ayres C. (2009). Galápago europeo – </span><i><span style="font-weight: 400">Emys orbicularis</span></i><span style="font-weight: 400">. A: Enciclopedia Virtual de los Vertebrados Españoles. Salvador A., Marco A. (Eds.). Museo Nacional de Ciencias Naturales, Madrid. http://www.vertebradosibericos.org/</span></p>
<p style="padding-left: 40px"><span style="font-weight: 400">Ayres C., Cordero A. (2001). Sexual dimorphism and morphological differentiation in European pond turtle (</span><i><span style="font-weight: 400">Emys orbicularis</span></i><span style="font-weight: 400">) populations from northwestern Spain. Chelonian Conservation and Biology, 4 (1): 100-106.</span></p>
<p style="padding-left: 40px"><span style="font-weight: 400">Fritz U. (2001). </span><i><span style="font-weight: 400">Emys orbicularis</span></i><span style="font-weight: 400"> (Linnaeus, 1758) – Europäische Sumpfschildkrote. Pp. 343-515. A: Fritz U. (Ed.). Handbuch der Reptilien und Amphibien Europas. Band 3/IIIA.</span></p>
<p style="padding-left: 40px"><span style="font-weight: 400">Iverson  J.B. (1992). A revised checklist with distribution maps of the turtles of the world. Richmond.</span></p>
<p style="padding-left: 40px"><span style="font-weight: 400">Tortoise &amp; Freshwater Turtle Specialist Group. 1996. </span><i><span style="font-weight: 400">Emys orbicularis</span></i><span style="font-weight: 400"> (errata version published in 2016). </span><i><span style="font-weight: 400">The IUCN Red List of Threatened Species</span></i><span style="font-weight: 400"> 1996: e.T7717A97292665. </span><a href="https://dx.doi.org/10.2305/IUCN.UK.1996.RLTS.T7717A12844431.en"><span style="font-weight: 400">https://dx.doi.org/10.2305/IUCN.UK.1996.RLTS.T7717A12844431.en</span></a><span style="font-weight: 400">.</span></p>
<p style="padding-left: 40px"><span style="font-weight: 400">Schildkröten (Testudines) I (Bataguridae, Testudinidae, Emydidae). Aula Verlag, Wiebelsheim.</span></p>
<p style="padding-left: 40px"><span style="font-weight: 400">Keller C., Andreu A.C., 2002. </span><i><span style="font-weight: 400">Emys orbicularis</span></i><span style="font-weight: 400"> (Linnaeus, 1758). Galápago europeo. Pp. 137-142. En: Pleguezuelos J. M., Márquez R., Lizana M. (Eds.). Atlas y Libro Rojo de los Anfibios y Reptiles de España. Dirección General de Conservación de la Naturaleza-Asociación Herpetológica Española, Madrid</span></p>

<p>Emys orbicularis (Linnaeus, 1758) ESP Galápago europeo  EN Euean pond turtle Descripció La tortuga d’estany és un queloni d’aigua dolça de mida mitjana, la mida mitjana dels adults oscil·la al voltant dels 150 mm de longitud (Ayres, 2009). Té una closca bombada (més prominent que a la resta de tortugues ibèriques) de color fosc amb taques [&hellip;]</p>
