{"id":161,"date":"2018-08-29T19:51:03","date_gmt":"2018-08-29T19:51:03","guid":{"rendered":"https:\/\/webs.uab.cat\/3dvirtualherp\/fitxa-descriptiva\/iberolacerta-cyreni\/"},"modified":"2024-10-10T16:31:28","modified_gmt":"2024-10-10T14:31:28","slug":"iberolacerta-cyreni","status":"publish","type":"fitxa_descriptiva","link":"https:\/\/webs.uab.cat\/3dvirtualherp\/fitxa-descriptiva\/iberolacerta-cyreni\/","title":{"rendered":"Iberolacerta cyreni"},"content":{"rendered":"<h2 class=\"rtecenter\"><strong><i>Iberolacerta cyreni\u00a0<\/i>(M\u00fcller i Hellmich, 1937)<\/strong><\/h2>\n<p class=\"rtecenter\"><strong>ESP <\/strong>Lagartija carpetana<strong> EN <\/strong>Iberolacerta cyreni<\/p>\n<p class=\"rtecenter\">\n<p><strong>Descripci\u00f3<\/strong><\/p>\n<p><strong>H\u00e0bitat<\/strong><\/p>\n<p><a href=\"https:\/\/www.iucnredlist.org\/species\/61514\/137851751\" target=\"_blank\" rel=\"noopener\"><strong>Distribuci\u00f3<\/strong><\/a><\/p>\n<p><strong>Estat de conservaci\u00f3<\/strong><\/p>\n<p><strong>Galeria d&#8217;imatges<\/strong><\/p>\n<p><strong>Bibliografia<\/strong><\/p>\n","protected":false},"excerpt":{"rendered":"<p>Iberolacerta cyreni\u00a0(M\u00fcller i Hellmich, 1937) ESP Lagartija carpetana EN Iberolacerta cyreni Descripci\u00f3 H\u00e0bitat Distribuci\u00f3 Estat de conservaci\u00f3 Galeria d&#8217;imatges Bibliografia<\/p>\n","protected":false},"author":20,"featured_media":0,"template":"","class_list":["post-161","fitxa_descriptiva","type-fitxa_descriptiva","status-publish","hentry"],"_links":{"self":[{"href":"https:\/\/webs.uab.cat\/3dvirtualherp\/wp-json\/wp\/v2\/fitxa_descriptiva\/161","targetHints":{"allow":["GET"]}}],"collection":[{"href":"https:\/\/webs.uab.cat\/3dvirtualherp\/wp-json\/wp\/v2\/fitxa_descriptiva"}],"about":[{"href":"https:\/\/webs.uab.cat\/3dvirtualherp\/wp-json\/wp\/v2\/types\/fitxa_descriptiva"}],"author":[{"embeddable":true,"href":"https:\/\/webs.uab.cat\/3dvirtualherp\/wp-json\/wp\/v2\/users\/20"}],"wp:attachment":[{"href":"https:\/\/webs.uab.cat\/3dvirtualherp\/wp-json\/wp\/v2\/media?parent=161"}],"curies":[{"name":"wp","href":"https:\/\/api.w.org\/{rel}","templated":true}]}}

<h2 class="rtecenter"><strong><i>Iberolacerta cyreni </i>(Müller i Hellmich, 1937)</strong></h2>
<p class="rtecenter"><strong>ESP </strong>Lagartija carpetana<strong> EN </strong>Iberolacerta cyreni</p>
<p class="rtecenter">
<p><strong>Descripció</strong></p>
<p><strong>Hàbitat</strong></p>
<p><a href="https://www.iucnredlist.org/species/61514/137851751" target="_blank" rel="noopener"><strong>Distribució</strong></a></p>
<p><strong>Estat de conservació</strong></p>
<p><strong>Galeria d&#8217;imatges</strong></p>
<p><strong>Bibliografia</strong></p>

<p>Iberolacerta cyreni (Müller i Hellmich, 1937) ESP Lagartija carpetana EN Iberolacerta cyreni Descripció Hàbitat Distribució Estat de conservació Galeria d&#8217;imatges Bibliografia</p>
