{"id":50,"date":"2018-06-27T14:46:20","date_gmt":"2018-06-27T14:46:20","guid":{"rendered":"https:\/\/webs.uab.cat\/3dvirtualherp\/introduccio\/"},"modified":"2025-01-08T11:40:01","modified_gmt":"2025-01-08T10:40:01","slug":"introduccio","status":"publish","type":"page","link":"https:\/\/webs.uab.cat\/3dvirtualherp\/","title":{"rendered":"Introducci\u00f3"},"content":{"rendered":"\n<h2 class=\"wp-block-heading\">Antecedents<\/h2>\n\n\n\n<p>Con\u00e8ixer detalladament les esp\u00e8cies vivents \u00e9s indispensable per valorar i frenar la p\u00e8rdua accelerada de biodiversitat en la que ens trobem immersos. Les col\u00b7leccions biol\u00f2giques s\u00f3n una eina b\u00e0sica per obtenir informaci\u00f3 sobre la composici\u00f3 i distribuci\u00f3 de la biodiversitat, essent aquesta una informaci\u00f3 essencial tant per a la recerca cient\u00edfica com per a la presa de decisions governamentals sobre la utilitzaci\u00f3 dels recursos naturals i el desenvolupament d\u2019estrat\u00e8gies de conservaci\u00f3. Addicionalment, les col\u00b7leccions biol\u00f2giques representen un recurs docent i divulgatiu de primer ordre, que permet formar i conscienciar als futurs professionals dels \u00e0mbits de la biologia i les ci\u00e8ncies ambientals, aix\u00ed com a la societat en general. No obstant, l\u2019acc\u00e9s a aquestes col\u00b7leccions no sempre \u00e9s f\u00e0cil, especialment al p\u00fablic no especialitzat. D\u2019una banda, la manipulaci\u00f3 reiterada dels exemplars conservats fa que amb el temps s\u2019acabin deteriorant, el que provoca unes certes restriccions en l\u2019acc\u00e9s a aquest material. D\u2019altra banda, molt d\u2019aquest material nom\u00e9s es pot consultar despla\u00e7ant-se fins al lloc on es troba, el que requereix una despesa important de temps i de diners. Aix\u00f2 fa que moltes d\u2019aquestes col\u00b7leccions restin infrautilitzades i en conseq\u00fc\u00e8ncia que sovint siguin infravalorades.<\/p>\n\n\n\n<figure class=\"wp-block-image size-large\"><img loading=\"lazy\" decoding=\"async\" width=\"1024\" height=\"768\" src=\"https:\/\/webs.uab.cat\/3dvirtualherp\/wp-content\/uploads\/sites\/139\/2023\/07\/IMG-20230201-WA0008-1024x768.jpg\" alt=\"\" class=\"wp-image-337\" srcset=\"https:\/\/webs.uab.cat\/3dvirtualherp\/wp-content\/uploads\/sites\/139\/2023\/07\/IMG-20230201-WA0008-1024x768.jpg 1024w, https:\/\/webs.uab.cat\/3dvirtualherp\/wp-content\/uploads\/sites\/139\/2023\/07\/IMG-20230201-WA0008-300x225.jpg 300w, https:\/\/webs.uab.cat\/3dvirtualherp\/wp-content\/uploads\/sites\/139\/2023\/07\/IMG-20230201-WA0008-768x576.jpg 768w, https:\/\/webs.uab.cat\/3dvirtualherp\/wp-content\/uploads\/sites\/139\/2023\/07\/IMG-20230201-WA0008-1536x1152.jpg 1536w, https:\/\/webs.uab.cat\/3dvirtualherp\/wp-content\/uploads\/sites\/139\/2023\/07\/IMG-20230201-WA0008-1200x900.jpg 1200w, https:\/\/webs.uab.cat\/3dvirtualherp\/wp-content\/uploads\/sites\/139\/2023\/07\/IMG-20230201-WA0008-1980x1485.jpg 1980w, https:\/\/webs.uab.cat\/3dvirtualherp\/wp-content\/uploads\/sites\/139\/2023\/07\/IMG-20230201-WA0008.jpg 2048w\" sizes=\"auto, (max-width: 1024px) 100vw, 1024px\" \/><\/figure>\n\n\n\n<p>Una possible manera de superar aquests inconvenients \u00e9s treballar amb material virtual. En els darrers anys el desenvolupament de les anomenades noves tecnologies s\u2019ha donat a un ritme vertigin\u00f3s, fins al punt que les hem incorporat en nombrosos \u00e0mbits de la vida quotidiana gaireb\u00e9 sense donar-nos compte. De fet, les noves tecnologies s\u2019han considerat una eina clau en el nou model d\u2019ensenyament europeu, i molt especialment en mat\u00e8ries on la part pr\u00e0ctica \u00e9s fonamental, com \u00e9s el cas de la biologia. La utilitzaci\u00f3 de la fotografia d\u2019animals per al seu estudi biol\u00f2gic t\u00e9 el problema de ser una representaci\u00f3 bidimensional (2D) d\u2019organismes tridimensionals (3D), el qu\u00e8 suposa una limitaci\u00f3 pel qu\u00e8 fa la comprensi\u00f3 de la ubicaci\u00f3 espacial de les estructures anat\u00f2miques i de la forma global de l\u2019organisme. En l\u2019actualitat hi ha diverses t\u00e8cniques i aparells per a l\u2019obtenci\u00f3 de models digitals 3D d\u2019alta resoluci\u00f3, com s\u00f3n l\u2019esc\u00e0ner l\u00e0ser, la tomografia computeritzada, o la fotogrametria.<\/p>\n\n\n\n<h2 class=\"wp-block-heading\">Objectiu<\/h2>\n\n\n\n<p>En aquest context, l&#8217;objectiu principal de la p\u00e0gina web \u00e9s donar a con\u00e8ixer les diferents esp\u00e8cies d&#8217;amfibis i &#8220;r\u00e8ptils&#8221; presents a la Pen\u00ednsula Ib\u00e8rica, fent especial \u00e8mfasi en la seva morfologia, biologia i estat de conservaci\u00f3. I tot aix\u00f2, utilitzant com a element central el material contingut en la col\u00b7lecci\u00f3 de la Unitat de Zoologia, el qual pretenem posar a l&#8217;abast de l&#8217;alumnat, la comunitat cient\u00edfica, i de totes aquelles persones interessades en aquests animals. Addicionalment, en la construcci\u00f3 de la p\u00e0gina i l&#8217;elaboraci\u00f3 dels continguts hi han col\u00b7laborat diversos alumnes, contribuint a la seva formaci\u00f3. <\/p>\n\n\n\n<h2 class=\"wp-block-heading\">La col\u00b7lecci\u00f3 d\u2019amfibis i r\u00e8ptils de la UAB<\/h2>\n\n\n\n<p>La Unitat de Zoologia del Departament de Biologia Animal, de Biologia Vegetal i d\u2019Ecologia (BABVE) de la UAB\u00a0 acull diverses col\u00b7leccions zool\u00f2giques, sent la corresponent a amfibis i \u201cr\u00e8ptils\u201d una de les m\u00e9s importants en quant a nombre d\u2019exemplars i d\u2019esp\u00e8cies. Tot i que en l&#8217;actualitat aquesta col\u00b7lecci\u00f3 no est\u00e0 catalogada, s&#8217;est\u00e0 treballant per renovar-la i digitalitzar-la.<\/p>\n\n\n\n<h2 class=\"wp-block-heading\">Obtenci\u00f3 dels models 3D<\/h2>\n\n\n\n<p>Per a l\u2019obtenci\u00f3 dels models 3D s\u2019han utilitzat t\u00e8cniques de macrofotografia i fotogrametria. La fotogrametria \u00e9s una t\u00e8cnica de modelatge 3D que es basa en l\u2019obtenci\u00f3 de diferents fotografies d\u2019un mateix objecte des de diferents angles. Mitjan\u00e7ant el reconeixement de punts espec\u00edfics en les diferents fotografies obtingudes, els programes de fotogrametria s\u00f3n capa\u00e7os construir un objecte digital 3D que recrea la forma original de l&#8217;objecte real. Per a l&#8217;obtenci\u00f3 dels models d&#8217;aquesta web s&#8217;han realitzat entre 40 i 70 fotografies de cadascun dels animals des de diferents angles tot seguint un protocol pr\u00e8viament establert. Posteriorment, les fotografies obtingudes han estat processades amb els programes PhotoModeler Scanner (Eos System Inc, 2014), Autodesk Remake (Autodesk Inc, 2016), KiriEngine i Meshlab (Cignoni et al. 2008) per tal de generar i editar els models 3D.<\/p>\n\n\n\n<figure class=\"wp-block-image size-large is-resized\"><img decoding=\"async\" src=\"https:\/\/webs.uab.cat\/3dvirtualherp\/wp-content\/uploads\/sites\/139\/2024\/12\/IMG_3022-3-1024x966.jpg\" alt=\"\" class=\"wp-image-728\" style=\"width:694px;height:auto\" \/><\/figure>\n\n\n\n<figure class=\"wp-block-embed is-type-rich is-provider-sketchfab wp-block-embed-sketchfab\"><div class=\"wp-block-embed__wrapper\">\n<div class=\"sketchfab-embed-wrapper\">    <iframe loading=\"lazy\" title=\"Emys orbicularis\" id=\"\" class=\"\" width=\"580\" height=\"326\" src=\"https:\/\/sketchfab.com\/models\/e1cfcb3dafdc402e88e30a511739caee\/embed\" frameborder=\"0\" allow=\"autoplay; fullscreen; xr-spatial-tracking\" allowfullscreen=\"\" mozallowfullscreen=\"true\" webkitallowfullscreen=\"true\" xr-spatial-tracking=\"true\" execution-while-out-of-viewport=\"true\" execution-while-not-rendered=\"true\" web-share=\"true\"><\/iframe><\/div>\n<\/div><figcaption class=\"wp-element-caption\">Model 3D d&#8217;un exemplar de tortuga d&#8217;estany <em>Emys orbicularis<\/em> de la col\u00b7lecci\u00f3 de la UAB.<\/figcaption><\/figure>\n","protected":false},"excerpt":{"rendered":"<p>Antecedents Con\u00e8ixer detalladament les esp\u00e8cies vivents \u00e9s indispensable per valorar i frenar la p\u00e8rdua accelerada de biodiversitat en la que ens trobem immersos. Les col\u00b7leccions biol\u00f2giques s\u00f3n una eina b\u00e0sica per obtenir informaci\u00f3 sobre la composici\u00f3 i distribuci\u00f3 de la biodiversitat, essent aquesta una informaci\u00f3 essencial tant per a la recerca cient\u00edfica com per a [&hellip;]<\/p>\n","protected":false},"author":20,"featured_media":0,"parent":0,"menu_order":0,"comment_status":"closed","ping_status":"closed","template":"","meta":{"footnotes":""},"class_list":["post-50","page","type-page","status-publish","hentry"],"_links":{"self":[{"href":"https:\/\/webs.uab.cat\/3dvirtualherp\/wp-json\/wp\/v2\/pages\/50","targetHints":{"allow":["GET"]}}],"collection":[{"href":"https:\/\/webs.uab.cat\/3dvirtualherp\/wp-json\/wp\/v2\/pages"}],"about":[{"href":"https:\/\/webs.uab.cat\/3dvirtualherp\/wp-json\/wp\/v2\/types\/page"}],"author":[{"embeddable":true,"href":"https:\/\/webs.uab.cat\/3dvirtualherp\/wp-json\/wp\/v2\/users\/20"}],"replies":[{"embeddable":true,"href":"https:\/\/webs.uab.cat\/3dvirtualherp\/wp-json\/wp\/v2\/comments?post=50"}],"version-history":[{"count":11,"href":"https:\/\/webs.uab.cat\/3dvirtualherp\/wp-json\/wp\/v2\/pages\/50\/revisions"}],"predecessor-version":[{"id":777,"href":"https:\/\/webs.uab.cat\/3dvirtualherp\/wp-json\/wp\/v2\/pages\/50\/revisions\/777"}],"wp:attachment":[{"href":"https:\/\/webs.uab.cat\/3dvirtualherp\/wp-json\/wp\/v2\/media?parent=50"}],"curies":[{"name":"wp","href":"https:\/\/api.w.org\/{rel}","templated":true}]}}