{"id":52,"date":"2018-07-11T23:14:30","date_gmt":"2018-07-11T23:14:30","guid":{"rendered":"https:\/\/webs.uab.cat\/3dvirtualherp\/caracters\/"},"modified":"2025-01-24T11:51:12","modified_gmt":"2025-01-24T10:51:12","slug":"caracters","status":"publish","type":"page","link":"https:\/\/webs.uab.cat\/3dvirtualherp\/caracters\/","title":{"rendered":"Car\u00e0cters"},"content":{"rendered":"\n<ul class=\"wp-block-list\">\n<li><strong>Collar<\/strong>: Plec transversal en la superf\u00edcie del coll d\u2019alguns r\u00e8ptils, orientat cap enrere i cobert per escames solapades amb les posteriors.<\/li>\n<\/ul>\n\n\n\n<p class=\"has-text-align-center\"><img loading=\"lazy\" decoding=\"async\" width=\"2560\" height=\"1707\" class=\"wp-image-321\" style=\"width: 269px\" src=\"https:\/\/webs.uab.cat\/3dvirtualherp\/wp-content\/uploads\/sites\/139\/2023\/07\/IMG_1270-1-scaled.jpg\" alt=\"\" srcset=\"https:\/\/webs.uab.cat\/3dvirtualherp\/wp-content\/uploads\/sites\/139\/2023\/07\/IMG_1270-1-scaled.jpg 2560w, https:\/\/webs.uab.cat\/3dvirtualherp\/wp-content\/uploads\/sites\/139\/2023\/07\/IMG_1270-1-300x200.jpg 300w, https:\/\/webs.uab.cat\/3dvirtualherp\/wp-content\/uploads\/sites\/139\/2023\/07\/IMG_1270-1-1024x683.jpg 1024w, https:\/\/webs.uab.cat\/3dvirtualherp\/wp-content\/uploads\/sites\/139\/2023\/07\/IMG_1270-1-768x512.jpg 768w, https:\/\/webs.uab.cat\/3dvirtualherp\/wp-content\/uploads\/sites\/139\/2023\/07\/IMG_1270-1-1536x1024.jpg 1536w, https:\/\/webs.uab.cat\/3dvirtualherp\/wp-content\/uploads\/sites\/139\/2023\/07\/IMG_1270-1-2048x1365.jpg 2048w, https:\/\/webs.uab.cat\/3dvirtualherp\/wp-content\/uploads\/sites\/139\/2023\/07\/IMG_1270-1-1200x800.jpg 1200w, https:\/\/webs.uab.cat\/3dvirtualherp\/wp-content\/uploads\/sites\/139\/2023\/07\/IMG_1270-1-1980x1320.jpg 1980w\" sizes=\"auto, (max-width: 2560px) 100vw, 2560px\" \/>   <img loading=\"lazy\" decoding=\"async\" width=\"1420\" height=\"1120\" class=\"wp-image-401\" style=\"width: 226px\" src=\"https:\/\/webs.uab.cat\/3dvirtualherp\/wp-content\/uploads\/sites\/139\/2023\/08\/IMG_1327-scaled-e1692639474851.jpg\" alt=\"\" srcset=\"https:\/\/webs.uab.cat\/3dvirtualherp\/wp-content\/uploads\/sites\/139\/2023\/08\/IMG_1327-scaled-e1692639474851.jpg 1420w, https:\/\/webs.uab.cat\/3dvirtualherp\/wp-content\/uploads\/sites\/139\/2023\/08\/IMG_1327-scaled-e1692639474851-300x237.jpg 300w, https:\/\/webs.uab.cat\/3dvirtualherp\/wp-content\/uploads\/sites\/139\/2023\/08\/IMG_1327-scaled-e1692639474851-1024x808.jpg 1024w, https:\/\/webs.uab.cat\/3dvirtualherp\/wp-content\/uploads\/sites\/139\/2023\/08\/IMG_1327-scaled-e1692639474851-768x606.jpg 768w, https:\/\/webs.uab.cat\/3dvirtualherp\/wp-content\/uploads\/sites\/139\/2023\/08\/IMG_1327-scaled-e1692639474851-1200x946.jpg 1200w\" sizes=\"auto, (max-width: 1420px) 100vw, 1420px\" \/><\/p>\n\n\n\n<ul class=\"wp-block-list\">\n<li><strong>Discs adhesius<\/strong>:&nbsp;Eixamplaments dels extrems dels dits que permeten l\u2019adhesi\u00f3 a superf\u00edcies.<\/li>\n<\/ul>\n\n\n\n<p class=\"has-text-align-center\"><img loading=\"lazy\" decoding=\"async\" width=\"1267\" height=\"1363\" class=\"wp-image-404\" style=\"width: 200px\" src=\"https:\/\/webs.uab.cat\/3dvirtualherp\/wp-content\/uploads\/sites\/139\/2023\/08\/IMG_1333-scaled-e1692636907199.jpg\" alt=\"\" srcset=\"https:\/\/webs.uab.cat\/3dvirtualherp\/wp-content\/uploads\/sites\/139\/2023\/08\/IMG_1333-scaled-e1692636907199.jpg 1267w, https:\/\/webs.uab.cat\/3dvirtualherp\/wp-content\/uploads\/sites\/139\/2023\/08\/IMG_1333-scaled-e1692636907199-279x300.jpg 279w, https:\/\/webs.uab.cat\/3dvirtualherp\/wp-content\/uploads\/sites\/139\/2023\/08\/IMG_1333-scaled-e1692636907199-952x1024.jpg 952w, https:\/\/webs.uab.cat\/3dvirtualherp\/wp-content\/uploads\/sites\/139\/2023\/08\/IMG_1333-scaled-e1692636907199-768x826.jpg 768w, https:\/\/webs.uab.cat\/3dvirtualherp\/wp-content\/uploads\/sites\/139\/2023\/08\/IMG_1333-scaled-e1692636907199-1200x1291.jpg 1200w\" sizes=\"auto, (max-width: 1267px) 100vw, 1267px\" \/><\/p>\n\n\n\n<ul class=\"wp-block-list\">\n<li><strong>Gl\u00e0ndules parot\u00eddies<\/strong>:\u00a0Protuber\u00e0ncies glandulars externes a la pell de l\u2019esquena, coll o genoll d\u2019amfibis. Solen excretar subst\u00e0ncies amb toxines. <\/li>\n<\/ul>\n\n\n\n<div class=\"wp-block-group\"><div class=\"wp-block-group__inner-container is-layout-constrained wp-block-group-is-layout-constrained\">\n<figure class=\"wp-block-gallery has-nested-images columns-default is-cropped wp-block-gallery-1 is-layout-flex wp-block-gallery-is-layout-flex\">\n<figure class=\"wp-block-image size-large\"><img loading=\"lazy\" decoding=\"async\" width=\"1024\" height=\"837\" data-id=\"413\" src=\"https:\/\/webs.uab.cat\/3dvirtualherp\/wp-content\/uploads\/sites\/139\/2023\/08\/IMG_1329-scaled-e1692637461256-1024x837.jpg\" alt=\"\" class=\"wp-image-413\" srcset=\"https:\/\/webs.uab.cat\/3dvirtualherp\/wp-content\/uploads\/sites\/139\/2023\/08\/IMG_1329-scaled-e1692637461256-1024x837.jpg 1024w, https:\/\/webs.uab.cat\/3dvirtualherp\/wp-content\/uploads\/sites\/139\/2023\/08\/IMG_1329-scaled-e1692637461256-300x245.jpg 300w, https:\/\/webs.uab.cat\/3dvirtualherp\/wp-content\/uploads\/sites\/139\/2023\/08\/IMG_1329-scaled-e1692637461256-768x628.jpg 768w, https:\/\/webs.uab.cat\/3dvirtualherp\/wp-content\/uploads\/sites\/139\/2023\/08\/IMG_1329-scaled-e1692637461256-1536x1255.jpg 1536w, https:\/\/webs.uab.cat\/3dvirtualherp\/wp-content\/uploads\/sites\/139\/2023\/08\/IMG_1329-scaled-e1692637461256-1200x981.jpg 1200w, https:\/\/webs.uab.cat\/3dvirtualherp\/wp-content\/uploads\/sites\/139\/2023\/08\/IMG_1329-scaled-e1692637461256.jpg 1707w\" sizes=\"auto, (max-width: 1024px) 100vw, 1024px\" \/><\/figure>\n\n\n\n<figure class=\"wp-block-image size-large\"><img loading=\"lazy\" decoding=\"async\" width=\"1024\" height=\"825\" data-id=\"416\" src=\"https:\/\/webs.uab.cat\/3dvirtualherp\/wp-content\/uploads\/sites\/139\/2023\/08\/IMG_1240-scaled-e1692637517655-1024x825.jpg\" alt=\"\" class=\"wp-image-416\" srcset=\"https:\/\/webs.uab.cat\/3dvirtualherp\/wp-content\/uploads\/sites\/139\/2023\/08\/IMG_1240-scaled-e1692637517655-1024x825.jpg 1024w, https:\/\/webs.uab.cat\/3dvirtualherp\/wp-content\/uploads\/sites\/139\/2023\/08\/IMG_1240-scaled-e1692637517655-300x242.jpg 300w, https:\/\/webs.uab.cat\/3dvirtualherp\/wp-content\/uploads\/sites\/139\/2023\/08\/IMG_1240-scaled-e1692637517655-768x619.jpg 768w, https:\/\/webs.uab.cat\/3dvirtualherp\/wp-content\/uploads\/sites\/139\/2023\/08\/IMG_1240-scaled-e1692637517655-1536x1238.jpg 1536w, https:\/\/webs.uab.cat\/3dvirtualherp\/wp-content\/uploads\/sites\/139\/2023\/08\/IMG_1240-scaled-e1692637517655-2048x1651.jpg 2048w, https:\/\/webs.uab.cat\/3dvirtualherp\/wp-content\/uploads\/sites\/139\/2023\/08\/IMG_1240-scaled-e1692637517655-1200x967.jpg 1200w, https:\/\/webs.uab.cat\/3dvirtualherp\/wp-content\/uploads\/sites\/139\/2023\/08\/IMG_1240-scaled-e1692637517655-1980x1596.jpg 1980w\" sizes=\"auto, (max-width: 1024px) 100vw, 1024px\" \/><\/figure>\n<\/figure>\n<\/div><\/div>\n\n\n\n<ul class=\"wp-block-list\">\n<li><strong>Laminil\u00b7les subdigitals<\/strong>:\u00a0Petites tires transversals sota els palmells que permeten l\u2019escalada.\u00a0Membranes interdigitals: Membrana de pell entre les falanges de les extremitats.<\/li>\n<\/ul>\n\n\n<div class=\"wp-block-image\">\n<figure class=\"aligncenter size-large is-resized\"><img loading=\"lazy\" decoding=\"async\" width=\"1024\" height=\"968\" src=\"https:\/\/webs.uab.cat\/3dvirtualherp\/wp-content\/uploads\/sites\/139\/2023\/08\/IMG_1269-scaled-e1692637645791-1024x968.jpg\" alt=\"\" class=\"wp-image-419\" style=\"aspect-ratio:1.0639269406392695;width:252px;height:auto\" srcset=\"https:\/\/webs.uab.cat\/3dvirtualherp\/wp-content\/uploads\/sites\/139\/2023\/08\/IMG_1269-scaled-e1692637645791-1024x968.jpg 1024w, https:\/\/webs.uab.cat\/3dvirtualherp\/wp-content\/uploads\/sites\/139\/2023\/08\/IMG_1269-scaled-e1692637645791-300x284.jpg 300w, https:\/\/webs.uab.cat\/3dvirtualherp\/wp-content\/uploads\/sites\/139\/2023\/08\/IMG_1269-scaled-e1692637645791-768x726.jpg 768w, https:\/\/webs.uab.cat\/3dvirtualherp\/wp-content\/uploads\/sites\/139\/2023\/08\/IMG_1269-scaled-e1692637645791-1200x1134.jpg 1200w, https:\/\/webs.uab.cat\/3dvirtualherp\/wp-content\/uploads\/sites\/139\/2023\/08\/IMG_1269-scaled-e1692637645791.jpg 1312w\" sizes=\"auto, (max-width: 1024px) 100vw, 1024px\" \/><\/figure>\n<\/div>\n\n\n<ul class=\"wp-block-list\">\n<li><strong>Plecs glandulars<\/strong>:&nbsp;Protuber\u00e0ncies glandulars externes a la pell que solen tenir forma longitudinal i que van des del cap fins l\u2019engonal. <\/li>\n<\/ul>\n\n\n<div class=\"wp-block-image\">\n<figure class=\"aligncenter size-large is-resized\"><img loading=\"lazy\" decoding=\"async\" width=\"1024\" height=\"398\" src=\"https:\/\/webs.uab.cat\/3dvirtualherp\/wp-content\/uploads\/sites\/139\/2023\/08\/IMG_1340-scaled-e1692638185375-1024x398.jpg\" alt=\"\" class=\"wp-image-431\" style=\"width:346px;height:134px\" srcset=\"https:\/\/webs.uab.cat\/3dvirtualherp\/wp-content\/uploads\/sites\/139\/2023\/08\/IMG_1340-scaled-e1692638185375-1024x398.jpg 1024w, https:\/\/webs.uab.cat\/3dvirtualherp\/wp-content\/uploads\/sites\/139\/2023\/08\/IMG_1340-scaled-e1692638185375-300x117.jpg 300w, https:\/\/webs.uab.cat\/3dvirtualherp\/wp-content\/uploads\/sites\/139\/2023\/08\/IMG_1340-scaled-e1692638185375-768x299.jpg 768w, https:\/\/webs.uab.cat\/3dvirtualherp\/wp-content\/uploads\/sites\/139\/2023\/08\/IMG_1340-scaled-e1692638185375-1536x597.jpg 1536w, https:\/\/webs.uab.cat\/3dvirtualherp\/wp-content\/uploads\/sites\/139\/2023\/08\/IMG_1340-scaled-e1692638185375-1200x466.jpg 1200w, https:\/\/webs.uab.cat\/3dvirtualherp\/wp-content\/uploads\/sites\/139\/2023\/08\/IMG_1340-scaled-e1692638185375.jpg 1811w\" sizes=\"auto, (max-width: 1024px) 100vw, 1024px\" \/><\/figure>\n<\/div>\n\n\n<ul class=\"wp-block-list\">\n<li><strong>Tubercles<\/strong>: protuber\u00e0ncies o elevacions de la pell.<\/li>\n<\/ul>\n\n\n\n<div class=\"wp-block-media-text is-stacked-on-mobile\" style=\"grid-template-columns:38% auto\"><figure class=\"wp-block-media-text__media\"><img loading=\"lazy\" decoding=\"async\" width=\"377\" height=\"600\" src=\"https:\/\/webs.uab.cat\/3dvirtualherp\/wp-content\/uploads\/sites\/139\/2018\/07\/captura_de_pantalla_2021-08-24_a_las_20.37.01.png\" alt=\"\" class=\"wp-image-86 size-full\" srcset=\"https:\/\/webs.uab.cat\/3dvirtualherp\/wp-content\/uploads\/sites\/139\/2018\/07\/captura_de_pantalla_2021-08-24_a_las_20.37.01.png 377w, https:\/\/webs.uab.cat\/3dvirtualherp\/wp-content\/uploads\/sites\/139\/2018\/07\/captura_de_pantalla_2021-08-24_a_las_20.37.01-189x300.png 189w\" sizes=\"auto, (max-width: 377px) 100vw, 377px\" \/><\/figure><div class=\"wp-block-media-text__content\">\n<p class=\"has-small-font-size\"><em>Il\u00b7lustraci\u00f3 3. Esquema general dels tubercles dels peus dels amfibis<\/em>. Imatge obtinguda i modificada de \u201cLista anotada y clave para las ranas (genero&nbsp;<em>Eleutherodactylus<\/em>) chocoanas del Valle del Cauca, y apuntes sobre las especies de la cordillera Occidental adyacente\u201d Lynch, J. D. 1999. Caldasia<\/p>\n<\/div><\/div>\n\n\n<div class=\"wp-block-image\">\n<figure class=\"aligncenter size-full is-resized\"><img loading=\"lazy\" decoding=\"async\" width=\"304\" height=\"652\" src=\"https:\/\/webs.uab.cat\/3dvirtualherp\/wp-content\/uploads\/sites\/139\/2018\/08\/h.-meridionalis-e1692638494557.png\" alt=\"\" class=\"wp-image-248\" style=\"aspect-ratio:0.46604215456674475;width:157px;height:auto\" srcset=\"https:\/\/webs.uab.cat\/3dvirtualherp\/wp-content\/uploads\/sites\/139\/2018\/08\/h.-meridionalis-e1692638494557.png 304w, https:\/\/webs.uab.cat\/3dvirtualherp\/wp-content\/uploads\/sites\/139\/2018\/08\/h.-meridionalis-e1692638494557-140x300.png 140w\" sizes=\"auto, (max-width: 304px) 100vw, 304px\" \/><\/figure>\n<\/div>\n\n\n<ul class=\"wp-block-list\">\n<li><strong>Esperons<\/strong>: protuber\u00e0ncia\u00a0present a les potes posteriors de\u00a0<em><a href=\"https:\/\/webs.uab.cat\/3dvirtualherp\/fitxa-descriptiva\/gripau-desperons\/\">Pelobates\u00a0cultripes<\/a><\/em>.<\/li>\n<\/ul>\n\n\n\n<p class=\"has-text-align-center\"><img loading=\"lazy\" decoding=\"async\" width=\"1600\" height=\"1707\" class=\"wp-image-256\" style=\"width: 200px\" src=\"https:\/\/webs.uab.cat\/3dvirtualherp\/wp-content\/uploads\/sites\/139\/2018\/08\/IMG_1307-scaled-e1692638728606.jpeg\" alt=\"\" srcset=\"https:\/\/webs.uab.cat\/3dvirtualherp\/wp-content\/uploads\/sites\/139\/2018\/08\/IMG_1307-scaled-e1692638728606.jpeg 1600w, https:\/\/webs.uab.cat\/3dvirtualherp\/wp-content\/uploads\/sites\/139\/2018\/08\/IMG_1307-scaled-e1692638728606-281x300.jpeg 281w, https:\/\/webs.uab.cat\/3dvirtualherp\/wp-content\/uploads\/sites\/139\/2018\/08\/IMG_1307-scaled-e1692638728606-960x1024.jpeg 960w, https:\/\/webs.uab.cat\/3dvirtualherp\/wp-content\/uploads\/sites\/139\/2018\/08\/IMG_1307-scaled-e1692638728606-768x819.jpeg 768w, https:\/\/webs.uab.cat\/3dvirtualherp\/wp-content\/uploads\/sites\/139\/2018\/08\/IMG_1307-scaled-e1692638728606-1440x1536.jpeg 1440w, https:\/\/webs.uab.cat\/3dvirtualherp\/wp-content\/uploads\/sites\/139\/2018\/08\/IMG_1307-scaled-e1692638728606-1200x1280.jpeg 1200w\" sizes=\"auto, (max-width: 1600px) 100vw, 1600px\" \/><\/p>\n\n\n<h2>ESCAMES<\/h2>\n\n<div class=\"wp-block-image\">\n<figure class=\"aligncenter\"><img loading=\"lazy\" decoding=\"async\" width=\"800\" height=\"329\" src=\"https:\/\/webs.uab.cat\/3dvirtualherp\/wp-content\/uploads\/sites\/139\/2018\/07\/captura_de_pantalla_2021-08-24_a_las_20.37.47.png\" alt=\"\" class=\"wp-image-80\" srcset=\"https:\/\/webs.uab.cat\/3dvirtualherp\/wp-content\/uploads\/sites\/139\/2018\/07\/captura_de_pantalla_2021-08-24_a_las_20.37.47.png 800w, https:\/\/webs.uab.cat\/3dvirtualherp\/wp-content\/uploads\/sites\/139\/2018\/07\/captura_de_pantalla_2021-08-24_a_las_20.37.47-300x123.png 300w, https:\/\/webs.uab.cat\/3dvirtualherp\/wp-content\/uploads\/sites\/139\/2018\/07\/captura_de_pantalla_2021-08-24_a_las_20.37.47-768x316.png 768w\" sizes=\"auto, (max-width: 800px) 100vw, 800px\" \/><figcaption class=\"wp-element-caption\"><em>Il\u00b7lustraci\u00f3 1. Esquema general de la disposici\u00f3 de les escames facials en r\u00e8ptils.&nbsp;Imatge obtinguda i modificada de&nbsp;\u201cHerpetolog\u00eda, notas para el estudio de los anfibios y reptiles en Oaxaca\u201c, Garc\u00eda-Grajales, J. 2008.<\/em><\/figcaption><\/figure>\n<\/div>\n\n\n<ul class=\"wp-block-list\">\n<li><strong>Escames imbricades<\/strong>: Escames que es disposen sobreposades unes a les altres.<img loading=\"lazy\" decoding=\"async\" width=\"1190\" height=\"1387\" class=\"wp-image-407\" style=\"width: 200px\" src=\"https:\/\/webs.uab.cat\/3dvirtualherp\/wp-content\/uploads\/sites\/139\/2023\/08\/IMG_1335-scaled-e1692637121957.jpg\" alt=\"\" srcset=\"https:\/\/webs.uab.cat\/3dvirtualherp\/wp-content\/uploads\/sites\/139\/2023\/08\/IMG_1335-scaled-e1692637121957.jpg 1190w, https:\/\/webs.uab.cat\/3dvirtualherp\/wp-content\/uploads\/sites\/139\/2023\/08\/IMG_1335-scaled-e1692637121957-257x300.jpg 257w, https:\/\/webs.uab.cat\/3dvirtualherp\/wp-content\/uploads\/sites\/139\/2023\/08\/IMG_1335-scaled-e1692637121957-879x1024.jpg 879w, https:\/\/webs.uab.cat\/3dvirtualherp\/wp-content\/uploads\/sites\/139\/2023\/08\/IMG_1335-scaled-e1692637121957-768x895.jpg 768w\" sizes=\"auto, (max-width: 1190px) 100vw, 1190px\" \/><\/li>\n\n\n\n<li><strong>Escames juxtaposades<\/strong>: Escames que es disposen de manera que les vores de les escames es troben en contacte amb les vores de les escames circumdants.<img loading=\"lazy\" decoding=\"async\" width=\"1606\" height=\"908\" class=\"wp-image-436\" style=\"width: 250px\" src=\"https:\/\/webs.uab.cat\/3dvirtualherp\/wp-content\/uploads\/sites\/139\/2023\/08\/IMG_1325-scaled-e1692639301929.jpg\" alt=\"\" srcset=\"https:\/\/webs.uab.cat\/3dvirtualherp\/wp-content\/uploads\/sites\/139\/2023\/08\/IMG_1325-scaled-e1692639301929.jpg 1606w, https:\/\/webs.uab.cat\/3dvirtualherp\/wp-content\/uploads\/sites\/139\/2023\/08\/IMG_1325-scaled-e1692639301929-300x170.jpg 300w, https:\/\/webs.uab.cat\/3dvirtualherp\/wp-content\/uploads\/sites\/139\/2023\/08\/IMG_1325-scaled-e1692639301929-1024x579.jpg 1024w, https:\/\/webs.uab.cat\/3dvirtualherp\/wp-content\/uploads\/sites\/139\/2023\/08\/IMG_1325-scaled-e1692639301929-768x434.jpg 768w, https:\/\/webs.uab.cat\/3dvirtualherp\/wp-content\/uploads\/sites\/139\/2023\/08\/IMG_1325-scaled-e1692639301929-1536x868.jpg 1536w, https:\/\/webs.uab.cat\/3dvirtualherp\/wp-content\/uploads\/sites\/139\/2023\/08\/IMG_1325-scaled-e1692639301929-1200x678.jpg 1200w\" sizes=\"auto, (max-width: 1606px) 100vw, 1606px\" \/><\/li>\n\n\n\n<li><strong>Escames granulars<\/strong>:&nbsp;Escames amb abultaments repartits per la superf\u00edcie (s\u00f3n un tipus d&#8217;escames juxtaposades).<\/li>\n\n\n\n<li><strong>Escames carenades<\/strong>: Escames amb una cresta longitudinal\u00a0central a la superf\u00edcie.<img loading=\"lazy\" decoding=\"async\" width=\"2560\" height=\"1707\" class=\"wp-image-410\" style=\"width: 250px\" src=\"https:\/\/webs.uab.cat\/3dvirtualherp\/wp-content\/uploads\/sites\/139\/2023\/08\/IMG_1321-scaled.jpg\" alt=\"\" srcset=\"https:\/\/webs.uab.cat\/3dvirtualherp\/wp-content\/uploads\/sites\/139\/2023\/08\/IMG_1321-scaled.jpg 2560w, https:\/\/webs.uab.cat\/3dvirtualherp\/wp-content\/uploads\/sites\/139\/2023\/08\/IMG_1321-300x200.jpg 300w, https:\/\/webs.uab.cat\/3dvirtualherp\/wp-content\/uploads\/sites\/139\/2023\/08\/IMG_1321-1024x683.jpg 1024w, https:\/\/webs.uab.cat\/3dvirtualherp\/wp-content\/uploads\/sites\/139\/2023\/08\/IMG_1321-768x512.jpg 768w, https:\/\/webs.uab.cat\/3dvirtualherp\/wp-content\/uploads\/sites\/139\/2023\/08\/IMG_1321-1536x1024.jpg 1536w, https:\/\/webs.uab.cat\/3dvirtualherp\/wp-content\/uploads\/sites\/139\/2023\/08\/IMG_1321-2048x1365.jpg 2048w, https:\/\/webs.uab.cat\/3dvirtualherp\/wp-content\/uploads\/sites\/139\/2023\/08\/IMG_1321-1200x800.jpg 1200w, https:\/\/webs.uab.cat\/3dvirtualherp\/wp-content\/uploads\/sites\/139\/2023\/08\/IMG_1321-1980x1320.jpg 1980w\" sizes=\"auto, (max-width: 2560px) 100vw, 2560px\" \/><\/li>\n<\/ul>\n\n\n<h2>PLAQUES DE LES TORTUGUES<\/h2>\n\n<div class=\"wp-block-image\">\n<figure class=\"aligncenter is-resized\"><img loading=\"lazy\" decoding=\"async\" width=\"800\" height=\"410\" src=\"https:\/\/webs.uab.cat\/3dvirtualherp\/wp-content\/uploads\/sites\/139\/2018\/07\/captura_de_pantalla_2021-08-24_a_las_20.37.26.png\" alt=\"\" class=\"wp-image-83\" style=\"width:700px;height:auto\" srcset=\"https:\/\/webs.uab.cat\/3dvirtualherp\/wp-content\/uploads\/sites\/139\/2018\/07\/captura_de_pantalla_2021-08-24_a_las_20.37.26.png 800w, https:\/\/webs.uab.cat\/3dvirtualherp\/wp-content\/uploads\/sites\/139\/2018\/07\/captura_de_pantalla_2021-08-24_a_las_20.37.26-300x154.png 300w, https:\/\/webs.uab.cat\/3dvirtualherp\/wp-content\/uploads\/sites\/139\/2018\/07\/captura_de_pantalla_2021-08-24_a_las_20.37.26-768x394.png 768w\" sizes=\"auto, (max-width: 800px) 100vw, 800px\" \/><figcaption class=\"wp-element-caption\"><em>Il\u00b7lustraci\u00f3 2. Esquema general de la disposici\u00f3 de les plaques en la gualdrapa i plastr\u00f3 de les tortugues. Obtinguda i modificada de \u201cErnst y Barbour, 1989. Turtles of the World, Smithsonian Institution\u201d.<\/em><\/figcaption><\/figure>\n<\/div>\n\n\n<ul class=\"wp-block-list\">\n<li><strong>Gualdrapa:<\/strong>&nbsp;Closca dorsal de les tortugues.<\/li>\n\n\n\n<li><strong>Plastr\u00f3<\/strong>: Closca ventral de les tortugues.<\/li>\n\n\n\n<li><strong>Espol\u00f3<\/strong>: Estructura punxeguda present a les potes posteriors de les tortugues.<\/li>\n<\/ul>\n\n\n\n<figure class=\"wp-block-gallery has-nested-images columns-default is-cropped wp-block-gallery-2 is-layout-flex wp-block-gallery-is-layout-flex\">\n<figure class=\"wp-block-image size-large\"><img loading=\"lazy\" decoding=\"async\" width=\"1024\" height=\"683\" data-id=\"428\" src=\"https:\/\/webs.uab.cat\/3dvirtualherp\/wp-content\/uploads\/sites\/139\/2023\/08\/IMG_1317-1024x683.jpg\" alt=\"\" class=\"wp-image-428\" srcset=\"https:\/\/webs.uab.cat\/3dvirtualherp\/wp-content\/uploads\/sites\/139\/2023\/08\/IMG_1317-1024x683.jpg 1024w, https:\/\/webs.uab.cat\/3dvirtualherp\/wp-content\/uploads\/sites\/139\/2023\/08\/IMG_1317-300x200.jpg 300w, https:\/\/webs.uab.cat\/3dvirtualherp\/wp-content\/uploads\/sites\/139\/2023\/08\/IMG_1317-768x512.jpg 768w, https:\/\/webs.uab.cat\/3dvirtualherp\/wp-content\/uploads\/sites\/139\/2023\/08\/IMG_1317-1536x1024.jpg 1536w, https:\/\/webs.uab.cat\/3dvirtualherp\/wp-content\/uploads\/sites\/139\/2023\/08\/IMG_1317-2048x1365.jpg 2048w, https:\/\/webs.uab.cat\/3dvirtualherp\/wp-content\/uploads\/sites\/139\/2023\/08\/IMG_1317-1200x800.jpg 1200w, https:\/\/webs.uab.cat\/3dvirtualherp\/wp-content\/uploads\/sites\/139\/2023\/08\/IMG_1317-1980x1320.jpg 1980w\" sizes=\"auto, (max-width: 1024px) 100vw, 1024px\" \/><\/figure>\n\n\n\n<figure class=\"wp-block-image size-large\"><img loading=\"lazy\" decoding=\"async\" width=\"1024\" height=\"683\" data-id=\"422\" src=\"https:\/\/webs.uab.cat\/3dvirtualherp\/wp-content\/uploads\/sites\/139\/2023\/08\/IMG_1315-1024x683.jpg\" alt=\"\" class=\"wp-image-422\" srcset=\"https:\/\/webs.uab.cat\/3dvirtualherp\/wp-content\/uploads\/sites\/139\/2023\/08\/IMG_1315-1024x683.jpg 1024w, https:\/\/webs.uab.cat\/3dvirtualherp\/wp-content\/uploads\/sites\/139\/2023\/08\/IMG_1315-300x200.jpg 300w, https:\/\/webs.uab.cat\/3dvirtualherp\/wp-content\/uploads\/sites\/139\/2023\/08\/IMG_1315-768x512.jpg 768w, https:\/\/webs.uab.cat\/3dvirtualherp\/wp-content\/uploads\/sites\/139\/2023\/08\/IMG_1315-1536x1024.jpg 1536w, https:\/\/webs.uab.cat\/3dvirtualherp\/wp-content\/uploads\/sites\/139\/2023\/08\/IMG_1315-2048x1365.jpg 2048w, https:\/\/webs.uab.cat\/3dvirtualherp\/wp-content\/uploads\/sites\/139\/2023\/08\/IMG_1315-1200x800.jpg 1200w, https:\/\/webs.uab.cat\/3dvirtualherp\/wp-content\/uploads\/sites\/139\/2023\/08\/IMG_1315-1980x1320.jpg 1980w\" sizes=\"auto, (max-width: 1024px) 100vw, 1024px\" \/><\/figure>\n<\/figure>\n","protected":false},"excerpt":{"rendered":"<p>Il\u00b7lustraci\u00f3 3. Esquema general dels tubercles dels peus dels amfibis. Imatge obtinguda i modificada de \u201cLista anotada y clave para las ranas (genero&nbsp;Eleutherodactylus) chocoanas del Valle del Cauca, y apuntes sobre las especies de la cordillera Occidental adyacente\u201d Lynch, J. D. 1999. Caldasia ESCAMES PLAQUES DE LES TORTUGUES<\/p>\n","protected":false},"author":20,"featured_media":0,"parent":0,"menu_order":0,"comment_status":"closed","ping_status":"closed","template":"","meta":{"footnotes":""},"class_list":["post-52","page","type-page","status-publish","hentry"],"_links":{"self":[{"href":"https:\/\/webs.uab.cat\/3dvirtualherp\/wp-json\/wp\/v2\/pages\/52","targetHints":{"allow":["GET"]}}],"collection":[{"href":"https:\/\/webs.uab.cat\/3dvirtualherp\/wp-json\/wp\/v2\/pages"}],"about":[{"href":"https:\/\/webs.uab.cat\/3dvirtualherp\/wp-json\/wp\/v2\/types\/page"}],"author":[{"embeddable":true,"href":"https:\/\/webs.uab.cat\/3dvirtualherp\/wp-json\/wp\/v2\/users\/20"}],"replies":[{"embeddable":true,"href":"https:\/\/webs.uab.cat\/3dvirtualherp\/wp-json\/wp\/v2\/comments?post=52"}],"version-history":[{"count":7,"href":"https:\/\/webs.uab.cat\/3dvirtualherp\/wp-json\/wp\/v2\/pages\/52\/revisions"}],"predecessor-version":[{"id":836,"href":"https:\/\/webs.uab.cat\/3dvirtualherp\/wp-json\/wp\/v2\/pages\/52\/revisions\/836"}],"wp:attachment":[{"href":"https:\/\/webs.uab.cat\/3dvirtualherp\/wp-json\/wp\/v2\/media?parent=52"}],"curies":[{"name":"wp","href":"https:\/\/api.w.org\/{rel}","templated":true}]}}