{"id":1230,"date":"2025-04-01T14:29:39","date_gmt":"2025-04-01T12:29:39","guid":{"rendered":"https:\/\/webs.uab.cat\/acaia\/?page_id=1230"},"modified":"2025-05-13T08:34:27","modified_gmt":"2025-05-13T06:34:27","slug":"conf2025","status":"publish","type":"page","link":"https:\/\/webs.uab.cat\/acaia\/public\/conferencias\/conf2025\/","title":{"rendered":"Conferencias 2025"},"content":{"rendered":"\n<h2 class=\"wp-block-heading alignwide has-text-align-center\" id=\"we-re-a-studio-in-berlin-with-an-international-practice-in-architecture-urban-planning-and-interior-design-we-believe-in-sharing-knowledge-and-promoting-dialogue-to-increase-the-creative-potential-of-collaboration\" style=\"font-size:48px;line-height:1.1\"><mark><strong>16.5.202<\/strong>5<\/mark><\/h2>\n\n\n\n<p class=\"wp-block-paragraph\"><mark><strong>GUERRERO-PERALES, Maria D (20250516)<\/strong><\/mark><\/p>\n\n\n\n<p class=\"wp-block-paragraph\"><mark><strong>\u201cAtuendos y Pr\u00e1cticas Funerarias: Un Estudio Sociol\u00f3gico en la Costa Sur del Per\u00fa (800\/700 cal ANE-400 cal DNE)\u201d, <\/strong><\/mark><\/p>\n\n\n\n<p class=\"wp-block-paragraph\"><mark style=\"color:var(--color-negre)\" class=\"has-inline-color\"><strong>Equipo ACAIA. Universidad de Almer\u00eda<\/strong><\/mark><\/p>\n\n\n\n<p class=\"wp-block-paragraph\"><mark><strong> Aula 11 (1340). Edificio C. Facultad de Humanidades y Ciencias de la Educaci\u00f3n II. Campus de la UAL. Ca\u00f1ada de San Urbano. Almer\u00eda. <\/strong><\/mark><\/p>\n\n\n\n<p class=\"wp-block-paragraph\"><mark><strong>Viernes 16.5.2025, 12,00 h.<\/strong><\/mark><\/p>\n\n\n\n<figure class=\"wp-block-image size-large\"><img loading=\"lazy\" decoding=\"async\" width=\"724\" height=\"1024\" src=\"https:\/\/webs.uab.cat\/acaia\/wp-content\/uploads\/sites\/303\/2025\/05\/20250516-724x1024.jpg\" alt=\"\" class=\"wp-image-1273\" srcset=\"https:\/\/webs.uab.cat\/acaia\/wp-content\/uploads\/sites\/303\/2025\/05\/20250516-724x1024.jpg 724w, https:\/\/webs.uab.cat\/acaia\/wp-content\/uploads\/sites\/303\/2025\/05\/20250516-212x300.jpg 212w, https:\/\/webs.uab.cat\/acaia\/wp-content\/uploads\/sites\/303\/2025\/05\/20250516-768x1087.jpg 768w, https:\/\/webs.uab.cat\/acaia\/wp-content\/uploads\/sites\/303\/2025\/05\/20250516.jpg 1080w\" sizes=\"auto, (max-width: 724px) 100vw, 724px\" \/><\/figure>\n\n\n\n<h2 class=\"wp-block-heading alignwide has-text-align-center\" id=\"we-re-a-studio-in-berlin-with-an-international-practice-in-architecture-urban-planning-and-interior-design-we-believe-in-sharing-knowledge-and-promoting-dialogue-to-increase-the-creative-potential-of-collaboration\" style=\"font-size:48px;line-height:1.1\">7.4.2025<\/h2>\n\n\n\n<p class=\"wp-block-paragraph\"><mark><strong>ESCORIZA-MATEU, Trinidad y GUERRERO-PERALES, Maria D (20250407)<\/strong><\/mark><\/p>\n\n\n\n<p class=\"wp-block-paragraph\"><mark><strong>\u201cMujeres y Arqueolog\u00eda. Desocultando el Pasado\u201d, <\/strong><\/mark><\/p>\n\n\n\n<p class=\"wp-block-paragraph\"><mark><mark style=\"color:var(--color-negre)\" class=\"has-inline-color\"><strong>Conferen<\/strong><\/mark><\/mark><strong><mark style=\"color:var(--color-negre)\" class=\"has-inline-color\"><mark>ci<\/mark>a. \u00abJornadas Culturales\u00bb<\/mark><\/strong><\/p>\n\n\n\n<p class=\"wp-block-paragraph\"><mark><strong> I.E.S. Montevives (Las Gabias, Granada). \u201cJornadas Culturales\u201d. <\/strong><\/mark><\/p>\n\n\n\n<p class=\"wp-block-paragraph\"><mark><strong>Lunes 7.4.2025, 10,15 y 11,45 h.<\/strong><\/mark><\/p>\n\n\n\n<figure class=\"wp-block-image size-large\"><img loading=\"lazy\" decoding=\"async\" width=\"724\" height=\"1024\" src=\"https:\/\/webs.uab.cat\/acaia\/wp-content\/uploads\/sites\/303\/2025\/04\/CARTEL-20250407-724x1024.jpg\" alt=\"\" class=\"wp-image-1212\" \/><\/figure>\n\n\n\n<h2 class=\"wp-block-heading\"><\/h2>\n","protected":false},"excerpt":{"rendered":"<p>16.5.2025 GUERRERO-PERALES, Maria D (20250516) \u201cAtuendos y Pr\u00e1cticas Funerarias: Un Estudio Sociol\u00f3gico en la Costa Sur del Per\u00fa (800\/700 cal ANE-400 cal DNE)\u201d, Equipo ACAIA. Universidad de Almer\u00eda Aula 11 (1340). Edificio C. Facultad de Humanidades y Ciencias de la Educaci\u00f3n II. Campus de la UAL. Ca\u00f1ada de San Urbano. Almer\u00eda. Viernes 16.5.2025, 12,00 h. [&hellip;]<\/p>\n","protected":false},"author":2061,"featured_media":0,"parent":179,"menu_order":0,"comment_status":"closed","ping_status":"closed","template":"","meta":{"footnotes":""},"class_list":["post-1230","page","type-page","status-publish","hentry"],"_links":{"self":[{"href":"https:\/\/webs.uab.cat\/acaia\/wp-json\/wp\/v2\/pages\/1230","targetHints":{"allow":["GET"]}}],"collection":[{"href":"https:\/\/webs.uab.cat\/acaia\/wp-json\/wp\/v2\/pages"}],"about":[{"href":"https:\/\/webs.uab.cat\/acaia\/wp-json\/wp\/v2\/types\/page"}],"author":[{"embeddable":true,"href":"https:\/\/webs.uab.cat\/acaia\/wp-json\/wp\/v2\/users\/2061"}],"replies":[{"embeddable":true,"href":"https:\/\/webs.uab.cat\/acaia\/wp-json\/wp\/v2\/comments?post=1230"}],"version-history":[{"count":5,"href":"https:\/\/webs.uab.cat\/acaia\/wp-json\/wp\/v2\/pages\/1230\/revisions"}],"predecessor-version":[{"id":1274,"href":"https:\/\/webs.uab.cat\/acaia\/wp-json\/wp\/v2\/pages\/1230\/revisions\/1274"}],"up":[{"embeddable":true,"href":"https:\/\/webs.uab.cat\/acaia\/wp-json\/wp\/v2\/pages\/179"}],"wp:attachment":[{"href":"https:\/\/webs.uab.cat\/acaia\/wp-json\/wp\/v2\/media?parent=1230"}],"curies":[{"name":"wp","href":"https:\/\/api.w.org\/{rel}","templated":true}]}}

<h2 class="wp-block-heading alignwide has-text-align-center" id="we-re-a-studio-in-berlin-with-an-international-practice-in-architecture-urban-planning-and-interior-design-we-believe-in-sharing-knowledge-and-promoting-dialogue-to-increase-the-creative-potential-of-collaboration" style="font-size:48px;line-height:1.1"><mark><strong>16.5.202</strong>5</mark></h2>



<p class="wp-block-paragraph"><mark><strong>GUERRERO-PERALES, Maria D (20250516)</strong></mark></p>



<p class="wp-block-paragraph"><mark><strong>“Atuendos y Prácticas Funerarias: Un Estudio Sociológico en la Costa Sur del Perú (800/700 cal ANE-400 cal DNE)”, </strong></mark></p>



<p class="wp-block-paragraph"><mark style="color:var(--color-negre)" class="has-inline-color"><strong>Equipo ACAIA. Universidad de Almería</strong></mark></p>



<p class="wp-block-paragraph"><mark><strong> Aula 11 (1340). Edificio C. Facultad de Humanidades y Ciencias de la Educación II. Campus de la UAL. Cañada de San Urbano. Almería. </strong></mark></p>



<p class="wp-block-paragraph"><mark><strong>Viernes 16.5.2025, 12,00 h.</strong></mark></p>



<figure class="wp-block-image size-large"><img loading="lazy" decoding="async" width="724" height="1024" src="https://webs.uab.cat/acaia/wp-content/uploads/sites/303/2025/05/20250516-724x1024.jpg" alt="" class="wp-image-1273" srcset="https://webs.uab.cat/acaia/wp-content/uploads/sites/303/2025/05/20250516-724x1024.jpg 724w, https://webs.uab.cat/acaia/wp-content/uploads/sites/303/2025/05/20250516-212x300.jpg 212w, https://webs.uab.cat/acaia/wp-content/uploads/sites/303/2025/05/20250516-768x1087.jpg 768w, https://webs.uab.cat/acaia/wp-content/uploads/sites/303/2025/05/20250516.jpg 1080w" sizes="auto, (max-width: 724px) 100vw, 724px" /></figure>



<h2 class="wp-block-heading alignwide has-text-align-center" id="we-re-a-studio-in-berlin-with-an-international-practice-in-architecture-urban-planning-and-interior-design-we-believe-in-sharing-knowledge-and-promoting-dialogue-to-increase-the-creative-potential-of-collaboration" style="font-size:48px;line-height:1.1">7.4.2025</h2>



<p class="wp-block-paragraph"><mark><strong>ESCORIZA-MATEU, Trinidad y GUERRERO-PERALES, Maria D (20250407)</strong></mark></p>



<p class="wp-block-paragraph"><mark><strong>“Mujeres y Arqueología. Desocultando el Pasado”, </strong></mark></p>



<p class="wp-block-paragraph"><mark><mark style="color:var(--color-negre)" class="has-inline-color"><strong>Conferen</strong></mark></mark><strong><mark style="color:var(--color-negre)" class="has-inline-color"><mark>ci</mark>a. «Jornadas Culturales»</mark></strong></p>



<p class="wp-block-paragraph"><mark><strong> I.E.S. Montevives (Las Gabias, Granada). “Jornadas Culturales”. </strong></mark></p>



<p class="wp-block-paragraph"><mark><strong>Lunes 7.4.2025, 10,15 y 11,45 h.</strong></mark></p>



<figure class="wp-block-image size-large"><img loading="lazy" decoding="async" width="724" height="1024" src="https://webs.uab.cat/acaia/wp-content/uploads/sites/303/2025/04/CARTEL-20250407-724x1024.jpg" alt="" class="wp-image-1212" /></figure>



<h2 class="wp-block-heading"></h2>

<p>16.5.2025 GUERRERO-PERALES, Maria D (20250516) “Atuendos y Prácticas Funerarias: Un Estudio Sociológico en la Costa Sur del Perú (800/700 cal ANE-400 cal DNE)”, Equipo ACAIA. Universidad de Almería Aula 11 (1340). Edificio C. Facultad de Humanidades y Ciencias de la Educación II. Campus de la UAL. Cañada de San Urbano. Almería. Viernes 16.5.2025, 12,00 h. [&hellip;]</p>
