{"id":1252,"date":"2025-04-10T17:44:31","date_gmt":"2025-04-10T15:44:31","guid":{"rendered":"https:\/\/webs.uab.cat\/acaia\/?page_id=1252"},"modified":"2025-04-10T18:00:54","modified_gmt":"2025-04-10T16:00:54","slug":"grupo","status":"publish","type":"page","link":"https:\/\/webs.uab.cat\/acaia\/equipo\/grupo\/","title":{"rendered":"Grupo de Investigaci\u00f3n"},"content":{"rendered":"\n<p>Dr. Pedro V. Castro-Mart\u00ednez<\/p>\n\n\n\n<p>Dra. Trinidad Escoriza-Mateu<\/p>\n\n\n\n<p>Dra. Mar\u00eda D. Guerrero-Perales<\/p>\n\n\n\n<p>Mg. Manuel A. Aguirre-Morales Prouve<\/p>\n\n\n\n<p>Mg. Mart\u00edn K. Palma Usuriaga<\/p>\n\n\n\n<p>Mg. Alonso G. Prado Barragan<\/p>\n\n\n\n<p>Mg. Lluis Torrens Campillo<\/p>\n\n\n\n<p>Mg. V\u00edctor F. Salazar Ib\u00e1\u00f1ez<\/p>\n\n\n\n<p>Arql. David Milara G\u00f3mez<\/p>\n","protected":false},"excerpt":{"rendered":"<p>Dr. Pedro V. Castro-Mart\u00ednez Dra. Trinidad Escoriza-Mateu Dra. Mar\u00eda D. Guerrero-Perales Mg. Manuel A. Aguirre-Morales Prouve Mg. Mart\u00edn K. Palma Usuriaga Mg. Alonso G. Prado Barragan Mg. Lluis Torrens Campillo Mg. V\u00edctor F. Salazar Ib\u00e1\u00f1ez Arql. David Milara G\u00f3mez<\/p>\n","protected":false},"author":2061,"featured_media":0,"parent":316,"menu_order":2,"comment_status":"closed","ping_status":"closed","template":"","meta":{"footnotes":""},"class_list":["post-1252","page","type-page","status-publish","hentry"],"_links":{"self":[{"href":"https:\/\/webs.uab.cat\/acaia\/wp-json\/wp\/v2\/pages\/1252","targetHints":{"allow":["GET"]}}],"collection":[{"href":"https:\/\/webs.uab.cat\/acaia\/wp-json\/wp\/v2\/pages"}],"about":[{"href":"https:\/\/webs.uab.cat\/acaia\/wp-json\/wp\/v2\/types\/page"}],"author":[{"embeddable":true,"href":"https:\/\/webs.uab.cat\/acaia\/wp-json\/wp\/v2\/users\/2061"}],"replies":[{"embeddable":true,"href":"https:\/\/webs.uab.cat\/acaia\/wp-json\/wp\/v2\/comments?post=1252"}],"version-history":[{"count":4,"href":"https:\/\/webs.uab.cat\/acaia\/wp-json\/wp\/v2\/pages\/1252\/revisions"}],"predecessor-version":[{"id":1261,"href":"https:\/\/webs.uab.cat\/acaia\/wp-json\/wp\/v2\/pages\/1252\/revisions\/1261"}],"up":[{"embeddable":true,"href":"https:\/\/webs.uab.cat\/acaia\/wp-json\/wp\/v2\/pages\/316"}],"wp:attachment":[{"href":"https:\/\/webs.uab.cat\/acaia\/wp-json\/wp\/v2\/media?parent=1252"}],"curies":[{"name":"wp","href":"https:\/\/api.w.org\/{rel}","templated":true}]}}