{"id":1307,"date":"2026-04-19T17:01:50","date_gmt":"2026-04-19T15:01:50","guid":{"rendered":"https:\/\/webs.uab.cat\/acaia\/?page_id=1307"},"modified":"2026-04-19T17:01:50","modified_gmt":"2026-04-19T15:01:50","slug":"conf2026","status":"publish","type":"page","link":"https:\/\/webs.uab.cat\/acaia\/public\/conferencias\/conf2026\/","title":{"rendered":"Conferencias 2026"},"content":{"rendered":"\n<h2 class=\"wp-block-heading alignwide has-text-align-center\" id=\"we-re-a-studio-in-berlin-with-an-international-practice-in-architecture-urban-planning-and-interior-design-we-believe-in-sharing-knowledge-and-promoting-dialogue-to-increase-the-creative-potential-of-collaboration\" style=\"font-size:48px;line-height:1.1\"><mark><strong>20.4.202<\/strong>6<\/mark><\/h2>\n\n\n\n<p class=\"wp-block-paragraph\"><mark><strong>GUERRERO-PERALES, Maria D (20260420)<\/strong><\/mark><\/p>\n\n\n\n<p class=\"wp-block-paragraph\"><mark><strong>\u201cHacia un Estudio Sociol\u00f3gico y Feminista del Atuendo. El Caso de la Costa Sur del Per\u00fa (800 cal ANE-400 cal DNE)\u201d, <\/strong><\/mark><\/p>\n\n\n\n<p class=\"wp-block-paragraph\"><mark style=\"color:var(--color-negre)\" class=\"has-inline-color\"><strong>Equipo ACAIA. Universidad de Almer\u00eda<\/strong><\/mark><\/p>\n\n\n\n<p class=\"wp-block-paragraph\"><mark><strong>Aula Magna. Edificio C. Facultad de Humanidades y Ciencias de la Educaci\u00f3n. Campus de la UAL. Ca\u00f1ada de San Urbano. Almer\u00eda. <\/strong><\/mark><\/p>\n\n\n\n<p class=\"wp-block-paragraph\"><mark><strong>Lunes 20.4.2026, 12,00 h.<\/strong><\/mark><\/p>\n\n\n\n<figure class=\"wp-block-image size-large\"><img loading=\"lazy\" decoding=\"async\" width=\"724\" height=\"1024\" src=\"https:\/\/webs.uab.cat\/acaia\/wp-content\/uploads\/sites\/303\/2026\/04\/20260420-MARIA-1-724x1024.jpg\" alt=\"\" class=\"wp-image-1308\" srcset=\"https:\/\/webs.uab.cat\/acaia\/wp-content\/uploads\/sites\/303\/2026\/04\/20260420-MARIA-1-724x1024.jpg 724w, https:\/\/webs.uab.cat\/acaia\/wp-content\/uploads\/sites\/303\/2026\/04\/20260420-MARIA-1-212x300.jpg 212w, https:\/\/webs.uab.cat\/acaia\/wp-content\/uploads\/sites\/303\/2026\/04\/20260420-MARIA-1-768x1086.jpg 768w, https:\/\/webs.uab.cat\/acaia\/wp-content\/uploads\/sites\/303\/2026\/04\/20260420-MARIA-1-1086x1536.jpg 1086w, https:\/\/webs.uab.cat\/acaia\/wp-content\/uploads\/sites\/303\/2026\/04\/20260420-MARIA-1-1200x1697.jpg 1200w, https:\/\/webs.uab.cat\/acaia\/wp-content\/uploads\/sites\/303\/2026\/04\/20260420-MARIA-1.jpg 1414w\" sizes=\"auto, (max-width: 724px) 100vw, 724px\" \/><\/figure>\n","protected":false},"excerpt":{"rendered":"<p>20.4.2026 GUERRERO-PERALES, Maria D (20260420) \u201cHacia un Estudio Sociol\u00f3gico y Feminista del Atuendo. El Caso de la Costa Sur del Per\u00fa (800 cal ANE-400 cal DNE)\u201d, Equipo ACAIA. Universidad de Almer\u00eda Aula Magna. Edificio C. Facultad de Humanidades y Ciencias de la Educaci\u00f3n. Campus de la UAL. Ca\u00f1ada de San Urbano. Almer\u00eda. Lunes 20.4.2026, 12,00 [&hellip;]<\/p>\n","protected":false},"author":2061,"featured_media":0,"parent":179,"menu_order":0,"comment_status":"closed","ping_status":"closed","template":"","meta":{"footnotes":""},"class_list":["post-1307","page","type-page","status-publish","hentry"],"_links":{"self":[{"href":"https:\/\/webs.uab.cat\/acaia\/wp-json\/wp\/v2\/pages\/1307","targetHints":{"allow":["GET"]}}],"collection":[{"href":"https:\/\/webs.uab.cat\/acaia\/wp-json\/wp\/v2\/pages"}],"about":[{"href":"https:\/\/webs.uab.cat\/acaia\/wp-json\/wp\/v2\/types\/page"}],"author":[{"embeddable":true,"href":"https:\/\/webs.uab.cat\/acaia\/wp-json\/wp\/v2\/users\/2061"}],"replies":[{"embeddable":true,"href":"https:\/\/webs.uab.cat\/acaia\/wp-json\/wp\/v2\/comments?post=1307"}],"version-history":[{"count":1,"href":"https:\/\/webs.uab.cat\/acaia\/wp-json\/wp\/v2\/pages\/1307\/revisions"}],"predecessor-version":[{"id":1309,"href":"https:\/\/webs.uab.cat\/acaia\/wp-json\/wp\/v2\/pages\/1307\/revisions\/1309"}],"up":[{"embeddable":true,"href":"https:\/\/webs.uab.cat\/acaia\/wp-json\/wp\/v2\/pages\/179"}],"wp:attachment":[{"href":"https:\/\/webs.uab.cat\/acaia\/wp-json\/wp\/v2\/media?parent=1307"}],"curies":[{"name":"wp","href":"https:\/\/api.w.org\/{rel}","templated":true}]}}

<h2 class="wp-block-heading alignwide has-text-align-center" id="we-re-a-studio-in-berlin-with-an-international-practice-in-architecture-urban-planning-and-interior-design-we-believe-in-sharing-knowledge-and-promoting-dialogue-to-increase-the-creative-potential-of-collaboration" style="font-size:48px;line-height:1.1"><mark><strong>20.4.202</strong>6</mark></h2>



<p class="wp-block-paragraph"><mark><strong>GUERRERO-PERALES, Maria D (20260420)</strong></mark></p>



<p class="wp-block-paragraph"><mark><strong>“Hacia un Estudio Sociológico y Feminista del Atuendo. El Caso de la Costa Sur del Perú (800 cal ANE-400 cal DNE)”, </strong></mark></p>



<p class="wp-block-paragraph"><mark style="color:var(--color-negre)" class="has-inline-color"><strong>Equipo ACAIA. Universidad de Almería</strong></mark></p>



<p class="wp-block-paragraph"><mark><strong>Aula Magna. Edificio C. Facultad de Humanidades y Ciencias de la Educación. Campus de la UAL. Cañada de San Urbano. Almería. </strong></mark></p>



<p class="wp-block-paragraph"><mark><strong>Lunes 20.4.2026, 12,00 h.</strong></mark></p>



<figure class="wp-block-image size-large"><img loading="lazy" decoding="async" width="724" height="1024" src="https://webs.uab.cat/acaia/wp-content/uploads/sites/303/2026/04/20260420-MARIA-1-724x1024.jpg" alt="" class="wp-image-1308" srcset="https://webs.uab.cat/acaia/wp-content/uploads/sites/303/2026/04/20260420-MARIA-1-724x1024.jpg 724w, https://webs.uab.cat/acaia/wp-content/uploads/sites/303/2026/04/20260420-MARIA-1-212x300.jpg 212w, https://webs.uab.cat/acaia/wp-content/uploads/sites/303/2026/04/20260420-MARIA-1-768x1086.jpg 768w, https://webs.uab.cat/acaia/wp-content/uploads/sites/303/2026/04/20260420-MARIA-1-1086x1536.jpg 1086w, https://webs.uab.cat/acaia/wp-content/uploads/sites/303/2026/04/20260420-MARIA-1-1200x1697.jpg 1200w, https://webs.uab.cat/acaia/wp-content/uploads/sites/303/2026/04/20260420-MARIA-1.jpg 1414w" sizes="auto, (max-width: 724px) 100vw, 724px" /></figure>

<p>20.4.2026 GUERRERO-PERALES, Maria D (20260420) “Hacia un Estudio Sociológico y Feminista del Atuendo. El Caso de la Costa Sur del Perú (800 cal ANE-400 cal DNE)”, Equipo ACAIA. Universidad de Almería Aula Magna. Edificio C. Facultad de Humanidades y Ciencias de la Educación. Campus de la UAL. Cañada de San Urbano. Almería. Lunes 20.4.2026, 12,00 [&hellip;]</p>
