{"id":507,"date":"2018-02-16T12:14:38","date_gmt":"2018-02-16T10:14:38","guid":{"rendered":"http:\/\/blogs.uab.cat\/acaia\/?page_id=507"},"modified":"2023-03-19T05:22:04","modified_gmt":"2023-03-19T03:22:04","slug":"conf2017","status":"publish","type":"page","link":"https:\/\/webs.uab.cat\/acaia\/public\/conferencias\/conf2017\/","title":{"rendered":"Conferencias 2017"},"content":{"rendered":"<div class=\"_1mf _1mj\" style=\"text-align: justify\">\n<div class=\"_1mf _1mj\" style=\"text-align: justify\">\n<div class=\"_1mf _1mj\">\n<div class=\"_1mf _1mj\">\n<div class=\"_1mf _1mj\">\n<div class=\"_1mf _1mj\">\n<p><span style=\"font-size: 1rem\"><strong><span style=\"font-size: xx-large\"><span style=\"color: #ff0000\">4.10.2017<\/span><\/span><\/strong><\/span><\/p>\n<p><span style=\"color: #008000\"><span style=\"font-size: 1rem\">CASTRO-MARTINEZ, P.V.&nbsp;(20171004).&nbsp;<\/span><strong style=\"font-size: 1rem\">\u201cArqueolog\u00eda en los Andes\u00bb<\/strong><span style=\"font-size: 1rem\">.&nbsp;Instituto (IES)&nbsp;Jos\u00e9 Saramago (\u00abCharlas sobre Vida Social y Arqueolog\u00eda\u00bb). Instituto de Ense\u00f1anza Secundaria \u00abJos\u00e9 Saramago\u00bb: Para el Alumnado del Centro (Avda. de la Libertad, s\/n.&nbsp;Marinaleda).&nbsp;Mi\u00e9rcoles&nbsp;4 Octubre&nbsp;2017. 9,30&nbsp;h.&nbsp;<\/span><\/span><\/p>\n<p><a href=\"https:\/\/webs.uab.cat\/acaia\/wp-content\/uploads\/sites\/303\/2016\/09\/CARTELES-3-PVCM-Puntilla.jpg\"><img loading=\"lazy\" decoding=\"async\" class=\"alignnone size-full wp-image-401\" src=\"https:\/\/webs.uab.cat\/acaia\/wp-content\/uploads\/sites\/303\/2016\/09\/CARTELES-3-PVCM-Puntilla.jpg\" alt=\"\" width=\"842\" height=\"596\" srcset=\"https:\/\/webs.uab.cat\/acaia\/wp-content\/uploads\/sites\/303\/2016\/09\/CARTELES-3-PVCM-Puntilla.jpg 842w, https:\/\/webs.uab.cat\/acaia\/wp-content\/uploads\/sites\/303\/2016\/09\/CARTELES-3-PVCM-Puntilla-300x212.jpg 300w, https:\/\/webs.uab.cat\/acaia\/wp-content\/uploads\/sites\/303\/2016\/09\/CARTELES-3-PVCM-Puntilla-768x544.jpg 768w\" sizes=\"auto, (max-width: 842px) 100vw, 842px\" \/><\/a><\/p>\n<p><span style=\"color: #008000\"><span style=\"font-size: 1rem\">ESCORIZA-MATEU,&nbsp;T. (20171004).&nbsp;<\/span><strong style=\"font-size: 1rem\">\u201cReproducci\u00f3n y Mujeres: La Exposici\u00f3n\u00bb<\/strong><span style=\"font-size: 1rem\">. Sindicato Obrero del Campo-SAT (\u00abCharlas sobre Vida Social y Arqueolog\u00eda\u00bb).&nbsp;Inauguraci\u00f3n de la ExposicI\u00f3n \u201cLa Reproducci\u00f3n Tiene Historia\u201d. Local del Sindicato Obrero del Campo-SAT (Avda. de la Libertad, 5.&nbsp;Marinaleda).&nbsp;Mi\u00e9rcoles&nbsp;4 Octubre&nbsp;2017. 19,00&nbsp;h.&nbsp;<\/span><\/span><\/p>\n<p><a href=\"https:\/\/webs.uab.cat\/acaia\/wp-content\/uploads\/sites\/303\/2016\/09\/CARTELES-4-Trini-Presenta-Expo.jpg\"><img loading=\"lazy\" decoding=\"async\" class=\"alignnone size-full wp-image-400\" src=\"https:\/\/webs.uab.cat\/acaia\/wp-content\/uploads\/sites\/303\/2016\/09\/CARTELES-4-Trini-Presenta-Expo.jpg\" alt=\"\" width=\"842\" height=\"596\" srcset=\"https:\/\/webs.uab.cat\/acaia\/wp-content\/uploads\/sites\/303\/2016\/09\/CARTELES-4-Trini-Presenta-Expo.jpg 842w, https:\/\/webs.uab.cat\/acaia\/wp-content\/uploads\/sites\/303\/2016\/09\/CARTELES-4-Trini-Presenta-Expo-300x212.jpg 300w, https:\/\/webs.uab.cat\/acaia\/wp-content\/uploads\/sites\/303\/2016\/09\/CARTELES-4-Trini-Presenta-Expo-768x544.jpg 768w\" sizes=\"auto, (max-width: 842px) 100vw, 842px\" \/><\/a><\/p>\n<\/div>\n<\/div>\n<hr>\n<p><span style=\"font-size: 1rem\"><strong><span style=\"font-size: xx-large\"><span style=\"color: #ff0000\">3.10.2017<\/span><\/span><\/strong><\/span><\/p>\n<p><span style=\"color: #008000\"><span style=\"font-size: 1rem\">ESCORIZA-MATEU,&nbsp;T. (20171003).&nbsp;<\/span><strong style=\"font-size: 1rem\">\u201cMujeres, Historia y Arqueolog\u00eda\u00bb<\/strong><span style=\"font-size: 1rem\">. Sindicato Obrero del Campo-SAT (\u00abCharlas sobre Vida Social y Arqueolog\u00eda\u00bb). Local del Sindicato Obrero del Campo-SAT (Avda. de la Libertad, 5.&nbsp;Marinaleda).&nbsp;Martes&nbsp;3&nbsp;Octubre&nbsp;2017. 19,00&nbsp;h.&nbsp;<\/span><\/span><\/p>\n<p><a href=\"https:\/\/webs.uab.cat\/acaia\/wp-content\/uploads\/sites\/303\/2016\/09\/CARTELES-1-Trini-Mujeres-Historia.jpg\"><img loading=\"lazy\" decoding=\"async\" class=\"alignnone size-full wp-image-398\" src=\"https:\/\/webs.uab.cat\/acaia\/wp-content\/uploads\/sites\/303\/2016\/09\/CARTELES-1-Trini-Mujeres-Historia.jpg\" alt=\"\" width=\"842\" height=\"596\" srcset=\"https:\/\/webs.uab.cat\/acaia\/wp-content\/uploads\/sites\/303\/2016\/09\/CARTELES-1-Trini-Mujeres-Historia.jpg 842w, https:\/\/webs.uab.cat\/acaia\/wp-content\/uploads\/sites\/303\/2016\/09\/CARTELES-1-Trini-Mujeres-Historia-300x212.jpg 300w, https:\/\/webs.uab.cat\/acaia\/wp-content\/uploads\/sites\/303\/2016\/09\/CARTELES-1-Trini-Mujeres-Historia-768x544.jpg 768w\" sizes=\"auto, (max-width: 842px) 100vw, 842px\" \/><\/a><\/p>\n<\/div>\n<\/div>\n<p><span style=\"color: #008000\"><span style=\"font-size: 1rem\">CASTRO-MARTINEZ, P.V.&nbsp;(20171003).&nbsp;<\/span><strong style=\"font-size: 1rem\">\u201cOr\u00edgenes: Falsos Mitos de la (Pre)historia\u00bb<\/strong><span style=\"font-size: 1rem\">.&nbsp;Sindicato Obrero del Campo-SAT&nbsp;(\u00abCharlas sobre Vida Social y Arqueolog\u00eda\u00bb).&nbsp;Local del Sindicato Obrero del Campo-SAT (Avda. de la Libertad, 5.&nbsp;Marinaleda).&nbsp;Martes&nbsp;3&nbsp;Octubre&nbsp;2017. 20,00&nbsp;h.&nbsp;<\/span><\/span><\/p>\n<p><a href=\"https:\/\/webs.uab.cat\/acaia\/wp-content\/uploads\/sites\/303\/2016\/09\/CARTELES-2-PVCM-Prehistoria.jpg\"><img loading=\"lazy\" decoding=\"async\" class=\"alignnone size-full wp-image-397\" src=\"https:\/\/webs.uab.cat\/acaia\/wp-content\/uploads\/sites\/303\/2016\/09\/CARTELES-2-PVCM-Prehistoria.jpg\" alt=\"\" width=\"842\" height=\"596\" srcset=\"https:\/\/webs.uab.cat\/acaia\/wp-content\/uploads\/sites\/303\/2016\/09\/CARTELES-2-PVCM-Prehistoria.jpg 842w, https:\/\/webs.uab.cat\/acaia\/wp-content\/uploads\/sites\/303\/2016\/09\/CARTELES-2-PVCM-Prehistoria-300x212.jpg 300w, https:\/\/webs.uab.cat\/acaia\/wp-content\/uploads\/sites\/303\/2016\/09\/CARTELES-2-PVCM-Prehistoria-768x544.jpg 768w\" sizes=\"auto, (max-width: 842px) 100vw, 842px\" \/><\/a><\/p>\n<div class=\"_1mf _1mj\"><\/div>\n<hr>\n<p><strong><span style=\"font-size: xx-large\"><span style=\"color: #ff0000\">28.9.2017<\/span><\/span><\/strong><\/p>\n<\/div>\n<div class=\"_1mf _1mj\" style=\"text-align: justify\">\n<p><span style=\"color: #008000\">CASTRO-MARTINEZ, P.V. (20170928).&nbsp;<strong>\u00abComunidades Aestatales y Estado desde los Asentamientos de El Trigal. Investigaciones de Arqueolog\u00eda Social en Per\u00fa (Proyecto La Puntilla, Orcona, Nasca, Ica)\u00bb<\/strong>. Departamento de Prehistoria y Arqueolog\u00eda, Universidad de Granada. Facultad de Filosof\u00eda y Letras, Aula \u00abDecano Jos\u00e9 Palanco\u00bb (Campus Universitario de La Cartuja, Granada),&nbsp;Jueves&nbsp;28&nbsp;Septiembre 2017. 12,30&nbsp;h.&nbsp;<\/span><\/p>\n<p><a href=\"https:\/\/webs.uab.cat\/acaia\/wp-content\/uploads\/sites\/303\/2016\/09\/CARTEL-UGR.png\"><img loading=\"lazy\" decoding=\"async\" class=\"alignnone wp-image-384 size-medium\" src=\"http:\/\/blogs.uab.cat\/acaia\/files\/2016\/09\/CARTEL-UGR-214x300.png\" alt=\"\" width=\"214\" height=\"300\" srcset=\"https:\/\/webs.uab.cat\/acaia\/wp-content\/uploads\/sites\/303\/2016\/09\/CARTEL-UGR-214x300.png 214w, https:\/\/webs.uab.cat\/acaia\/wp-content\/uploads\/sites\/303\/2016\/09\/CARTEL-UGR-730x1024.png 730w, https:\/\/webs.uab.cat\/acaia\/wp-content\/uploads\/sites\/303\/2016\/09\/CARTEL-UGR-768x1077.png 768w, https:\/\/webs.uab.cat\/acaia\/wp-content\/uploads\/sites\/303\/2016\/09\/CARTEL-UGR-1095x1536.png 1095w, https:\/\/webs.uab.cat\/acaia\/wp-content\/uploads\/sites\/303\/2016\/09\/CARTEL-UGR.png 1184w\" sizes=\"auto, (max-width: 214px) 100vw, 214px\" \/><\/a><\/p>\n<p>&nbsp;<\/p>\n<hr>\n<p><strong><span style=\"font-size: xx-large\"><span style=\"color: #ff0000\">31.1.2017<\/span><\/span><\/strong><\/p>\n<\/div>\n<\/div>\n<div class=\"_1mf _1mj\" style=\"text-align: justify\">\n<p><span style=\"color: #008000\">CASTRO-MARTINEZ, P.V. (20170131).&nbsp;<strong>\u00abPr\u00e1cticas Sociales y Producci\u00f3n de la Vida Social en la Costa Sur del Per\u00fa (1400 cal ANE-400 cal DNE)\u00bb<\/strong>. Ministerio de Educaci\u00f3n, Cultura y Deporte-Museo Arqueol\u00f3gico Nacional. (Ciclo de Conferencias \u00abArqueolog\u00eda Espa\u00f1ola en el Exterior\u00bb). Museo Arqueol\u00f3gico Nacional,&nbsp;Sala de Conferencias&nbsp;(c\/ Serrano 13, Madrid), Martes&nbsp;31 Enero&nbsp;2017. 19,00&nbsp;h.&nbsp;<\/span><\/p>\n<p><a href=\"https:\/\/webs.uab.cat\/acaia\/wp-content\/uploads\/sites\/303\/2017\/01\/31_01_2017_ARQ_ESP_EXT.jpg\"><img loading=\"lazy\" decoding=\"async\" class=\"alignnone wp-image-368 size-full\" src=\"https:\/\/webs.uab.cat\/acaia\/wp-content\/uploads\/sites\/303\/2017\/01\/31_01_2017_ARQ_ESP_EXT.jpg\" width=\"992\" height=\"472\" srcset=\"https:\/\/webs.uab.cat\/acaia\/wp-content\/uploads\/sites\/303\/2017\/01\/31_01_2017_ARQ_ESP_EXT.jpg 992w, https:\/\/webs.uab.cat\/acaia\/wp-content\/uploads\/sites\/303\/2017\/01\/31_01_2017_ARQ_ESP_EXT-300x143.jpg 300w, https:\/\/webs.uab.cat\/acaia\/wp-content\/uploads\/sites\/303\/2017\/01\/31_01_2017_ARQ_ESP_EXT-768x365.jpg 768w\" sizes=\"auto, (max-width: 992px) 100vw, 992px\" \/><\/a><\/p>\n<\/div>\n<hr>\n<p>&nbsp;<\/p>\n","protected":false},"excerpt":{"rendered":"<p>4.10.2017 CASTRO-MARTINEZ, P.V.&nbsp;(20171004).&nbsp;\u201cArqueolog\u00eda en los Andes\u00bb.&nbsp;Instituto (IES)&nbsp;Jos\u00e9 Saramago (\u00abCharlas sobre Vida Social y Arqueolog\u00eda\u00bb). Instituto de Ense\u00f1anza Secundaria \u00abJos\u00e9 Saramago\u00bb: Para el Alumnado del Centro (Avda. de la Libertad, s\/n.&nbsp;Marinaleda).&nbsp;Mi\u00e9rcoles&nbsp;4 Octubre&nbsp;2017. 9,30&nbsp;h.&nbsp; ESCORIZA-MATEU,&nbsp;T. (20171004).&nbsp;\u201cReproducci\u00f3n y Mujeres: La Exposici\u00f3n\u00bb. Sindicato Obrero del Campo-SAT (\u00abCharlas sobre Vida Social y Arqueolog\u00eda\u00bb).&nbsp;Inauguraci\u00f3n de la ExposicI\u00f3n \u201cLa Reproducci\u00f3n Tiene Historia\u201d. [&hellip;]<\/p>\n","protected":false},"author":2061,"featured_media":0,"parent":179,"menu_order":0,"comment_status":"closed","ping_status":"closed","template":"","meta":{"footnotes":""},"class_list":["post-507","page","type-page","status-publish","hentry"],"_links":{"self":[{"href":"https:\/\/webs.uab.cat\/acaia\/wp-json\/wp\/v2\/pages\/507","targetHints":{"allow":["GET"]}}],"collection":[{"href":"https:\/\/webs.uab.cat\/acaia\/wp-json\/wp\/v2\/pages"}],"about":[{"href":"https:\/\/webs.uab.cat\/acaia\/wp-json\/wp\/v2\/types\/page"}],"author":[{"embeddable":true,"href":"https:\/\/webs.uab.cat\/acaia\/wp-json\/wp\/v2\/users\/2061"}],"replies":[{"embeddable":true,"href":"https:\/\/webs.uab.cat\/acaia\/wp-json\/wp\/v2\/comments?post=507"}],"version-history":[{"count":1,"href":"https:\/\/webs.uab.cat\/acaia\/wp-json\/wp\/v2\/pages\/507\/revisions"}],"predecessor-version":[{"id":1012,"href":"https:\/\/webs.uab.cat\/acaia\/wp-json\/wp\/v2\/pages\/507\/revisions\/1012"}],"up":[{"embeddable":true,"href":"https:\/\/webs.uab.cat\/acaia\/wp-json\/wp\/v2\/pages\/179"}],"wp:attachment":[{"href":"https:\/\/webs.uab.cat\/acaia\/wp-json\/wp\/v2\/media?parent=507"}],"curies":[{"name":"wp","href":"https:\/\/api.w.org\/{rel}","templated":true}]}}

<div class="_1mf _1mj" style="text-align: justify">
<div class="_1mf _1mj" style="text-align: justify">
<div class="_1mf _1mj">
<div class="_1mf _1mj">
<div class="_1mf _1mj">
<div class="_1mf _1mj">
<p><span style="font-size: 1rem"><strong><span style="font-size: xx-large"><span style="color: #ff0000">4.10.2017</span></span></strong></span></p>
<p><span style="color: #008000"><span style="font-size: 1rem">CASTRO-MARTINEZ, P.V.&nbsp;(20171004).&nbsp;</span><strong style="font-size: 1rem">“Arqueología en los Andes»</strong><span style="font-size: 1rem">.&nbsp;Instituto (IES)&nbsp;José Saramago («Charlas sobre Vida Social y Arqueología»). Instituto de Enseñanza Secundaria «José Saramago»: Para el Alumnado del Centro (Avda. de la Libertad, s/n.&nbsp;Marinaleda).&nbsp;Miércoles&nbsp;4 Octubre&nbsp;2017. 9,30&nbsp;h.&nbsp;</span></span></p>
<p><a href="https://webs.uab.cat/acaia/wp-content/uploads/sites/303/2016/09/CARTELES-3-PVCM-Puntilla.jpg"><img loading="lazy" decoding="async" class="alignnone size-full wp-image-401" src="https://webs.uab.cat/acaia/wp-content/uploads/sites/303/2016/09/CARTELES-3-PVCM-Puntilla.jpg" alt="" width="842" height="596" srcset="https://webs.uab.cat/acaia/wp-content/uploads/sites/303/2016/09/CARTELES-3-PVCM-Puntilla.jpg 842w, https://webs.uab.cat/acaia/wp-content/uploads/sites/303/2016/09/CARTELES-3-PVCM-Puntilla-300x212.jpg 300w, https://webs.uab.cat/acaia/wp-content/uploads/sites/303/2016/09/CARTELES-3-PVCM-Puntilla-768x544.jpg 768w" sizes="auto, (max-width: 842px) 100vw, 842px" /></a></p>
<p><span style="color: #008000"><span style="font-size: 1rem">ESCORIZA-MATEU,&nbsp;T. (20171004).&nbsp;</span><strong style="font-size: 1rem">“Reproducción y Mujeres: La Exposición»</strong><span style="font-size: 1rem">. Sindicato Obrero del Campo-SAT («Charlas sobre Vida Social y Arqueología»).&nbsp;Inauguración de la ExposicIón “La Reproducción Tiene Historia”. Local del Sindicato Obrero del Campo-SAT (Avda. de la Libertad, 5.&nbsp;Marinaleda).&nbsp;Miércoles&nbsp;4 Octubre&nbsp;2017. 19,00&nbsp;h.&nbsp;</span></span></p>
<p><a href="https://webs.uab.cat/acaia/wp-content/uploads/sites/303/2016/09/CARTELES-4-Trini-Presenta-Expo.jpg"><img loading="lazy" decoding="async" class="alignnone size-full wp-image-400" src="https://webs.uab.cat/acaia/wp-content/uploads/sites/303/2016/09/CARTELES-4-Trini-Presenta-Expo.jpg" alt="" width="842" height="596" srcset="https://webs.uab.cat/acaia/wp-content/uploads/sites/303/2016/09/CARTELES-4-Trini-Presenta-Expo.jpg 842w, https://webs.uab.cat/acaia/wp-content/uploads/sites/303/2016/09/CARTELES-4-Trini-Presenta-Expo-300x212.jpg 300w, https://webs.uab.cat/acaia/wp-content/uploads/sites/303/2016/09/CARTELES-4-Trini-Presenta-Expo-768x544.jpg 768w" sizes="auto, (max-width: 842px) 100vw, 842px" /></a></p>
</div>
</div>
<hr>
<p><span style="font-size: 1rem"><strong><span style="font-size: xx-large"><span style="color: #ff0000">3.10.2017</span></span></strong></span></p>
<p><span style="color: #008000"><span style="font-size: 1rem">ESCORIZA-MATEU,&nbsp;T. (20171003).&nbsp;</span><strong style="font-size: 1rem">“Mujeres, Historia y Arqueología»</strong><span style="font-size: 1rem">. Sindicato Obrero del Campo-SAT («Charlas sobre Vida Social y Arqueología»). Local del Sindicato Obrero del Campo-SAT (Avda. de la Libertad, 5.&nbsp;Marinaleda).&nbsp;Martes&nbsp;3&nbsp;Octubre&nbsp;2017. 19,00&nbsp;h.&nbsp;</span></span></p>
<p><a href="https://webs.uab.cat/acaia/wp-content/uploads/sites/303/2016/09/CARTELES-1-Trini-Mujeres-Historia.jpg"><img loading="lazy" decoding="async" class="alignnone size-full wp-image-398" src="https://webs.uab.cat/acaia/wp-content/uploads/sites/303/2016/09/CARTELES-1-Trini-Mujeres-Historia.jpg" alt="" width="842" height="596" srcset="https://webs.uab.cat/acaia/wp-content/uploads/sites/303/2016/09/CARTELES-1-Trini-Mujeres-Historia.jpg 842w, https://webs.uab.cat/acaia/wp-content/uploads/sites/303/2016/09/CARTELES-1-Trini-Mujeres-Historia-300x212.jpg 300w, https://webs.uab.cat/acaia/wp-content/uploads/sites/303/2016/09/CARTELES-1-Trini-Mujeres-Historia-768x544.jpg 768w" sizes="auto, (max-width: 842px) 100vw, 842px" /></a></p>
</div>
</div>
<p><span style="color: #008000"><span style="font-size: 1rem">CASTRO-MARTINEZ, P.V.&nbsp;(20171003).&nbsp;</span><strong style="font-size: 1rem">“Orígenes: Falsos Mitos de la (Pre)historia»</strong><span style="font-size: 1rem">.&nbsp;Sindicato Obrero del Campo-SAT&nbsp;(«Charlas sobre Vida Social y Arqueología»).&nbsp;Local del Sindicato Obrero del Campo-SAT (Avda. de la Libertad, 5.&nbsp;Marinaleda).&nbsp;Martes&nbsp;3&nbsp;Octubre&nbsp;2017. 20,00&nbsp;h.&nbsp;</span></span></p>
<p><a href="https://webs.uab.cat/acaia/wp-content/uploads/sites/303/2016/09/CARTELES-2-PVCM-Prehistoria.jpg"><img loading="lazy" decoding="async" class="alignnone size-full wp-image-397" src="https://webs.uab.cat/acaia/wp-content/uploads/sites/303/2016/09/CARTELES-2-PVCM-Prehistoria.jpg" alt="" width="842" height="596" srcset="https://webs.uab.cat/acaia/wp-content/uploads/sites/303/2016/09/CARTELES-2-PVCM-Prehistoria.jpg 842w, https://webs.uab.cat/acaia/wp-content/uploads/sites/303/2016/09/CARTELES-2-PVCM-Prehistoria-300x212.jpg 300w, https://webs.uab.cat/acaia/wp-content/uploads/sites/303/2016/09/CARTELES-2-PVCM-Prehistoria-768x544.jpg 768w" sizes="auto, (max-width: 842px) 100vw, 842px" /></a></p>
<div class="_1mf _1mj"></div>
<hr>
<p><strong><span style="font-size: xx-large"><span style="color: #ff0000">28.9.2017</span></span></strong></p>
</div>
<div class="_1mf _1mj" style="text-align: justify">
<p><span style="color: #008000">CASTRO-MARTINEZ, P.V. (20170928).&nbsp;<strong>«Comunidades Aestatales y Estado desde los Asentamientos de El Trigal. Investigaciones de Arqueología Social en Perú (Proyecto La Puntilla, Orcona, Nasca, Ica)»</strong>. Departamento de Prehistoria y Arqueología, Universidad de Granada. Facultad de Filosofía y Letras, Aula «Decano José Palanco» (Campus Universitario de La Cartuja, Granada),&nbsp;Jueves&nbsp;28&nbsp;Septiembre 2017. 12,30&nbsp;h.&nbsp;</span></p>
<p><a href="https://webs.uab.cat/acaia/wp-content/uploads/sites/303/2016/09/CARTEL-UGR.png"><img loading="lazy" decoding="async" class="alignnone wp-image-384 size-medium" src="http://blogs.uab.cat/acaia/files/2016/09/CARTEL-UGR-214x300.png" alt="" width="214" height="300" srcset="https://webs.uab.cat/acaia/wp-content/uploads/sites/303/2016/09/CARTEL-UGR-214x300.png 214w, https://webs.uab.cat/acaia/wp-content/uploads/sites/303/2016/09/CARTEL-UGR-730x1024.png 730w, https://webs.uab.cat/acaia/wp-content/uploads/sites/303/2016/09/CARTEL-UGR-768x1077.png 768w, https://webs.uab.cat/acaia/wp-content/uploads/sites/303/2016/09/CARTEL-UGR-1095x1536.png 1095w, https://webs.uab.cat/acaia/wp-content/uploads/sites/303/2016/09/CARTEL-UGR.png 1184w" sizes="auto, (max-width: 214px) 100vw, 214px" /></a></p>
<p>&nbsp;</p>
<hr>
<p><strong><span style="font-size: xx-large"><span style="color: #ff0000">31.1.2017</span></span></strong></p>
</div>
</div>
<div class="_1mf _1mj" style="text-align: justify">
<p><span style="color: #008000">CASTRO-MARTINEZ, P.V. (20170131).&nbsp;<strong>«Prácticas Sociales y Producción de la Vida Social en la Costa Sur del Perú (1400 cal ANE-400 cal DNE)»</strong>. Ministerio de Educación, Cultura y Deporte-Museo Arqueológico Nacional. (Ciclo de Conferencias «Arqueología Española en el Exterior»). Museo Arqueológico Nacional,&nbsp;Sala de Conferencias&nbsp;(c/ Serrano 13, Madrid), Martes&nbsp;31 Enero&nbsp;2017. 19,00&nbsp;h.&nbsp;</span></p>
<p><a href="https://webs.uab.cat/acaia/wp-content/uploads/sites/303/2017/01/31_01_2017_ARQ_ESP_EXT.jpg"><img loading="lazy" decoding="async" class="alignnone wp-image-368 size-full" src="https://webs.uab.cat/acaia/wp-content/uploads/sites/303/2017/01/31_01_2017_ARQ_ESP_EXT.jpg" width="992" height="472" srcset="https://webs.uab.cat/acaia/wp-content/uploads/sites/303/2017/01/31_01_2017_ARQ_ESP_EXT.jpg 992w, https://webs.uab.cat/acaia/wp-content/uploads/sites/303/2017/01/31_01_2017_ARQ_ESP_EXT-300x143.jpg 300w, https://webs.uab.cat/acaia/wp-content/uploads/sites/303/2017/01/31_01_2017_ARQ_ESP_EXT-768x365.jpg 768w" sizes="auto, (max-width: 992px) 100vw, 992px" /></a></p>
</div>
<hr>
<p>&nbsp;</p>

<p>4.10.2017 CASTRO-MARTINEZ, P.V.&nbsp;(20171004).&nbsp;“Arqueología en los Andes».&nbsp;Instituto (IES)&nbsp;José Saramago («Charlas sobre Vida Social y Arqueología»). Instituto de Enseñanza Secundaria «José Saramago»: Para el Alumnado del Centro (Avda. de la Libertad, s/n.&nbsp;Marinaleda).&nbsp;Miércoles&nbsp;4 Octubre&nbsp;2017. 9,30&nbsp;h.&nbsp; ESCORIZA-MATEU,&nbsp;T. (20171004).&nbsp;“Reproducción y Mujeres: La Exposición». Sindicato Obrero del Campo-SAT («Charlas sobre Vida Social y Arqueología»).&nbsp;Inauguración de la ExposicIón “La Reproducción Tiene Historia”. [&hellip;]</p>
