{"id":883,"date":"2022-05-03T07:01:56","date_gmt":"2022-05-03T06:01:56","guid":{"rendered":"https:\/\/blogs.uab.cat\/acaia\/?page_id=883"},"modified":"2022-05-03T07:01:56","modified_gmt":"2022-05-03T06:01:56","slug":"pon2022","status":"publish","type":"page","link":"https:\/\/webs.uab.cat\/acaia\/public\/ponencias\/pon2022\/","title":{"rendered":"2022"},"content":{"rendered":"<h1><span style=\"color: #ff0000\"><strong>2022. IX Congreso Nacional Arqueolog\u00eda Per\u00fa<\/strong><\/span><\/h1>\n<p>CASTRO-MARTINEZ, P.V.; ESCORIZA-MATEU, T.; ALEMAN PAREDES, D.E.; GONZ\u00c1LEZ-RAM\u00cdREZ, A.K.; GUERRERO-PERALES, M.D.; IRAZABAL VALENCIA, S.L.; S\u00c1EZ-SEP\u00daLVEDA, A.; SALAZAR IB\u00c1\u00d1EZ, V.F. (20220823), \u201c<strong>La Puntilla (Nasca Ica)-2021-Nuevas Excavaciones en los Conjuntos Arqueologicos de El Trigal III<\/strong>\u00ab. MINISTERIO DE CULTURA DEL PERU. Simposio de Arqueolog\u00eda de la Costa Sur del Per\u00fa, Congreso Nacional de Arqueolog\u00eda del Per\u00fa. Martes 23 Agosto 2022, 4,30-6,30 pm (Per\u00fa)-23,30-01,30 h (Espa\u00f1a).\u00a0 Facebook: Cultura 24 TV (https:\/\/www.facebook.com\/cultura24.tv). Sitio Web Cultura 24.TV (https:\/\/www.cultura24.tv\/).<\/p>\n<p><a href=\"https:\/\/blogs.uab.cat\/acaia\/public\/ponencias\/pon2022\/ixcna\"><img loading=\"lazy\" decoding=\"async\" class=\"wp-image-958 alignleft\" src=\"https:\/\/webs.uab.cat\/acaia\/wp-content\/uploads\/sites\/303\/2022\/08\/IXCNA-300x70.png\" alt=\"\" width=\"399\" height=\"93\" srcset=\"https:\/\/webs.uab.cat\/acaia\/wp-content\/uploads\/sites\/303\/2022\/08\/IXCNA-300x70.png 300w, https:\/\/webs.uab.cat\/acaia\/wp-content\/uploads\/sites\/303\/2022\/08\/IXCNA-1024x240.png 1024w, https:\/\/webs.uab.cat\/acaia\/wp-content\/uploads\/sites\/303\/2022\/08\/IXCNA-768x180.png 768w, https:\/\/webs.uab.cat\/acaia\/wp-content\/uploads\/sites\/303\/2022\/08\/IXCNA-1200x281.png 1200w, https:\/\/webs.uab.cat\/acaia\/wp-content\/uploads\/sites\/303\/2022\/08\/IXCNA.png 1255w\" sizes=\"auto, (max-width: 399px) 100vw, 399px\" \/><\/a><\/p>\n<p>&nbsp;<\/p>\n<p>&nbsp;<\/p>\n<p><a href=\"https:\/\/blogs.uab.cat\/acaia\/archives\/962\/el-trigal-iii-recinto-norte-p1020473\" target=\"_blank\" rel=\"attachment noopener wp-att-968\"><img loading=\"lazy\" decoding=\"async\" class=\"alignleft wp-image-968\" src=\"https:\/\/webs.uab.cat\/acaia\/wp-content\/uploads\/sites\/303\/2022\/08\/EL-TRIGAL-III-Recinto-Norte-P1020473-300x200.png\" alt=\"\" width=\"395\" height=\"263\" srcset=\"https:\/\/webs.uab.cat\/acaia\/wp-content\/uploads\/sites\/303\/2022\/08\/EL-TRIGAL-III-Recinto-Norte-P1020473-300x200.png 300w, https:\/\/webs.uab.cat\/acaia\/wp-content\/uploads\/sites\/303\/2022\/08\/EL-TRIGAL-III-Recinto-Norte-P1020473-768x512.png 768w, https:\/\/webs.uab.cat\/acaia\/wp-content\/uploads\/sites\/303\/2022\/08\/EL-TRIGAL-III-Recinto-Norte-P1020473.png 1004w\" sizes=\"auto, (max-width: 395px) 100vw, 395px\" \/><\/a><\/p>\n<p>&nbsp;<\/p>\n<p>&nbsp;<\/p>\n<p>&nbsp;<\/p>\n<p>&nbsp;<\/p>\n<p>&nbsp;<\/p>\n<p>&nbsp;<\/p>\n<p>&nbsp;<\/p>\n<p>&nbsp;<\/p>\n<p><a href=\"https:\/\/blogs.uab.cat\/acaia\/public\/ponencias\/pon2022\/ix-cna-programa-23-agosto-2022\" target=\"_blank\" rel=\"attachment noopener wp-att-959\">IX CNA &#8211; Programa 23 Agosto 2022<\/a><\/p>\n<p><a href=\"https:\/\/blogs.uab.cat\/acaia\/public\/ponencias\/pon2022\/la-puntilla-nasca-ica-2021-nuevas-excavaciones-en-los-conjuntos-arqueologicos-de-el-trigal-iii\" target=\"_blank\" rel=\"attachment noopener wp-att-960\">Ponencia: Resumen<\/a><\/p>\n<h1><\/h1>\n<h1><span style=\"color: #ff0000\"><strong>2022. 9 World Archaeological Congress (WAC)<\/strong><\/span><\/h1>\n<p>CASTRO-MARTINEZ, P.V.; ESCORIZA-MATEU, T.; GUERRERO PERALES, M.D.; PENAGOS CABESTANY (20220708), \u201c<strong><b>Funerary Places, Kinship and Community: Burials in settlements of the Nasca Valley (Ica, Peru)<\/b>\u00ab<\/strong>. WORLD ARCHAEOLOGICAL CONGRESS, Praga. July 3-8 2022. ePoster.<\/p>\n<p><a href=\"https:\/\/www.wac-9.org\/\" target=\"_blank\" rel=\"noopener noreferrer\">WAC 9, Praga, 2022. Sitio Web.<\/a><\/p>\n<p><a href=\"https:\/\/guarant.eu\/wac-9\/files\/wac-9-abstract-book.pdf\" target=\"_blank\" rel=\"noopener\">WAC 9. Praga 2022. Abstracts Book<\/a><\/p>\n<p><a href=\"https:\/\/blogs.uab.cat\/acaia\/public\/ponencias\/pon2022\/funerary-places-kinship-and-community-burials-in-settlements-of-the-nasca-valley-ica-peru\" target=\"_blank\" rel=\"attachment noopener wp-att-930\">Funerary Places, Kinship and Community. Burials in settlements of the Nasca Valley (Ica, Peru)<\/a><\/p>\n<p><a href=\"https:\/\/webs.uab.cat\/acaia\/wp-content\/uploads\/sites\/303\/2022\/07\/Caratura-ePoster-WAC2022.png\" rel=\"attachment wp-att-940\"><img loading=\"lazy\" decoding=\"async\" class=\"aligncenter wp-image-940 size-large\" src=\"https:\/\/webs.uab.cat\/acaia\/wp-content\/uploads\/sites\/303\/2022\/07\/Caratura-ePoster-WAC2022-1024x449.png\" alt=\"\" width=\"625\" height=\"274\" srcset=\"https:\/\/webs.uab.cat\/acaia\/wp-content\/uploads\/sites\/303\/2022\/07\/Caratura-ePoster-WAC2022-1024x449.png 1024w, https:\/\/webs.uab.cat\/acaia\/wp-content\/uploads\/sites\/303\/2022\/07\/Caratura-ePoster-WAC2022-300x132.png 300w, https:\/\/webs.uab.cat\/acaia\/wp-content\/uploads\/sites\/303\/2022\/07\/Caratura-ePoster-WAC2022-768x337.png 768w, https:\/\/webs.uab.cat\/acaia\/wp-content\/uploads\/sites\/303\/2022\/07\/Caratura-ePoster-WAC2022-1536x674.png 1536w, https:\/\/webs.uab.cat\/acaia\/wp-content\/uploads\/sites\/303\/2022\/07\/Caratura-ePoster-WAC2022-2048x899.png 2048w, https:\/\/webs.uab.cat\/acaia\/wp-content\/uploads\/sites\/303\/2022\/07\/Caratura-ePoster-WAC2022-1200x527.png 1200w, https:\/\/webs.uab.cat\/acaia\/wp-content\/uploads\/sites\/303\/2022\/07\/Caratura-ePoster-WAC2022-1980x869.png 1980w\" sizes=\"auto, (max-width: 625px) 100vw, 625px\" \/><\/a><\/p>\n<h1><span style=\"color: #ff0000\"><strong>2022. X Reuni\u00f3n de Teor\u00eda Arqueol\u00f3gica de Am\u00e9rica del Sur (TAAS)<\/strong><\/span><\/h1>\n<p>CASTRO-MARTINEZ, P.V.; ESCORIZA-MATEU, T.; GUERRERO PERALES, M.D.; PENAGOS CABESTANY (20220503), \u201c<strong>Arqueolog\u00eda Social de las Pr\u00e1cticas funerarias en el Valle de Nasca (Ica, Per\u00fa) antes del Imperio Inka\u00bb<\/strong>. INSTITUTO NACIONAL DE ANTROPOLOG\u00cdA E HISTORIA-OAXACA, M\u00e9xico. Simposio de Arqueolog\u00eda de la Frontera, X Reuni\u00f3n de Teor\u00eda Arqueol\u00f3gica de Am\u00e9rica del Sur. Martes 3 Mayo 2022, 12,30-14,00 h (Horario M\u00e9xico), 19,30-21,00 h (Horario Espa\u00f1a). \u00a0Videoconferencia.<\/p>\n<p><a href=\"https:\/\/www.taasoaxaca2022.org\/index.html\" target=\"_blank\" rel=\"noopener noreferrer\">X TAAS, Oaxaca, 2022. Sitio Web.<\/a><\/p>\n<p><a href=\"https:\/\/webs.uab.cat\/acaia\/wp-content\/uploads\/sites\/303\/2022\/05\/Simposio-Fronteras.png\"><img loading=\"lazy\" decoding=\"async\" class=\"aligncenter size-large wp-image-898\" src=\"https:\/\/webs.uab.cat\/acaia\/wp-content\/uploads\/sites\/303\/2022\/05\/Simposio-Fronteras-1024x822.png\" alt=\"\" width=\"625\" height=\"502\" srcset=\"https:\/\/webs.uab.cat\/acaia\/wp-content\/uploads\/sites\/303\/2022\/05\/Simposio-Fronteras-1024x822.png 1024w, https:\/\/webs.uab.cat\/acaia\/wp-content\/uploads\/sites\/303\/2022\/05\/Simposio-Fronteras-300x241.png 300w, https:\/\/webs.uab.cat\/acaia\/wp-content\/uploads\/sites\/303\/2022\/05\/Simposio-Fronteras-768x616.png 768w, https:\/\/webs.uab.cat\/acaia\/wp-content\/uploads\/sites\/303\/2022\/05\/Simposio-Fronteras-1200x963.png 1200w, https:\/\/webs.uab.cat\/acaia\/wp-content\/uploads\/sites\/303\/2022\/05\/Simposio-Fronteras.png 1348w\" sizes=\"auto, (max-width: 625px) 100vw, 625px\" \/><\/a><\/p>\n","protected":false},"excerpt":{"rendered":"<p>2022. IX Congreso Nacional Arqueolog\u00eda Per\u00fa CASTRO-MARTINEZ, P.V.; ESCORIZA-MATEU, T.; ALEMAN PAREDES, D.E.; GONZ\u00c1LEZ-RAM\u00cdREZ, A.K.; GUERRERO-PERALES, M.D.; IRAZABAL VALENCIA, S.L.; S\u00c1EZ-SEP\u00daLVEDA, A.; SALAZAR IB\u00c1\u00d1EZ, V.F. (20220823), \u201cLa Puntilla (Nasca Ica)-2021-Nuevas Excavaciones en los Conjuntos Arqueologicos de El Trigal III\u00ab. MINISTERIO DE CULTURA DEL PERU. Simposio de Arqueolog\u00eda de la Costa Sur del Per\u00fa, Congreso Nacional [&hellip;]<\/p>\n","protected":false},"author":2061,"featured_media":0,"parent":595,"menu_order":0,"comment_status":"closed","ping_status":"closed","template":"","meta":{"footnotes":""},"class_list":["post-883","page","type-page","status-publish","hentry"],"_links":{"self":[{"href":"https:\/\/webs.uab.cat\/acaia\/wp-json\/wp\/v2\/pages\/883","targetHints":{"allow":["GET"]}}],"collection":[{"href":"https:\/\/webs.uab.cat\/acaia\/wp-json\/wp\/v2\/pages"}],"about":[{"href":"https:\/\/webs.uab.cat\/acaia\/wp-json\/wp\/v2\/types\/page"}],"author":[{"embeddable":true,"href":"https:\/\/webs.uab.cat\/acaia\/wp-json\/wp\/v2\/users\/2061"}],"replies":[{"embeddable":true,"href":"https:\/\/webs.uab.cat\/acaia\/wp-json\/wp\/v2\/comments?post=883"}],"version-history":[{"count":0,"href":"https:\/\/webs.uab.cat\/acaia\/wp-json\/wp\/v2\/pages\/883\/revisions"}],"up":[{"embeddable":true,"href":"https:\/\/webs.uab.cat\/acaia\/wp-json\/wp\/v2\/pages\/595"}],"wp:attachment":[{"href":"https:\/\/webs.uab.cat\/acaia\/wp-json\/wp\/v2\/media?parent=883"}],"curies":[{"name":"wp","href":"https:\/\/api.w.org\/{rel}","templated":true}]}}