{"id":906,"date":"2022-05-12T19:50:24","date_gmt":"2022-05-12T18:50:24","guid":{"rendered":"https:\/\/blogs.uab.cat\/acaia\/?page_id=906"},"modified":"2023-03-19T05:16:23","modified_gmt":"2023-03-19T03:16:23","slug":"conf2022","status":"publish","type":"page","link":"https:\/\/webs.uab.cat\/acaia\/public\/conferencias\/conf2022\/","title":{"rendered":"Conferencias 2022"},"content":{"rendered":"<div class=\"entry-content\">\n<h1><span style=\"color: #ff0000\"><strong>14.12.2022<\/strong><\/span><\/h1>\n<p><span style=\"color: #339966\">CASTRO-MARTINEZ, Pedro V. (20221214), <strong>\u00abProyecto La Puntilla (Orcona, Nasca, Ica, Per\u00fa. Arqueolog\u00eda Social, Continuidades e Inflexiones Hist\u00f3ricas en el Valle de Nasca, de la Emergencia del Estado a la Expansi\u00f3n Imperial Inka\u00bb<\/strong>, \u00abSesi\u00f3n 2. Investigaci\u00f3n Multidisciplinaria y Cooperaci\u00f3n Internacional\u00bb, Ciclo de Conferencias <em>Nuevos Desaf\u00edos para la Arqueolog\u00eda Andina en la Cooperaci\u00f3n Italo-Peruana: Investigaci\u00f3n Multidisciplinaria y Tecnolog\u00eda Aplicada,<\/em> Instituto Italiano de Cultura de Lima, Embajada de Italia en Per\u00fa. Emisi\u00f3n online: Zoom (<a style=\"color: #339966\" href=\"https:\/\/us06web.zoom.us\/j\/84692807017\" target=\"_blank\" rel=\"noopener\">https:\/\/us06web.zoom.us\/j\/84692807017<\/a>). Mi\u00e9rcoles 14 Diciembre 2022, 10,00 h (Horario de Per\u00fa).<\/span><\/p>\n<p><a href=\"https:\/\/blogs.uab.cat\/acaia\/public\/conferencias\/conf2022\/ante\" rel=\"attachment wp-att-975\"><img loading=\"lazy\" decoding=\"async\" class=\"aligncenter wp-image-975 size-large\" src=\"https:\/\/webs.uab.cat\/acaia\/wp-content\/uploads\/sites\/303\/2022\/12\/Ante-1024x730.jpg\" alt=\"\" width=\"625\" height=\"446\" srcset=\"https:\/\/webs.uab.cat\/acaia\/wp-content\/uploads\/sites\/303\/2022\/12\/Ante-1024x730.jpg 1024w, https:\/\/webs.uab.cat\/acaia\/wp-content\/uploads\/sites\/303\/2022\/12\/Ante-300x214.jpg 300w, https:\/\/webs.uab.cat\/acaia\/wp-content\/uploads\/sites\/303\/2022\/12\/Ante-768x548.jpg 768w, https:\/\/webs.uab.cat\/acaia\/wp-content\/uploads\/sites\/303\/2022\/12\/Ante.jpg 1139w\" sizes=\"auto, (max-width: 625px) 100vw, 625px\" \/><\/a><\/p>\n<h1><span style=\"color: #ff0000\"><strong>18.5.2022<\/strong><\/span><\/h1>\n<p><span style=\"color: #339966\">GUERRERO-PERALES, Mar\u00eda D. (20220518), <strong>\u00abLa Investigaci\u00f3n de la Indumentaria desde una Arqueolog\u00eda Social y Feminista: Casos de Estudio en la Costa Sur del Per\u00fa (c. 1400 cal ANE-400 cal DNE)\u00bb<\/strong>, <em>Proyecto de I+D FUNECOAN (HAR2017-86431-P, financiado por el MINECO, la AEI y cofinanciaci\u00f3n FEDER),<\/em><em> Equipo ACAIA, Grupo ABDERA-UAL, SGR TEDAS-UAB, <\/em>Aula Magna, Facultad de Humanidades, Universidad de Almer\u00eda. Mi\u00e9rcoles 18 Mayo 2022, 10,30 h..<\/span><\/p>\n<p><a href=\"https:\/\/webs.uab.cat\/acaia\/wp-content\/uploads\/sites\/303\/2022\/05\/UAL-INDUMENTARIA.jpeg\"><img loading=\"lazy\" decoding=\"async\" class=\"aligncenter size-large wp-image-923\" src=\"https:\/\/webs.uab.cat\/acaia\/wp-content\/uploads\/sites\/303\/2022\/05\/UAL-INDUMENTARIA-838x1024.jpeg\" alt=\"\" width=\"625\" height=\"764\" srcset=\"https:\/\/webs.uab.cat\/acaia\/wp-content\/uploads\/sites\/303\/2022\/05\/UAL-INDUMENTARIA-838x1024.jpeg 838w, https:\/\/webs.uab.cat\/acaia\/wp-content\/uploads\/sites\/303\/2022\/05\/UAL-INDUMENTARIA-246x300.jpeg 246w, https:\/\/webs.uab.cat\/acaia\/wp-content\/uploads\/sites\/303\/2022\/05\/UAL-INDUMENTARIA-768x938.jpeg 768w, https:\/\/webs.uab.cat\/acaia\/wp-content\/uploads\/sites\/303\/2022\/05\/UAL-INDUMENTARIA-1258x1536.jpeg 1258w, https:\/\/webs.uab.cat\/acaia\/wp-content\/uploads\/sites\/303\/2022\/05\/UAL-INDUMENTARIA-1200x1466.jpeg 1200w, https:\/\/webs.uab.cat\/acaia\/wp-content\/uploads\/sites\/303\/2022\/05\/UAL-INDUMENTARIA.jpeg 1310w\" sizes=\"auto, (max-width: 625px) 100vw, 625px\" \/><\/a><\/p>\n<h1><span style=\"color: #ff0000\"><strong>12.5.2022<\/strong><\/span><\/h1>\n<p><span style=\"color: #008000\">GONZALEZ-RAMIREZ, A. (20220512), <strong>\u00abAcerca del Valor de los Trabajos Reproductivos y de Cuidado en la Academia Neoliberal Chilena: Notas de Campo desde la Arqueolog\u00eda\u00bb<\/strong>, <em>Seminario Internacional \u00abLas Mujeres en la Arqueolog\u00eda: Pasado y Presente\u00bb, <\/em>Museo Arqueol\u00f3gico Gonz\u00e1lez Rinc\u00f3n Gutierrez, Universidad de Los Andes. Jueves 12 Mayo 2022, 22,00-00,30 h. (4,00-6,30 pm Venezuela).<\/span><\/p>\n<p><strong>Enlace Google Meet: <a href=\"https:\/\/meet.google.com\/vgz-yhkm-muo\">https:\/\/meet.google.com\/vgz-yhkm-muo<\/a><br \/>\n<\/strong><\/p>\n<p><strong>Sitio Chakana : <a href=\"https:\/\/blog.chakana-arq.org\/seminario-internacional-mujeres-en-la-arqueologia-pasado-y-presente\">https:\/\/blog.chakana-arq.org\/seminario-internacional-mujeres-en-la-arqueologia-pasado-y-presente<\/a><\/strong><\/p>\n<p><a href=\"https:\/\/webs.uab.cat\/acaia\/wp-content\/uploads\/sites\/303\/2022\/05\/627b8cd3552ec.jpg\"><img loading=\"lazy\" decoding=\"async\" class=\"aligncenter size-full wp-image-909\" src=\"https:\/\/webs.uab.cat\/acaia\/wp-content\/uploads\/sites\/303\/2022\/05\/627b8cd3552ec.jpg\" alt=\"\" width=\"750\" height=\"744\" srcset=\"https:\/\/webs.uab.cat\/acaia\/wp-content\/uploads\/sites\/303\/2022\/05\/627b8cd3552ec.jpg 750w, https:\/\/webs.uab.cat\/acaia\/wp-content\/uploads\/sites\/303\/2022\/05\/627b8cd3552ec-300x298.jpg 300w, https:\/\/webs.uab.cat\/acaia\/wp-content\/uploads\/sites\/303\/2022\/05\/627b8cd3552ec-150x150.jpg 150w\" sizes=\"auto, (max-width: 750px) 100vw, 750px\" \/><\/a><\/p>\n<\/div>\n","protected":false},"excerpt":{"rendered":"<p>14.12.2022 CASTRO-MARTINEZ, Pedro V. (20221214), \u00abProyecto La Puntilla (Orcona, Nasca, Ica, Per\u00fa. Arqueolog\u00eda Social, Continuidades e Inflexiones Hist\u00f3ricas en el Valle de Nasca, de la Emergencia del Estado a la Expansi\u00f3n Imperial Inka\u00bb, \u00abSesi\u00f3n 2. Investigaci\u00f3n Multidisciplinaria y Cooperaci\u00f3n Internacional\u00bb, Ciclo de Conferencias Nuevos Desaf\u00edos para la Arqueolog\u00eda Andina en la Cooperaci\u00f3n Italo-Peruana: Investigaci\u00f3n Multidisciplinaria [&hellip;]<\/p>\n","protected":false},"author":2061,"featured_media":0,"parent":179,"menu_order":0,"comment_status":"closed","ping_status":"closed","template":"","meta":{"footnotes":""},"class_list":["post-906","page","type-page","status-publish","hentry"],"_links":{"self":[{"href":"https:\/\/webs.uab.cat\/acaia\/wp-json\/wp\/v2\/pages\/906","targetHints":{"allow":["GET"]}}],"collection":[{"href":"https:\/\/webs.uab.cat\/acaia\/wp-json\/wp\/v2\/pages"}],"about":[{"href":"https:\/\/webs.uab.cat\/acaia\/wp-json\/wp\/v2\/types\/page"}],"author":[{"embeddable":true,"href":"https:\/\/webs.uab.cat\/acaia\/wp-json\/wp\/v2\/users\/2061"}],"replies":[{"embeddable":true,"href":"https:\/\/webs.uab.cat\/acaia\/wp-json\/wp\/v2\/comments?post=906"}],"version-history":[{"count":1,"href":"https:\/\/webs.uab.cat\/acaia\/wp-json\/wp\/v2\/pages\/906\/revisions"}],"predecessor-version":[{"id":1005,"href":"https:\/\/webs.uab.cat\/acaia\/wp-json\/wp\/v2\/pages\/906\/revisions\/1005"}],"up":[{"embeddable":true,"href":"https:\/\/webs.uab.cat\/acaia\/wp-json\/wp\/v2\/pages\/179"}],"wp:attachment":[{"href":"https:\/\/webs.uab.cat\/acaia\/wp-json\/wp\/v2\/media?parent=906"}],"curies":[{"name":"wp","href":"https:\/\/api.w.org\/{rel}","templated":true}]}}

<div class="entry-content">
<h1><span style="color: #ff0000"><strong>14.12.2022</strong></span></h1>
<p><span style="color: #339966">CASTRO-MARTINEZ, Pedro V. (20221214), <strong>«Proyecto La Puntilla (Orcona, Nasca, Ica, Perú. Arqueología Social, Continuidades e Inflexiones Históricas en el Valle de Nasca, de la Emergencia del Estado a la Expansión Imperial Inka»</strong>, «Sesión 2. Investigación Multidisciplinaria y Cooperación Internacional», Ciclo de Conferencias <em>Nuevos Desafíos para la Arqueología Andina en la Cooperación Italo-Peruana: Investigación Multidisciplinaria y Tecnología Aplicada,</em> Instituto Italiano de Cultura de Lima, Embajada de Italia en Perú. Emisión online: Zoom (<a style="color: #339966" href="https://us06web.zoom.us/j/84692807017" target="_blank" rel="noopener">https://us06web.zoom.us/j/84692807017</a>). Miércoles 14 Diciembre 2022, 10,00 h (Horario de Perú).</span></p>
<p><a href="https://blogs.uab.cat/acaia/public/conferencias/conf2022/ante" rel="attachment wp-att-975"><img loading="lazy" decoding="async" class="aligncenter wp-image-975 size-large" src="https://webs.uab.cat/acaia/wp-content/uploads/sites/303/2022/12/Ante-1024x730.jpg" alt="" width="625" height="446" srcset="https://webs.uab.cat/acaia/wp-content/uploads/sites/303/2022/12/Ante-1024x730.jpg 1024w, https://webs.uab.cat/acaia/wp-content/uploads/sites/303/2022/12/Ante-300x214.jpg 300w, https://webs.uab.cat/acaia/wp-content/uploads/sites/303/2022/12/Ante-768x548.jpg 768w, https://webs.uab.cat/acaia/wp-content/uploads/sites/303/2022/12/Ante.jpg 1139w" sizes="auto, (max-width: 625px) 100vw, 625px" /></a></p>
<h1><span style="color: #ff0000"><strong>18.5.2022</strong></span></h1>
<p><span style="color: #339966">GUERRERO-PERALES, María D. (20220518), <strong>«La Investigación de la Indumentaria desde una Arqueología Social y Feminista: Casos de Estudio en la Costa Sur del Perú (c. 1400 cal ANE-400 cal DNE)»</strong>, <em>Proyecto de I+D FUNECOAN (HAR2017-86431-P, financiado por el MINECO, la AEI y cofinanciación FEDER),</em><em> Equipo ACAIA, Grupo ABDERA-UAL, SGR TEDAS-UAB, </em>Aula Magna, Facultad de Humanidades, Universidad de Almería. Miércoles 18 Mayo 2022, 10,30 h..</span></p>
<p><a href="https://webs.uab.cat/acaia/wp-content/uploads/sites/303/2022/05/UAL-INDUMENTARIA.jpeg"><img loading="lazy" decoding="async" class="aligncenter size-large wp-image-923" src="https://webs.uab.cat/acaia/wp-content/uploads/sites/303/2022/05/UAL-INDUMENTARIA-838x1024.jpeg" alt="" width="625" height="764" srcset="https://webs.uab.cat/acaia/wp-content/uploads/sites/303/2022/05/UAL-INDUMENTARIA-838x1024.jpeg 838w, https://webs.uab.cat/acaia/wp-content/uploads/sites/303/2022/05/UAL-INDUMENTARIA-246x300.jpeg 246w, https://webs.uab.cat/acaia/wp-content/uploads/sites/303/2022/05/UAL-INDUMENTARIA-768x938.jpeg 768w, https://webs.uab.cat/acaia/wp-content/uploads/sites/303/2022/05/UAL-INDUMENTARIA-1258x1536.jpeg 1258w, https://webs.uab.cat/acaia/wp-content/uploads/sites/303/2022/05/UAL-INDUMENTARIA-1200x1466.jpeg 1200w, https://webs.uab.cat/acaia/wp-content/uploads/sites/303/2022/05/UAL-INDUMENTARIA.jpeg 1310w" sizes="auto, (max-width: 625px) 100vw, 625px" /></a></p>
<h1><span style="color: #ff0000"><strong>12.5.2022</strong></span></h1>
<p><span style="color: #008000">GONZALEZ-RAMIREZ, A. (20220512), <strong>«Acerca del Valor de los Trabajos Reproductivos y de Cuidado en la Academia Neoliberal Chilena: Notas de Campo desde la Arqueología»</strong>, <em>Seminario Internacional «Las Mujeres en la Arqueología: Pasado y Presente», </em>Museo Arqueológico González Rincón Gutierrez, Universidad de Los Andes. Jueves 12 Mayo 2022, 22,00-00,30 h. (4,00-6,30 pm Venezuela).</span></p>
<p><strong>Enlace Google Meet: <a href="https://meet.google.com/vgz-yhkm-muo">https://meet.google.com/vgz-yhkm-muo</a><br />
</strong></p>
<p><strong>Sitio Chakana : <a href="https://blog.chakana-arq.org/seminario-internacional-mujeres-en-la-arqueologia-pasado-y-presente">https://blog.chakana-arq.org/seminario-internacional-mujeres-en-la-arqueologia-pasado-y-presente</a></strong></p>
<p><a href="https://webs.uab.cat/acaia/wp-content/uploads/sites/303/2022/05/627b8cd3552ec.jpg"><img loading="lazy" decoding="async" class="aligncenter size-full wp-image-909" src="https://webs.uab.cat/acaia/wp-content/uploads/sites/303/2022/05/627b8cd3552ec.jpg" alt="" width="750" height="744" srcset="https://webs.uab.cat/acaia/wp-content/uploads/sites/303/2022/05/627b8cd3552ec.jpg 750w, https://webs.uab.cat/acaia/wp-content/uploads/sites/303/2022/05/627b8cd3552ec-300x298.jpg 300w, https://webs.uab.cat/acaia/wp-content/uploads/sites/303/2022/05/627b8cd3552ec-150x150.jpg 150w" sizes="auto, (max-width: 750px) 100vw, 750px" /></a></p>
</div>

<p>14.12.2022 CASTRO-MARTINEZ, Pedro V. (20221214), «Proyecto La Puntilla (Orcona, Nasca, Ica, Perú. Arqueología Social, Continuidades e Inflexiones Históricas en el Valle de Nasca, de la Emergencia del Estado a la Expansión Imperial Inka», «Sesión 2. Investigación Multidisciplinaria y Cooperación Internacional», Ciclo de Conferencias Nuevos Desafíos para la Arqueología Andina en la Cooperación Italo-Peruana: Investigación Multidisciplinaria [&hellip;]</p>
