{"id":38,"date":"2024-01-15T12:19:26","date_gmt":"2024-01-15T10:19:26","guid":{"rendered":"https:\/\/webs.uab.cat\/acelec\/?page_id=38"},"modified":"2024-01-15T12:33:19","modified_gmt":"2024-01-15T10:33:19","slug":"els-nostres-objectius","status":"publish","type":"page","link":"https:\/\/webs.uab.cat\/acelec\/els-nostres-objectius\/","title":{"rendered":"Els nostres objectius"},"content":{"rendered":"\n<p><\/p>\n\n\n\n<p><\/p>\n\n\n\n<h2 class=\"wp-block-heading\">Els nostres objectius<\/h2>\n\n\n\n<p>Des del grup ACELEC tenim un doble objectiu de recerca i transfer\u00e8ncia per consolidar el nostre posicionament de lideratge de recerca en educaci\u00f3 cient\u00edfica a Catalunya i Espanya:\u202f\u00a0<\/p>\n\n\n\n<p><\/p>\n\n\n\n<p><strong>1. Enfortir la recerca en termes de productivitat, qualitat, integritat, obertura i projecci\u00f3 internacional per generar coneixement i, a m\u00e9s, per consolidar metodologies i estructures de formaci\u00f3 i suport a la recerca i la seva transfer\u00e8ncia.\u202f\u00a0<\/strong><\/p>\n\n\n\n<p><\/p>\n\n\n\n<p><strong>2. A partir del primer, respondre als reptes socials actuals de l\u2019educaci\u00f3 cient\u00edfica i ambiental:<\/strong><\/p>\n\n\n\n<p><strong>a) Fomentar educaci\u00f3 cient\u00edfica per al pensament cr\u00edtic, creatiu i amb valors en un context de post-veritat<\/strong><\/p>\n\n\n\n<p><strong>b) Promoure educaci\u00f3 cient\u00edfica per la sostenibilitat en un context d\u2019emerg\u00e8ncia clim\u00e0tica<\/strong><\/p>\n\n\n\n<p><strong>c) Desenvolupar educaci\u00f3 cient\u00edfica per a una tecnologia al servei de les persones en un context polaritzat (tecnof\u00f2bic vs tecnooptimista) i de desigualtat digital.<\/strong><\/p>\n\n\n\n<p><\/p>\n\n\n\n<p><\/p>\n\n\n\n<p>Per donar resposta a aquests 3 reptes socials establim <strong>3 l\u00ednies de recerca<\/strong> a seguir:\u00a0<\/p>\n\n\n\n<p><strong>1) <\/strong>Desenvolupar i definir un marc operatiu i metodol\u00f2gic per donar lloc a un pensament cr\u00edtic, creatiu i \u00e8tic a l\u2019aula de ci\u00e8ncies des de la perspectiva ACE\u00a0<\/p>\n\n\n\n<p><strong>2) <\/strong>Crear un marc de compet\u00e8ncies en educaci\u00f3 per a la sostenibilitat i investigaci\u00f3 de com aplicar-les als diferents nivells i contextos educatius.\u202f\u00a0<\/p>\n\n\n\n<p><strong>3)<\/strong> Analitzar i valorar els processos d\u2019ensenyament i aprenentatge de les ci\u00e8ncies en una varietat d\u2019entorns educatius (STEM, STEAM, ABP, ci\u00e8ncies de context\u2026) i d\u2019etapes de l\u2019educaci\u00f3.<\/p>\n\n\n\n<h2 class=\"wp-block-heading\"><\/h2>\n","protected":false},"excerpt":{"rendered":"<p>Els nostres objectius Des del grup ACELEC tenim un doble objectiu de recerca i transfer\u00e8ncia per consolidar el nostre posicionament de lideratge de recerca en educaci\u00f3 cient\u00edfica a Catalunya i Espanya:\u202f\u00a0 1. Enfortir la recerca en termes de productivitat, qualitat, integritat, obertura i projecci\u00f3 internacional per generar coneixement i, a m\u00e9s, per consolidar metodologies i [&hellip;]<\/p>\n","protected":false},"author":2797,"featured_media":0,"parent":0,"menu_order":2,"comment_status":"closed","ping_status":"closed","template":"","meta":{"footnotes":""},"class_list":["post-38","page","type-page","status-publish","hentry"],"_links":{"self":[{"href":"https:\/\/webs.uab.cat\/acelec\/wp-json\/wp\/v2\/pages\/38","targetHints":{"allow":["GET"]}}],"collection":[{"href":"https:\/\/webs.uab.cat\/acelec\/wp-json\/wp\/v2\/pages"}],"about":[{"href":"https:\/\/webs.uab.cat\/acelec\/wp-json\/wp\/v2\/types\/page"}],"author":[{"embeddable":true,"href":"https:\/\/webs.uab.cat\/acelec\/wp-json\/wp\/v2\/users\/2797"}],"replies":[{"embeddable":true,"href":"https:\/\/webs.uab.cat\/acelec\/wp-json\/wp\/v2\/comments?post=38"}],"version-history":[{"count":4,"href":"https:\/\/webs.uab.cat\/acelec\/wp-json\/wp\/v2\/pages\/38\/revisions"}],"predecessor-version":[{"id":48,"href":"https:\/\/webs.uab.cat\/acelec\/wp-json\/wp\/v2\/pages\/38\/revisions\/48"}],"wp:attachment":[{"href":"https:\/\/webs.uab.cat\/acelec\/wp-json\/wp\/v2\/media?parent=38"}],"curies":[{"name":"wp","href":"https:\/\/api.w.org\/{rel}","templated":true}]}}