{"id":27,"date":"2013-04-12T09:27:11","date_gmt":"2013-04-12T09:27:11","guid":{"rendered":"http:\/\/blogs.uab.cat\/acme\/?page_id=27"},"modified":"2022-07-22T10:59:36","modified_gmt":"2022-07-22T08:59:36","slug":"ultimes-entrades","status":"publish","type":"page","link":"https:\/\/webs.uab.cat\/acme\/ultimes-entrades\/","title":{"rendered":"\u00daltimes Entrades"},"content":{"rendered":"<ul class=\"wp-block-latest-posts__list wp-block-latest-posts\"><li><a class=\"wp-block-latest-posts__post-title\" href=\"https:\/\/webs.uab.cat\/acme\/2022\/03\/18\/guia-per-crear-problemes-de-matematiques-i-fisica-amb-acme\/\">Guia per crear problemes de matem\u00e0tiques i f\u00edsica amb ACME<\/a><div class=\"wp-block-latest-posts__post-excerpt\">En aquest document hi trobareu els passos a seguir per a programar un problema de matem\u00e0tiques o f\u00edsica amb ACME de manera visual i guiada, aix\u00ed com una introducci\u00f3 als tipus de problemes que s\u2019hi poden dissenyar. Pot resultar \u00fatil tant per a iniciar-se a la plataforma, com per a aprendre amb detall les particularitats\u2026 <a class=\"wp-block-latest-posts__read-more\" href=\"https:\/\/webs.uab.cat\/acme\/2022\/03\/18\/guia-per-crear-problemes-de-matematiques-i-fisica-amb-acme\/\" rel=\"noopener noreferrer\">Llegiu-ne m\u00e9s<span class=\"screen-reader-text\">: Guia per crear problemes de matem\u00e0tiques i f\u00edsica amb ACME<\/span><\/a><\/div><\/li>\n<li><a class=\"wp-block-latest-posts__post-title\" href=\"https:\/\/webs.uab.cat\/acme\/2021\/07\/26\/testejar-un-exercici\/\">Testejar un exercici<\/a><div class=\"wp-block-latest-posts__post-excerpt\">Un cop hem creat un exercici XML podem testejar-lo.<\/div><\/li>\n<li><a class=\"wp-block-latest-posts__post-title\" href=\"https:\/\/webs.uab.cat\/acme\/2021\/07\/26\/ajudes-dins-dacme\/\">Ajudes dins d&#8217;ACME<\/a><div class=\"wp-block-latest-posts__post-excerpt\">Al mateix ACME disposem d&#8217;un men\u00fa d&#8217;ajudes sobre diferents funcionalitats Nota: el v\u00eddeo \u00e9s extret del curs de formaci\u00f3 realitzat l\u2019octubre de 2020 a la UAB.<\/div><\/li>\n<li><a class=\"wp-block-latest-posts__post-title\" href=\"https:\/\/webs.uab.cat\/acme\/2021\/07\/26\/desar-les-activitats-per-a-un-altre-curs-generar-un-motlle\/\">Desar les activitats per a un altre curs (generar un motlle)<\/a><div class=\"wp-block-latest-posts__post-excerpt\">Podem aprofitar la configuraci\u00f3 de les activitats d&#8217;una assignatura per a altres assignatures o per al curs vinent. Hem d&#8217;exportar-les en un fitxer, anomenat Motlle. Nota: el v\u00eddeo \u00e9s extret del curs de formaci\u00f3 realitzat l\u2019octubre de 2020 a la UAB.<\/div><\/li>\n<li><a class=\"wp-block-latest-posts__post-title\" href=\"https:\/\/webs.uab.cat\/acme\/2021\/07\/26\/avaluacio-de-lassignatura\/\">Avaluaci\u00f3 de l&#8217;assignatura<\/a><div class=\"wp-block-latest-posts__post-excerpt\">ACME genera calcula les notes dels estudiants a partir de les ponderacions que nosaltres donem a les activitats i els exercicis dins de cada activitat, ponderacions que es poden canviar en qualsevol moment. Podem exportar les notes d&#8217;una o m\u00e9s activitats a Moodle i a final de curs descarregar-nos des del men\u00fa de responsable les\u2026 <a class=\"wp-block-latest-posts__read-more\" href=\"https:\/\/webs.uab.cat\/acme\/2021\/07\/26\/avaluacio-de-lassignatura\/\" rel=\"noopener noreferrer\">Llegiu-ne m\u00e9s<span class=\"screen-reader-text\">: Avaluaci\u00f3 de l&#8217;assignatura<\/span><\/a><\/div><\/li>\n<li><a class=\"wp-block-latest-posts__post-title\" href=\"https:\/\/webs.uab.cat\/acme\/2021\/07\/23\/exploracio-del-desenvolupament-duna-activiat\/\">Exploraci\u00f3 del desenvolupament d&#8217;una activiat<\/a><div class=\"wp-block-latest-posts__post-excerpt\">Consultar activitat mentre es realitza Respostes de cada estudiant i incid\u00e8ncies amb algun exercici Quan cliquem a un exercici d&#8217;un estudiant podem visualitzar les seves respostes i en quina hora s&#8217;han fet. Podem enviar una resposta com si f\u00f3ssim l&#8217;estudiant i canviar a m\u00e0 l&#8217;estat d&#8217;un exercici (de no resolt a resolt i nombre d&#8217;errors)\u2026 <a class=\"wp-block-latest-posts__read-more\" href=\"https:\/\/webs.uab.cat\/acme\/2021\/07\/23\/exploracio-del-desenvolupament-duna-activiat\/\" rel=\"noopener noreferrer\">Llegiu-ne m\u00e9s<span class=\"screen-reader-text\">: Exploraci\u00f3 del desenvolupament d&#8217;una activiat<\/span><\/a><\/div><\/li>\n<li><a class=\"wp-block-latest-posts__post-title\" href=\"https:\/\/webs.uab.cat\/acme\/2021\/07\/22\/cerca-dexercicis-tipus-dexercicis-i-consulta-de-la-seva-fitxa-de-propietats\/\">Cerca d&#8217;exercicis, tipus d&#8217;exercicis i consulta de la seva fitxa de propietats.<\/a><div class=\"wp-block-latest-posts__post-excerpt\">La cerca d&#8217;exercicis es fa per tem\u00e0tica o per paraules clau. Podem visualitzar-ne l&#8217;enunciat , l&#8217;autor, la ID a la base de dades, etc. Nota: el v\u00eddeo \u00e9s extret del curs de formaci\u00f3 realitzat l&#8217;octubre de 2020 a la UAB.<\/div><\/li>\n<li><a class=\"wp-block-latest-posts__post-title\" href=\"https:\/\/webs.uab.cat\/acme\/2021\/07\/22\/modificar-una-activitat-un-cop-ja-sha-sortejat\/\">Modificar una activitat un cop ja s&#8217;ha sortejat<\/a><div class=\"wp-block-latest-posts__post-excerpt\">Quan l&#8217;activitat ja ha estat creada i els exercicis sortejats, podem modificar-la. Podem canviar les ponderacions de les activitats i dels exercicis, aix\u00ed com les dates d&#8217;inici i final d&#8217;una activitat, per a tots els estudiants o nom\u00e9s algun. Tamb\u00e9 podem afegir o eliminar un exercici de l&#8217;activitat Nota: els v\u00eddeos s\u00f3n extrets del curs\u2026 <a class=\"wp-block-latest-posts__read-more\" href=\"https:\/\/webs.uab.cat\/acme\/2021\/07\/22\/modificar-una-activitat-un-cop-ja-sha-sortejat\/\" rel=\"noopener noreferrer\">Llegiu-ne m\u00e9s<span class=\"screen-reader-text\">: Modificar una activitat un cop ja s&#8217;ha sortejat<\/span><\/a><\/div><\/li>\n<li><a class=\"wp-block-latest-posts__post-title\" href=\"https:\/\/webs.uab.cat\/acme\/2021\/07\/22\/per-que-utilitzar-acme\/\">Per qu\u00e8 utilitzar ACME?<\/a><div class=\"wp-block-latest-posts__post-excerpt\">Qu\u00e8 \u00e9s exactament ACME i quins s\u00f3n els seus avantatges respecte d&#8217;altres possibilitats d&#8217;avaluaci\u00f3 continuada online, com per exemple els q\u00fcestionaris Moodle? Nota: el v\u00eddeo \u00e9s extret del curs de formaci\u00f3 realitzat l&#8217;octubre de 2020 a la UAB.<\/div><\/li>\n<li><a class=\"wp-block-latest-posts__post-title\" href=\"https:\/\/webs.uab.cat\/acme\/2021\/07\/21\/crear-una-activitat\/\">Crear una activitat<\/a><div class=\"wp-block-latest-posts__post-excerpt\">Per crear una activitat ACME hem de seguir els passos seg\u00fcents: Crear des de Moodle una activitat ACME. Es tracta nom\u00e9s d&#8217;un enlla\u00e7 a l&#8217;activitat ACME que muntarem. Saltar a ACME utilitzant l&#8217;enlla\u00e7 que hem creat. Cercar exercicis i posar-los a la cistella (men\u00fa Quadern d&#8217;exercicis). Anar a Dossier dels alumnes -&gt; Assignar un exercici\u2026 <a class=\"wp-block-latest-posts__read-more\" href=\"https:\/\/webs.uab.cat\/acme\/2021\/07\/21\/crear-una-activitat\/\" rel=\"noopener noreferrer\">Llegiu-ne m\u00e9s<span class=\"screen-reader-text\">: Crear una activitat<\/span><\/a><\/div><\/li>\n<\/ul>","protected":false},"excerpt":{"rendered":"","protected":false},"author":46,"featured_media":0,"parent":0,"menu_order":3,"comment_status":"open","ping_status":"open","template":"","meta":{"footnotes":""},"class_list":["post-27","page","type-page","status-publish","hentry"],"_links":{"self":[{"href":"https:\/\/webs.uab.cat\/acme\/wp-json\/wp\/v2\/pages\/27","targetHints":{"allow":["GET"]}}],"collection":[{"href":"https:\/\/webs.uab.cat\/acme\/wp-json\/wp\/v2\/pages"}],"about":[{"href":"https:\/\/webs.uab.cat\/acme\/wp-json\/wp\/v2\/types\/page"}],"author":[{"embeddable":true,"href":"https:\/\/webs.uab.cat\/acme\/wp-json\/wp\/v2\/users\/46"}],"replies":[{"embeddable":true,"href":"https:\/\/webs.uab.cat\/acme\/wp-json\/wp\/v2\/comments?post=27"}],"version-history":[{"count":3,"href":"https:\/\/webs.uab.cat\/acme\/wp-json\/wp\/v2\/pages\/27\/revisions"}],"predecessor-version":[{"id":278,"href":"https:\/\/webs.uab.cat\/acme\/wp-json\/wp\/v2\/pages\/27\/revisions\/278"}],"wp:attachment":[{"href":"https:\/\/webs.uab.cat\/acme\/wp-json\/wp\/v2\/media?parent=27"}],"curies":[{"name":"wp","href":"https:\/\/api.w.org\/{rel}","templated":true}]}}