{"id":26,"date":"2009-05-08T11:22:32","date_gmt":"2009-05-08T11:22:32","guid":{"rendered":"https:\/\/webs.uab.cat\/adt\/qui-som\/"},"modified":"2022-10-03T18:11:15","modified_gmt":"2022-10-03T18:11:15","slug":"qui-som","status":"publish","type":"page","link":"https:\/\/webs.uab.cat\/adt\/","title":{"rendered":"Hist\u00f2ria i Qui Som?"},"content":{"rendered":"\n<h2 class=\"wp-block-heading\"><strong>Presentaci\u00f3 ADT a la UAB<\/strong><\/h2>\n\n\n\n<p>En&nbsp;data 12 de mar\u00e7 de 2012&nbsp;&nbsp;es va crear la secci\u00f3 sindical ADT (Assemblea Democr\u00e0tica de Treballadors), per al PAS, la qual t\u00e9 representaci\u00f3 a diferents administracions p\u00fabliques i empreses actualment.<\/p>\n\n\n\n<p>Vam&nbsp;decidir crear un \u00e0mbit on tot el personal funcionari s&#8217;hi pogu\u00e9s sentir representat, i on, veritablement s&#8217;escolt\u00e9s la seva veu. Qu\u00e8 fos veritablement un col\u00b7lectiu independent.<\/p>\n\n\n\n<p>Considerem que totes les idees s\u00f3n bones i entenem que som tothom qui hem de trobar una sol\u00b7luci\u00f3 o decidir una acci\u00f3. L\u2019acci\u00f3 ha de passar per denunciar totes les irregularitats que coneixem i que posen en dubte el bon fer d&#8217;aquesta universitat, aix\u00ed com per donar suport a tot el personal funcionari que pugui aportar idees i per convocar assamblees&nbsp;on es parli de la problem\u00e0tica del personal funcionari i el personal funcionari sigui escoltat.<\/p>\n\n\n\n<p>Nosaltres no ens cansarem de defensar a la Junta que hi ha personal inter\u00ed que fa m\u00e9s de cinc anys que es troba en aquesta situaci\u00f3, que far\u00e0 sis anys que no es convoquen places d&#8217;auxiliar administratiu, que s&#8217;est\u00e0 permeten que es dilati en el temps la convocat\u00f2ria de places, que continuen proliferant les comissions de serveis indiscriminades, etc&#8230;.<\/p>\n\n\n\n<p>Actualment disposem d&#8217;un local sindical. Si voleu venir-nos a veure i fer una xerrada on pugueu fer-nos arribar les vostres inquietuds i les vostres propostes, per aix\u00f2 estem. Aix\u00ed tamb\u00e9 us farem part\u00edceps del nou projecte. Tamb\u00e9 us comentem que tenim contractada una assessoria legal que us podr\u00e0 donar respostes quan les necessiteu.<\/p>\n\n\n\n<h2 class=\"wp-block-heading\"><strong>Qui som?<\/strong><\/h2>\n\n\n\n<p>Leticia Juli\u00e1 Romea<br><strong>Secret\u00e0ria General<\/strong><\/p>\n\n\n\n<p>Marta<br><strong>Secret\u00e0ria d&#8217;Organitzaci\u00f3<\/strong><br>&nbsp;<\/p>\n\n\n\n<p><strong>Delegats de personal<\/strong><\/p>\n\n\n\n<p>Leticia Juli\u00e0<\/p>\n\n\n\n<p>Marta S\u00e1nchez<\/p>\n\n\n\n<p><strong>Delegats sindicals<\/strong><\/p>\n\n\n\n<p>Marta <\/p>\n","protected":false},"excerpt":{"rendered":"<p>Presentaci\u00f3 ADT a la UAB En&nbsp;data 12 de mar\u00e7 de 2012&nbsp;&nbsp;es va crear la secci\u00f3 sindical ADT (Assemblea Democr\u00e0tica de Treballadors), per al PAS, la qual t\u00e9 representaci\u00f3 a diferents administracions p\u00fabliques i empreses actualment. Vam&nbsp;decidir crear un \u00e0mbit on tot el personal funcionari s&#8217;hi pogu\u00e9s sentir representat, i on, veritablement s&#8217;escolt\u00e9s la seva veu. [&hellip;]<\/p>\n","protected":false},"author":20,"featured_media":0,"parent":0,"menu_order":0,"comment_status":"closed","ping_status":"closed","template":"","meta":{"footnotes":""},"class_list":["post-26","page","type-page","status-publish","hentry"],"_links":{"self":[{"href":"https:\/\/webs.uab.cat\/adt\/wp-json\/wp\/v2\/pages\/26","targetHints":{"allow":["GET"]}}],"collection":[{"href":"https:\/\/webs.uab.cat\/adt\/wp-json\/wp\/v2\/pages"}],"about":[{"href":"https:\/\/webs.uab.cat\/adt\/wp-json\/wp\/v2\/types\/page"}],"author":[{"embeddable":true,"href":"https:\/\/webs.uab.cat\/adt\/wp-json\/wp\/v2\/users\/20"}],"replies":[{"embeddable":true,"href":"https:\/\/webs.uab.cat\/adt\/wp-json\/wp\/v2\/comments?post=26"}],"version-history":[{"count":2,"href":"https:\/\/webs.uab.cat\/adt\/wp-json\/wp\/v2\/pages\/26\/revisions"}],"predecessor-version":[{"id":136,"href":"https:\/\/webs.uab.cat\/adt\/wp-json\/wp\/v2\/pages\/26\/revisions\/136"}],"wp:attachment":[{"href":"https:\/\/webs.uab.cat\/adt\/wp-json\/wp\/v2\/media?parent=26"}],"curies":[{"name":"wp","href":"https:\/\/api.w.org\/{rel}","templated":true}]}}