{"id":45,"date":"2023-09-22T17:42:43","date_gmt":"2023-09-22T15:42:43","guid":{"rendered":"https:\/\/webs.uab.cat\/afronta\/?page_id=45"},"modified":"2024-10-18T09:23:35","modified_gmt":"2024-10-18T07:23:35","slug":"enlaces-de-interes","status":"publish","type":"page","link":"https:\/\/webs.uab.cat\/afronta\/enlaces-de-interes\/","title":{"rendered":"Enlaces de inter\u00e9s"},"content":{"rendered":"\n<h2 class=\"wp-block-heading\">Proyecto VULNERAS (2018-2021)<\/h2>\n\n\n\n<div class=\"wp-block-media-text alignwide is-stacked-on-mobile\" style=\"grid-template-columns:15% auto\"><figure class=\"wp-block-media-text__media\"><img loading=\"lazy\" decoding=\"async\" width=\"176\" height=\"176\" src=\"https:\/\/webs.uab.cat\/afronta\/wp-content\/uploads\/sites\/472\/2023\/09\/Vulneas-logo-YT.jpg\" alt=\"\" class=\"wp-image-46 size-full\" srcset=\"https:\/\/webs.uab.cat\/afronta\/wp-content\/uploads\/sites\/472\/2023\/09\/Vulneas-logo-YT.jpg 176w, https:\/\/webs.uab.cat\/afronta\/wp-content\/uploads\/sites\/472\/2023\/09\/Vulneas-logo-YT-150x150.jpg 150w\" sizes=\"auto, (max-width: 176px) 100vw, 176px\" \/><\/figure><div class=\"wp-block-media-text__content\">\n<p>El proyecto <em>Vulneras<\/em> (<em>Crianza, desamparo y vulnerabilidad sociocultural. An\u00e1lisis situacional y propuestas de intervenci\u00f3n<\/em>, CSO2017-83101-C2-1-R) constituye el antecedente inmediato de AFRONTA y se llev\u00f3 a cabo por parte del mismo equipo entre los a\u00f1os 2018 y 2021.<\/p>\n\n\n\n<div class=\"wp-block-buttons is-layout-flex wp-block-buttons-is-layout-flex\">\n<div class=\"wp-block-button\"><a class=\"wp-block-button__link wp-element-button\" href=\"https:\/\/webs.uab.cat\/vulneras\/\">web del proyecto vulneras<\/a><\/div>\n\n\n\n<div class=\"wp-block-button\"><a class=\"wp-block-button__link wp-element-button\" href=\"https:\/\/webs.uab.cat\/vulneras\/publicaciones\/\">publicaciones<\/a><\/div>\n\n\n\n<div class=\"wp-block-button\"><a class=\"wp-block-button__link wp-element-button\" href=\"https:\/\/www.youtube.com\/@proyectovulneras5573\">materiales audiovisuales<\/a><\/div>\n<\/div>\n<\/div><\/div>\n\n\n\n<div style=\"height:84px\" aria-hidden=\"true\" class=\"wp-block-spacer\"><\/div>\n\n\n\n<h2 class=\"wp-block-heading\">Grupo de Investigaci\u00f3n en Antropolog\u00eda Fundamental y Orientada (GRAFO)<\/h2>\n\n\n\n<div class=\"wp-block-media-text alignwide is-stacked-on-mobile\" style=\"grid-template-columns:15% auto\"><figure class=\"wp-block-media-text__media\"><img loading=\"lazy\" decoding=\"async\" width=\"176\" height=\"176\" src=\"https:\/\/webs.uab.cat\/afronta\/wp-content\/uploads\/sites\/472\/2023\/09\/GRAFO-logo-YT.jpg\" alt=\"\" class=\"wp-image-50 size-full\" srcset=\"https:\/\/webs.uab.cat\/afronta\/wp-content\/uploads\/sites\/472\/2023\/09\/GRAFO-logo-YT.jpg 176w, https:\/\/webs.uab.cat\/afronta\/wp-content\/uploads\/sites\/472\/2023\/09\/GRAFO-logo-YT-150x150.jpg 150w\" sizes=\"auto, (max-width: 176px) 100vw, 176px\" \/><\/figure><div class=\"wp-block-media-text__content\">\n<p>Desde el GRAFO pretendemos contribuir a la construcci\u00f3n de comunidades&nbsp;resilientes&nbsp;mediante el estudio y la mejora de las condiciones de vida de poblaciones socialmente&nbsp;vulnerables y culturalmente diversas&nbsp;en la sociedad global digitalizada, que se muestra cada vez m\u00e1s desigual y polarizada.<\/p>\n\n\n\n<div class=\"wp-block-buttons is-layout-flex wp-block-buttons-is-layout-flex\">\n<div class=\"wp-block-button\"><a class=\"wp-block-button__link wp-element-button\" href=\"https:\/\/webs.uab.cat\/grafo\/\">web grafo<\/a><\/div>\n\n\n\n<div class=\"wp-block-button\"><a class=\"wp-block-button__link wp-element-button\" href=\"https:\/\/webs.uab.cat\/grafo\/publicaciones-2\/\">publicaciones<\/a><\/div>\n\n\n\n<div class=\"wp-block-button\"><a class=\"wp-block-button__link wp-element-button\" href=\"https:\/\/www.youtube.com\/@grafouab6884\">materiales audiovisuales<\/a><\/div>\n<\/div>\n<\/div><\/div>\n\n\n\n<div class=\"wp-block-media-text alignwide is-stacked-on-mobile\" style=\"grid-template-columns:15% auto\"><figure class=\"wp-block-media-text__media\"><img loading=\"lazy\" decoding=\"async\" width=\"776\" height=\"374\" src=\"https:\/\/webs.uab.cat\/afronta\/wp-content\/uploads\/sites\/472\/2024\/10\/Captura-de-pantalla-2024-10-18-091319.png\" alt=\"\" class=\"wp-image-735 size-full\" srcset=\"https:\/\/webs.uab.cat\/afronta\/wp-content\/uploads\/sites\/472\/2024\/10\/Captura-de-pantalla-2024-10-18-091319.png 776w, https:\/\/webs.uab.cat\/afronta\/wp-content\/uploads\/sites\/472\/2024\/10\/Captura-de-pantalla-2024-10-18-091319-300x145.png 300w, https:\/\/webs.uab.cat\/afronta\/wp-content\/uploads\/sites\/472\/2024\/10\/Captura-de-pantalla-2024-10-18-091319-768x370.png 768w\" sizes=\"auto, (max-width: 776px) 100vw, 776px\" \/><\/figure><div class=\"wp-block-media-text__content\">\n<p><em>Invulnerables<\/em> es un documental generado en el marco del proyecto VulneraS, que recoge los testimonios de tres mujeres en situaci\u00f3n de vulnerabilidad sociocultural y nos muestra c\u00f3mo se enfrentan a situaciones de pobreza y vulnerabilidad sobrevenidas y a su condici\u00f3n de mujeres responsables de la crianza y de los cuidados familiares. El documental se adentra en algo tan sumamente complejo como es mostrar esa confluencia de g\u00e9nero con la vulnerabilidad, la crianza y los cuidados, su capacidad de organizaci\u00f3n y sus estrategias de afrontamiento desde varios temas centrales como el trabajo, la escuela, la vivienda o la importancia del arraigo en el barrio y del apoyo social.<\/p>\n\n\n\n<div class=\"wp-block-buttons is-layout-flex wp-block-buttons-is-layout-flex\">\n<div class=\"wp-block-button\"><a class=\"wp-block-button__link wp-element-button\" href=\"https:\/\/youtu.be\/bP6SsPX_HXc?feature=shared\">V\u00cdDEO<\/a><\/div>\n\n\n\n<div class=\"wp-block-button\"><a class=\"wp-block-button__link wp-element-button\" href=\"https:\/\/webs.uab.cat\/vulneras\/\">PROYECTO<\/a><\/div>\n<\/div>\n<\/div><\/div>\n\n\n\n<div class=\"wp-block-media-text alignwide is-stacked-on-mobile\" style=\"grid-template-columns:15% auto\"><figure class=\"wp-block-media-text__media\"><img loading=\"lazy\" decoding=\"async\" width=\"1024\" height=\"704\" src=\"https:\/\/webs.uab.cat\/afronta\/wp-content\/uploads\/sites\/472\/2024\/10\/Captura-de-pantalla-2024-10-18-092002-1024x704.png\" alt=\"\" class=\"wp-image-739 size-full\" srcset=\"https:\/\/webs.uab.cat\/afronta\/wp-content\/uploads\/sites\/472\/2024\/10\/Captura-de-pantalla-2024-10-18-092002-1024x704.png 1024w, https:\/\/webs.uab.cat\/afronta\/wp-content\/uploads\/sites\/472\/2024\/10\/Captura-de-pantalla-2024-10-18-092002-300x206.png 300w, https:\/\/webs.uab.cat\/afronta\/wp-content\/uploads\/sites\/472\/2024\/10\/Captura-de-pantalla-2024-10-18-092002-768x528.png 768w, https:\/\/webs.uab.cat\/afronta\/wp-content\/uploads\/sites\/472\/2024\/10\/Captura-de-pantalla-2024-10-18-092002.png 1167w\" sizes=\"auto, (max-width: 1024px) 100vw, 1024px\" \/><\/figure><div class=\"wp-block-media-text__content\">\n<p><em>Invol\u00facrate<\/em> es un espot de sensibilizaci\u00f3n social sobre la infancia vulnerable, generado al amparo del proyecto VulneraS, orientado a ladifusi\u00f3n en redes sociales. <\/p>\n\n\n\n<div class=\"wp-block-buttons is-layout-flex wp-block-buttons-is-layout-flex\">\n<div class=\"wp-block-button\"><a class=\"wp-block-button__link wp-element-button\" href=\"https:\/\/youtu.be\/Qmh6FrFGvBs?feature=shared\">ESPOT<\/a><\/div>\n\n\n\n<div class=\"wp-block-button\"><a class=\"wp-block-button__link wp-element-button\" href=\"https:\/\/webs.uab.cat\/vulneras\/\">PROYECTO<\/a><\/div>\n<\/div>\n<\/div><\/div>\n","protected":false},"excerpt":{"rendered":"<p>Proyecto VULNERAS (2018-2021) Grupo de Investigaci\u00f3n en Antropolog\u00eda Fundamental y Orientada (GRAFO)<\/p>\n","protected":false},"author":99,"featured_media":0,"parent":0,"menu_order":4,"comment_status":"closed","ping_status":"closed","template":"","meta":{"footnotes":""},"class_list":["post-45","page","type-page","status-publish","hentry"],"_links":{"self":[{"href":"https:\/\/webs.uab.cat\/afronta\/wp-json\/wp\/v2\/pages\/45","targetHints":{"allow":["GET"]}}],"collection":[{"href":"https:\/\/webs.uab.cat\/afronta\/wp-json\/wp\/v2\/pages"}],"about":[{"href":"https:\/\/webs.uab.cat\/afronta\/wp-json\/wp\/v2\/types\/page"}],"author":[{"embeddable":true,"href":"https:\/\/webs.uab.cat\/afronta\/wp-json\/wp\/v2\/users\/99"}],"replies":[{"embeddable":true,"href":"https:\/\/webs.uab.cat\/afronta\/wp-json\/wp\/v2\/comments?post=45"}],"version-history":[{"count":13,"href":"https:\/\/webs.uab.cat\/afronta\/wp-json\/wp\/v2\/pages\/45\/revisions"}],"predecessor-version":[{"id":740,"href":"https:\/\/webs.uab.cat\/afronta\/wp-json\/wp\/v2\/pages\/45\/revisions\/740"}],"wp:attachment":[{"href":"https:\/\/webs.uab.cat\/afronta\/wp-json\/wp\/v2\/media?parent=45"}],"curies":[{"name":"wp","href":"https:\/\/api.w.org\/{rel}","templated":true}]}}