{"id":944,"date":"2025-02-17T13:58:39","date_gmt":"2025-02-17T11:58:39","guid":{"rendered":"https:\/\/webs.uab.cat\/afronta\/?page_id=944"},"modified":"2025-02-17T13:59:51","modified_gmt":"2025-02-17T11:59:51","slug":"app-movil","status":"publish","type":"page","link":"https:\/\/webs.uab.cat\/afronta\/recursos\/app-movil\/","title":{"rendered":"APP m\u00f3vil"},"content":{"rendered":"\n<ul class=\"wp-block-list\">\n<li><em>Aplicaci\u00f3n m\u00f3vil para prevenir publicaciones en redes sociales que pongan en peligro la protecci\u00f3n de las mujeres que han sufrido violencia de g\u00e9nero<\/em>, desarrollada por Paula Chen Guzm\u00e1n Garc\u00eda (Grado en Ingenier\u00eda Inform\u00e1tica, Universitat Polit\u00e8cnica de Catalunya, UPC). En desarrollo.<\/li>\n<\/ul>\n\n\n\n<p><\/p>\n","protected":false},"excerpt":{"rendered":"","protected":false},"author":99,"featured_media":0,"parent":71,"menu_order":9,"comment_status":"closed","ping_status":"closed","template":"","meta":{"footnotes":""},"class_list":["post-944","page","type-page","status-publish","hentry"],"_links":{"self":[{"href":"https:\/\/webs.uab.cat\/afronta\/wp-json\/wp\/v2\/pages\/944","targetHints":{"allow":["GET"]}}],"collection":[{"href":"https:\/\/webs.uab.cat\/afronta\/wp-json\/wp\/v2\/pages"}],"about":[{"href":"https:\/\/webs.uab.cat\/afronta\/wp-json\/wp\/v2\/types\/page"}],"author":[{"embeddable":true,"href":"https:\/\/webs.uab.cat\/afronta\/wp-json\/wp\/v2\/users\/99"}],"replies":[{"embeddable":true,"href":"https:\/\/webs.uab.cat\/afronta\/wp-json\/wp\/v2\/comments?post=944"}],"version-history":[{"count":3,"href":"https:\/\/webs.uab.cat\/afronta\/wp-json\/wp\/v2\/pages\/944\/revisions"}],"predecessor-version":[{"id":947,"href":"https:\/\/webs.uab.cat\/afronta\/wp-json\/wp\/v2\/pages\/944\/revisions\/947"}],"up":[{"embeddable":true,"href":"https:\/\/webs.uab.cat\/afronta\/wp-json\/wp\/v2\/pages\/71"}],"wp:attachment":[{"href":"https:\/\/webs.uab.cat\/afronta\/wp-json\/wp\/v2\/media?parent=944"}],"curies":[{"name":"wp","href":"https:\/\/api.w.org\/{rel}","templated":true}]}}