{"id":986,"date":"2025-03-06T13:35:24","date_gmt":"2025-03-06T11:35:24","guid":{"rendered":"https:\/\/webs.uab.cat\/afronta\/?page_id=986"},"modified":"2025-05-18T15:42:54","modified_gmt":"2025-05-18T13:42:54","slug":"proposta-didactica-catala","status":"publish","type":"page","link":"https:\/\/webs.uab.cat\/afronta\/recursos\/proposta-didactica-catala\/","title":{"rendered":"Proposta did\u00e0ctica (Catal\u00e0)"},"content":{"rendered":"\n<p>Aquesta proposta did\u00e0ctica ofereix un&nbsp;<strong>recurs&nbsp;<\/strong>per a docents de Secund\u00e0ria (i altres nivells formatius) que desitgen incorporar&nbsp;<strong>metodologies actives i col\u00b7laboratives<\/strong>&nbsp;a les seves aules. A trav\u00e9s de dues activitats dissenyades per fomentar la&nbsp;<strong>participaci\u00f3, el pensament cr\u00edtic i la creativitat<\/strong>, els alumnes podran desenvolupar habilitats clau per al seu aprenentatge i creixement personal.<\/p>\n\n\n\n<p>Les activitats estan pensades per ser&nbsp;<strong>personalitzades<\/strong>&nbsp;segons les necessitats i el ritme de cada grup, permetent al professorat adaptar-les a les especificitats de la mat\u00e8ria i a la conveni\u00e8ncia de cada cas.<\/p>\n\n\n\n<p>Amb aquest recurs, busquem oferir una eina que ajudi a:&nbsp;<\/p>\n\n\n\n<ol class=\"wp-block-list\">\n<li><strong>Fomentar l&#8217;aprenentatge actiu i col\u00b7laboratiu<\/strong>: volem potenciar la participaci\u00f3 activa dels alumnes i la seva capacitat per treballar en equip, desenvolupant habilitats socials i comunicatives.<\/li>\n\n\n\n<li><strong>Desenvolupar el pensament cr\u00edtic<\/strong>: Estimular la capacitat de l\u2019alumnat per analitzar, reflexionar i prendre decisions informades sobre els temes treballats a partir d\u2019un seguit d\u2019imatges i p\u00f2sters que impulsin la reflexi\u00f3.<\/li>\n\n\n\n<li><strong>Afavorir la creativitat<\/strong>: suggerir activitats perqu\u00e8 l\u2019alumnat pugui expressar-se de manera original, tot refor\u00e7ant habilitats com l\u2019empatia i la comprensi\u00f3.<\/li>\n\n\n\n<li><strong>Promoure<\/strong>&nbsp;una actitud responsable i aut\u00f2noma en el proc\u00e9s educatiu mitjan\u00e7ant el di\u00e0leg i l\u2019argumentaci\u00f3.<\/li>\n<\/ol>\n\n\n\n<div class=\"wp-block-cover alignfull is-light\" style=\"min-height:456px;aspect-ratio:unset;\"><span aria-hidden=\"true\" class=\"wp-block-cover__background has-background-dim-100 has-background-dim\" style=\"background-color:#ffffff\"><\/span><div class=\"wp-block-cover__inner-container is-layout-flow wp-block-cover-is-layout-flow\">\n<div class=\"wp-block-media-text alignwide is-stacked-on-mobile is-vertically-aligned-center\" style=\"grid-template-columns:31% auto\"><figure class=\"wp-block-media-text__media\"><a href=\"https:\/\/view.genially.com\/67c5b515513db964ef8fc79a\"><img loading=\"lazy\" decoding=\"async\" width=\"1024\" height=\"575\" src=\"https:\/\/webs.uab.cat\/afronta\/wp-content\/uploads\/sites\/472\/2025\/03\/Captura-de-pantalla-2025-03-06-a-las-12.22.43-1024x575.png\" alt=\"\" class=\"wp-image-987 size-full\" srcset=\"https:\/\/webs.uab.cat\/afronta\/wp-content\/uploads\/sites\/472\/2025\/03\/Captura-de-pantalla-2025-03-06-a-las-12.22.43-1024x575.png 1024w, https:\/\/webs.uab.cat\/afronta\/wp-content\/uploads\/sites\/472\/2025\/03\/Captura-de-pantalla-2025-03-06-a-las-12.22.43-300x168.png 300w, https:\/\/webs.uab.cat\/afronta\/wp-content\/uploads\/sites\/472\/2025\/03\/Captura-de-pantalla-2025-03-06-a-las-12.22.43-768x431.png 768w, https:\/\/webs.uab.cat\/afronta\/wp-content\/uploads\/sites\/472\/2025\/03\/Captura-de-pantalla-2025-03-06-a-las-12.22.43-1536x862.png 1536w, https:\/\/webs.uab.cat\/afronta\/wp-content\/uploads\/sites\/472\/2025\/03\/Captura-de-pantalla-2025-03-06-a-las-12.22.43-2048x1150.png 2048w, https:\/\/webs.uab.cat\/afronta\/wp-content\/uploads\/sites\/472\/2025\/03\/Captura-de-pantalla-2025-03-06-a-las-12.22.43-1200x674.png 1200w, https:\/\/webs.uab.cat\/afronta\/wp-content\/uploads\/sites\/472\/2025\/03\/Captura-de-pantalla-2025-03-06-a-las-12.22.43-1980x1111.png 1980w\" sizes=\"auto, (max-width: 1024px) 100vw, 1024px\" \/><\/a><\/figure><div class=\"wp-block-media-text__content\">\n<h2 class=\"wp-block-heading has-text-color\" style=\"color:#000000;font-size:32px\"><strong>Menys Vulnerables! <\/strong><\/h2>\n\n\n\n<p class=\"has-text-color\" style=\"color:#000000;font-size:17px\">Aquesta <strong>proposta did\u00e0ctica<\/strong> proporciona eines per integrar metodologies actives i col\u00b7laboratives a l&#8217;aula, amb <strong>activitats<\/strong> que fomenten la participaci\u00f3, el pensament cr\u00edtic i la creativitat. S\u00f3n personalitzables segons les necessitats del grup, i busquen desenvolupar habilitats socials, comunicatives i reflexives. A m\u00e9s, promouen l\u2019autonomia dels alumnes i una actitud responsable mitjan\u00e7ant el di\u00e0leg i l&#8217;argumentaci\u00f3.<\/p>\n\n\n\n<div class=\"wp-block-buttons is-layout-flex wp-block-buttons-is-layout-flex\">\n<div class=\"wp-block-button is-style-fill\"><a class=\"wp-block-button__link wp-element-button\" href=\"https:\/\/view.genially.com\/67c5b515513db964ef8fc79a\">acc\u00e9s al recurs<\/a><\/div>\n\n\n\n<div class=\"wp-block-button is-style-fill\"><a class=\"wp-block-button__link wp-element-button\" href=\"https:\/\/view.genially.com\/67dc29899e309da236605aaa\">Fitxa t\u00e8cnica<\/a><\/div>\n<\/div>\n<\/div><\/div>\n\n\n\n<div class=\"wp-block-media-text alignwide is-vertically-aligned-center\" style=\"grid-template-columns:15% auto\"><figure class=\"wp-block-media-text__media\"><a href=\"https:\/\/youtu.be\/JfY_bvbr3-c?feature=shared\"><img loading=\"lazy\" decoding=\"async\" width=\"656\" height=\"1024\" src=\"https:\/\/webs.uab.cat\/afronta\/wp-content\/uploads\/sites\/472\/2025\/03\/Captura-de-pantalla-2025-03-28-a-las-20.05.12-656x1024.png\" alt=\"\" class=\"wp-image-1016 size-full\" srcset=\"https:\/\/webs.uab.cat\/afronta\/wp-content\/uploads\/sites\/472\/2025\/03\/Captura-de-pantalla-2025-03-28-a-las-20.05.12-656x1024.png 656w, https:\/\/webs.uab.cat\/afronta\/wp-content\/uploads\/sites\/472\/2025\/03\/Captura-de-pantalla-2025-03-28-a-las-20.05.12-192x300.png 192w, https:\/\/webs.uab.cat\/afronta\/wp-content\/uploads\/sites\/472\/2025\/03\/Captura-de-pantalla-2025-03-28-a-las-20.05.12.png 674w\" sizes=\"auto, (max-width: 656px) 100vw, 656px\" \/><\/a><\/figure><div class=\"wp-block-media-text__content\">\n<h2 class=\"wp-block-heading has-text-color\" style=\"color:#000000;font-size:32px\"><strong>Deixem el llast entere! (mini c\u00e0psula audiovisual)<\/strong><\/h2>\n\n\n\n<p class=\"has-text-color\" style=\"color:#000000;font-size:17px\"><strong>V\u00eddeo<\/strong> de sensibilitzaci\u00f3 realitzat en el marc del projecte AFRONTA.<\/p>\n\n\n\n<p>(Imatges generades amb eines d&#8217; Intel\u00b7lig\u00e8ncia Artificial)<\/p>\n\n\n\n<div class=\"wp-block-buttons is-layout-flex wp-block-buttons-is-layout-flex\">\n<div class=\"wp-block-button is-style-fill\"><a class=\"wp-block-button__link wp-element-button\" href=\"https:\/\/youtu.be\/JfY_bvbr3-c?feature=shared\">Veure la c\u00e0psula<\/a><\/div>\n<\/div>\n<\/div><\/div>\n\n\n\n<div class=\"wp-block-media-text alignwide is-vertically-aligned-center\" style=\"grid-template-columns:15% auto\"><figure class=\"wp-block-media-text__media\"><a href=\"https:\/\/youtu.be\/6cs5ea64XZ4?feature=shared\"><img loading=\"lazy\" decoding=\"async\" width=\"656\" height=\"1024\" src=\"https:\/\/webs.uab.cat\/afronta\/wp-content\/uploads\/sites\/472\/2025\/03\/Captura-de-pantalla-2025-03-28-a-las-20.05.12-656x1024.png\" alt=\"\" class=\"wp-image-1016 size-full\" srcset=\"https:\/\/webs.uab.cat\/afronta\/wp-content\/uploads\/sites\/472\/2025\/03\/Captura-de-pantalla-2025-03-28-a-las-20.05.12-656x1024.png 656w, https:\/\/webs.uab.cat\/afronta\/wp-content\/uploads\/sites\/472\/2025\/03\/Captura-de-pantalla-2025-03-28-a-las-20.05.12-192x300.png 192w, https:\/\/webs.uab.cat\/afronta\/wp-content\/uploads\/sites\/472\/2025\/03\/Captura-de-pantalla-2025-03-28-a-las-20.05.12.png 674w\" sizes=\"auto, (max-width: 656px) 100vw, 656px\" \/><\/a><\/figure><div class=\"wp-block-media-text__content\">\n<h2 class=\"wp-block-heading has-text-color\" style=\"color:#000000;font-size:32px\"><strong>\u00a1Dejemos el lastre atr\u00e1s! (mini c\u00e1psula audiovisual)<\/strong><\/h2>\n\n\n\n<p class=\"has-text-color\" style=\"color:#000000;font-size:17px\"><strong>V\u00eddeo<\/strong> de sensibilizaci\u00f3n elaborado en el marco del proyecto AFRONTA.<\/p>\n\n\n\n<p>(Im\u00e1genes generadas con herramientas de Inteligencia Artificial)<\/p>\n\n\n\n<div class=\"wp-block-buttons is-layout-flex wp-block-buttons-is-layout-flex\">\n<div class=\"wp-block-button is-style-fill\"><a class=\"wp-block-button__link wp-element-button\" href=\"https:\/\/youtu.be\/6cs5ea64XZ4?feature=shared\">Veure la c\u00e0psula<\/a><\/div>\n<\/div>\n<\/div><\/div>\n\n\n\n<div class=\"wp-block-media-text alignwide is-vertically-aligned-center\" style=\"grid-template-columns:15% auto\"><figure class=\"wp-block-media-text__media\"><a href=\"https:\/\/youtu.be\/_MiEfONJ10Q?feature=shared\"><img loading=\"lazy\" decoding=\"async\" width=\"1024\" height=\"815\" src=\"https:\/\/webs.uab.cat\/afronta\/wp-content\/uploads\/sites\/472\/2025\/05\/Aporofobia-CAT-caratula-1024x815.jpg\" alt=\"\" class=\"wp-image-1036 size-full\" srcset=\"https:\/\/webs.uab.cat\/afronta\/wp-content\/uploads\/sites\/472\/2025\/05\/Aporofobia-CAT-caratula-1024x815.jpg 1024w, https:\/\/webs.uab.cat\/afronta\/wp-content\/uploads\/sites\/472\/2025\/05\/Aporofobia-CAT-caratula-300x239.jpg 300w, https:\/\/webs.uab.cat\/afronta\/wp-content\/uploads\/sites\/472\/2025\/05\/Aporofobia-CAT-caratula-768x611.jpg 768w, https:\/\/webs.uab.cat\/afronta\/wp-content\/uploads\/sites\/472\/2025\/05\/Aporofobia-CAT-caratula-1536x1222.jpg 1536w, https:\/\/webs.uab.cat\/afronta\/wp-content\/uploads\/sites\/472\/2025\/05\/Aporofobia-CAT-caratula-1200x955.jpg 1200w, https:\/\/webs.uab.cat\/afronta\/wp-content\/uploads\/sites\/472\/2025\/05\/Aporofobia-CAT-caratula.jpg 1636w\" sizes=\"auto, (max-width: 1024px) 100vw, 1024px\" \/><\/a><\/figure><div class=\"wp-block-media-text__content\">\n<h2 class=\"wp-block-heading has-text-color\" style=\"color:#000000;font-size:32px\"><strong>Aporof\u00f2bia: altres mons (mini c\u00e0psula audiovisual)<\/strong><\/h2>\n\n\n\n<p class=\"has-text-color\" style=\"color:#000000;font-size:17px\"><strong>V\u00eddeo<\/strong> de sensibilitzaci\u00f3 realitzat en el marc del projecte AFRONTA.<\/p>\n\n\n\n<p>(Imatges generades amb eines d&#8217; Intel\u00b7lig\u00e8ncia Artificial)<\/p>\n\n\n\n<div class=\"wp-block-buttons is-layout-flex wp-block-buttons-is-layout-flex\">\n<div class=\"wp-block-button is-style-fill\"><a class=\"wp-block-button__link wp-element-button\" href=\"https:\/\/youtu.be\/_MiEfONJ10Q?feature=shared\">Veure la c\u00e0psula<\/a><\/div>\n<\/div>\n<\/div><\/div>\n\n\n\n<div class=\"wp-block-media-text alignwide is-vertically-aligned-center\" style=\"grid-template-columns:15% auto\"><figure class=\"wp-block-media-text__media\"><a href=\"https:\/\/youtu.be\/DudR5KOO40c?feature=shared\"><img loading=\"lazy\" decoding=\"async\" width=\"1024\" height=\"650\" src=\"https:\/\/webs.uab.cat\/afronta\/wp-content\/uploads\/sites\/472\/2025\/05\/Captura-de-pantalla-2025-05-18-a-las-15.37.27-1-1024x650.png\" alt=\"\" class=\"wp-image-1034 size-full\" srcset=\"https:\/\/webs.uab.cat\/afronta\/wp-content\/uploads\/sites\/472\/2025\/05\/Captura-de-pantalla-2025-05-18-a-las-15.37.27-1-1024x650.png 1024w, https:\/\/webs.uab.cat\/afronta\/wp-content\/uploads\/sites\/472\/2025\/05\/Captura-de-pantalla-2025-05-18-a-las-15.37.27-1-300x190.png 300w, https:\/\/webs.uab.cat\/afronta\/wp-content\/uploads\/sites\/472\/2025\/05\/Captura-de-pantalla-2025-05-18-a-las-15.37.27-1-768x487.png 768w, https:\/\/webs.uab.cat\/afronta\/wp-content\/uploads\/sites\/472\/2025\/05\/Captura-de-pantalla-2025-05-18-a-las-15.37.27-1-1536x974.png 1536w, https:\/\/webs.uab.cat\/afronta\/wp-content\/uploads\/sites\/472\/2025\/05\/Captura-de-pantalla-2025-05-18-a-las-15.37.27-1-2048x1299.png 2048w, https:\/\/webs.uab.cat\/afronta\/wp-content\/uploads\/sites\/472\/2025\/05\/Captura-de-pantalla-2025-05-18-a-las-15.37.27-1-1200x761.png 1200w, https:\/\/webs.uab.cat\/afronta\/wp-content\/uploads\/sites\/472\/2025\/05\/Captura-de-pantalla-2025-05-18-a-las-15.37.27-1-1980x1256.png 1980w\" sizes=\"auto, (max-width: 1024px) 100vw, 1024px\" \/><\/a><\/figure><div class=\"wp-block-media-text__content\">\n<h2 class=\"wp-block-heading has-text-color\" style=\"color:#000000;font-size:32px\"><strong>Aporofobia: Otros mundos (mini c\u00e1psula audiovisual)<\/strong><\/h2>\n\n\n\n<p class=\"has-text-color\" style=\"color:#000000;font-size:17px\"><strong>V\u00eddeo<\/strong> de sensibilizaci\u00f3n elaborado en el marco del proyecto AFRONTA.<\/p>\n\n\n\n<p>(Im\u00e1genes generadas con herramientas de Inteligencia Artificial)<\/p>\n\n\n\n<div class=\"wp-block-buttons is-layout-flex wp-block-buttons-is-layout-flex\">\n<div class=\"wp-block-button is-style-fill\"><a class=\"wp-block-button__link wp-element-button\" href=\"https:\/\/youtu.be\/DudR5KOO40c?feature=shared\">Veure la c\u00e0psula<\/a><\/div>\n<\/div>\n<\/div><\/div>\n<\/div><\/div>\n\n\n\n<p><\/p>\n","protected":false},"excerpt":{"rendered":"<p>Aquesta proposta did\u00e0ctica ofereix un&nbsp;recurs&nbsp;per a docents de Secund\u00e0ria (i altres nivells formatius) que desitgen incorporar&nbsp;metodologies actives i col\u00b7laboratives&nbsp;a les seves aules. A trav\u00e9s de dues activitats dissenyades per fomentar la&nbsp;participaci\u00f3, el pensament cr\u00edtic i la creativitat, els alumnes podran desenvolupar habilitats clau per al seu aprenentatge i creixement personal. Les activitats estan pensades per [&hellip;]<\/p>\n","protected":false},"author":99,"featured_media":0,"parent":71,"menu_order":1,"comment_status":"closed","ping_status":"closed","template":"","meta":{"footnotes":""},"class_list":["post-986","page","type-page","status-publish","hentry"],"_links":{"self":[{"href":"https:\/\/webs.uab.cat\/afronta\/wp-json\/wp\/v2\/pages\/986","targetHints":{"allow":["GET"]}}],"collection":[{"href":"https:\/\/webs.uab.cat\/afronta\/wp-json\/wp\/v2\/pages"}],"about":[{"href":"https:\/\/webs.uab.cat\/afronta\/wp-json\/wp\/v2\/types\/page"}],"author":[{"embeddable":true,"href":"https:\/\/webs.uab.cat\/afronta\/wp-json\/wp\/v2\/users\/99"}],"replies":[{"embeddable":true,"href":"https:\/\/webs.uab.cat\/afronta\/wp-json\/wp\/v2\/comments?post=986"}],"version-history":[{"count":12,"href":"https:\/\/webs.uab.cat\/afronta\/wp-json\/wp\/v2\/pages\/986\/revisions"}],"predecessor-version":[{"id":1038,"href":"https:\/\/webs.uab.cat\/afronta\/wp-json\/wp\/v2\/pages\/986\/revisions\/1038"}],"up":[{"embeddable":true,"href":"https:\/\/webs.uab.cat\/afronta\/wp-json\/wp\/v2\/pages\/71"}],"wp:attachment":[{"href":"https:\/\/webs.uab.cat\/afronta\/wp-json\/wp\/v2\/media?parent=986"}],"curies":[{"name":"wp","href":"https:\/\/api.w.org\/{rel}","templated":true}]}}