{"id":23,"date":"2009-05-08T11:22:32","date_gmt":"2009-05-08T11:22:32","guid":{"rendered":"https:\/\/webs.uab.cat\/agriera\/publications\/"},"modified":"2022-08-02T13:17:51","modified_gmt":"2022-08-02T13:17:51","slug":"publications","status":"publish","type":"page","link":"https:\/\/webs.uab.cat\/agriera\/publications\/","title":{"rendered":"Publications"},"content":{"rendered":"\n<h2 class=\"wp-block-heading\"><strong>Publications currently under review:<\/strong><\/h2>\n\n\n\n<h2 class=\"wp-block-heading\"><strong>Indexed publications (according to Scopus):<\/strong><\/h2>\n\n\n\n<ul class=\"wp-block-list\"><li>Steinbach, F., Kuiper, E.-J.N., Eichler, J., Bons, P.D., Drury, M.R., Griera, A., Pennock, G.M., Weikusat, I.(2017) The relevance of grain dissection for grain size reduction in polar ice: insights from numerical models and ice core microstructure analysis. Frontiers in Earth Science, 5, art. no. 66.<\/li><li>Llorens, M.-G., Griera, A., Steinbach, F., Bons, P.D., Gomez-Rivas, E., Jansen, D., Roessiger, J., Lebensohn, R.A., Weikusat, I. (2017) Dynamic recrystallization during deformation of polycrystalline ice: Insights from numerical simulations. Philosophical Transactions of the Royal Society A: Mathematical, Physical and Engineering Sciences, 375 (2086), art. no. 20150346.<\/li><li>Navarro-Ciurana, D., Cardellach, E., Vindel, E., Griera, A., G\u00f3mez-Gras, D., Corbella, M. (2017) Sulfur and lead isotope systematics: Implications for the genesis of the Ri\u00f3par Zn-(Fe-Pb) carbonate-hosted deposit (Prebetic Zone, SE Spain). Ore Geology Reviews, . Article in Press.<\/li><li>Corral, I., Cardellach, E., Corbella, M., Canals, \u00c0., Griera, A., G\u00f3mez-Gras, D., Johnson, C.A. (2017)Origin and evolution of mineralizing fluids and exploration of the Cerro Quema Au-Cu deposit (Azuero Peninsula, Panama) from a fluid inclusion and stable isotope perspective. Ore Geology Reviews, 80, pp. 947-960.<\/li><li>Gomez-Rivas, E., Griera, A., Llorens, M.-G., Bons, P.D., Lebensohn, R.A., Piazolo, S. (2017) Subgrain Rotation Recrystallization During Shearing: Insights From Full-Field Numerical Simulations of Halite Polycrystals. Journal of Geophysical Research: Solid Earth, . Article in Press.<\/li><li>Steinbach, F., Bons, P.D., Griera, A., Jansen, D., Llorens, M.-G., Roessiger, J., Weikusat, I. (2016) Strain localization and dynamic recrystallization in the ice-air aggregate: A numerical study. Cryosphere, 10 (6), pp. 3071-3089.<\/li><li>Navarro-Ciurana, D., Campos-Quispe, L.A., Cardellach, E., Vindel, E., G\u00f3mez-Gras, D., Griera, A., Corbella, M. (2016) Mineralogical and geochemical characterization of the Ri\u00f3par non-sulfide Zn-(Fe-Pb) deposits (Prebetic Zone, SE Spain). Ore Geology Reviews, 79, pp. 515-532.<\/li><li>Llorens, M.-G., Griera, A., Bons, P.D., Lebensohn, R.A., Evans, L.A., Jansen, D., Weikusat, I. (2016) Full-field predictions of ice dynamic recrystallisation under simple shear conditions. Earth and Planetary Science Letters, 450, pp. 233-242.<\/li><li>Llorens, M.-G., Griera, A., Bons, P.D., Roessiger, J., Lebensohn, R., Evans, L., Weikusat, I. (2016) Dynamic recrystallisation of ice aggregates during co-axial viscoplastic deformation: A numerical approach. Journal of Glaciology, 62 (232), pp. 359-377. Cited 10 times.<\/li><li>Navarro-Ciurana, D., Corbella, M., Cardellach, E., Vindel, E., G\u00f3mez-Gras, D., Griera, A. (2016) Petrography and geochemistry of fault-controlled hydrothermal dolomites in the Ri\u00f3par area (Prebetic Zone, SE Spain). Marine and Petroleum Geology, 71, pp. 310-328.<\/li><li>Corral, I., Cardellach, E., Corbella, M., Canals, \u00c0., G\u00f3mez-Gras, D., Griera, A., Cosca, M.A. (2016) Cerro quema (Azuero Peninsula, Panama): Geology, alteration, mineralization, and geochronology of a volcanic dome-hosted high-sulfidation Au-Cu deposit. Economic Geology, 111 (2), pp. 287-310. \u00a0<\/li><li>Jansen, D., Llorens, M.-G., Westhoff, J., Steinbach, F., Kipfstuhl, S., Bons, P.D., Griera, A., Weikusat, I. (2016) Small-scale disturbances in the stratigraphy of the NEEM ice core: Observations and numerical model simulations. Cryosphere, 10 (1), pp. 359-370.<\/li><li>Gomez-Rivas, E., Griera, A. (2015) On the material dependence of experimental shear fracture orientation. Science China Earth Sciences, 58 (12), pp. 2357-2362.<\/li><li>Gomez-Rivas, E., Griera, A., Llorens, M.-G. (2015) Fracturing of ductile anisotropic multilayers: Influence of material strength. Solid Earth, 6 (2), pp. 497-514.<\/li><li>Montagnat, M., Castelnau, O., Bons, P.D., Faria, S.H., Gagliardini, O., Gillet-Chaulet, F., Grennerat, F., Griera, A., Lebensohn, R.A., Moulinec, H., Roessiger, J., Suquet, P. (2014) Multiscale modeling of ice deformation behavior. Journal of Structural Geology, 61, pp. 78-108.<\/li><li>Corbella, M., Gomez-Rivas, E., Mart\u00edn-Mart\u00edn, J.D., Stafford, S.L., Teixell, A., Griera, A., Trav\u00e9, A., Cardellach, E., Salas, R. (2014) Insights to controls on dolomitization by means of reactive transport models applied to the Benic\u00e0ssim case study (Maestrat Basin, eastern Spain). Petroleum Geoscience, 20 (1), pp. 41-54.<\/li><li>Borthwick, V.E., Piazolo, S., Evans, L., Griera, A., Bons, P.D. (2014) What happens to deformed rocks after deformation? A refined model for recovery based on numerical simulations. Geological Society Special Publication, 394 (1), pp. 215-234.<\/li><li>Gomez-Rivas, E., Corbella, M., Mart\u00edn-Mart\u00edn, J.D., Stafford, S.L., Teixell, A., Bons, P.D., Griera, A., Cardellach, E. (2014) Reactivity of dolomitizing fluids and Mg source evaluation of fault-controlled dolomitization at the Benic\u00e0ssim outcrop analogue (Maestrat basin, E Spain). \u00a0Marine and Petroleum Geology, 55, pp. 26-42.<\/li><li> Griera, A., Llorens, M-.G., Gomez-Rivas, E., Bons, P.D., Jessell, M.W., Evans, L.A. and Lebensohn, R. (2013) <a href=\"http:\/\/www.sciencedirect.com\/science\/article\/pii\/S0040195112006427\"><strong>Numerical modelling of porphyroclast and porphyroblast rotation in anisotropic rocks<\/strong><\/a>. <em>Tectonophysics<\/em>, 587, 4\u201329. <\/li><li>Montagnat, M. Castelanau, O., Bons, P.D., Faria, S., Gagliardini, O., Gillet-Schaulet, F., Grennerat, F., Griera, A., Lebensohn, R., Moulinec, H., Roessiger, J., Suquet, P. <strong>Multiscale modeling of ice deformation behavior <\/strong>.<em>Journal of Structural Geology<\/em>, accepted. <\/li><li>Llorens, M-.G., Bons, P.D., Griera, A. and Gomez-Rivas, E. (2013)<strong>When do folds unfold during progressive shear?<\/strong> <em>Geology<\/em>,41, 561-563. <\/li><li>Llorens, M-.G., Bons, P.D., Griera, A., Gomez-Rivas, E. and Evans, L.A. (2013) <strong>Single layer folding in simple shear<\/strong>. <em>Journal of Structural Geology<\/em>,\u00a050, 209-220. <\/li><li>Corral, I., Gomez-Gras, D., Griera, A., Corbella, M., Cardellach, E. <strong>Sedimentation and volcanism in the panamanian cretaceous intra-oceanic arc and fore-arc :\u00a0new insights from the Azuero peninsula (SW Panama)<\/strong>, <em>Bulletin de la Societ\u00e9 G\u00e9ologique de France<\/em>, 184 (1-2) , 35-45. <\/li><\/ul>\n\n\n\n<ul class=\"wp-block-list\"><li> Borthwick, V., Schmidt, S., Piazolo, S., Gundlach, C., Griera, A., Bons, P.D., Jessell, M.W. (2012) <strong>The application of in-situ 3D X-ray diffraction in annealing experiments: First interpretation of substructure development in deformed NaCl. <\/strong>Materials Science Forum, 715-716, pp. 461-466.    <\/li><li> Piazolo, S., Borthwick, V., Griera, A., Montagnat, M., Jessell, M.W., Lebensohn, R., Evans, L. (2012) <strong>Substructure dynamics in crystalline materials: New insight from in-situ experiments, detailed EBSD analysis of experimental and natural samples and numerical modelling. <\/strong>Materials Science Forum, 715-716, pp. 502-507.    <\/li><\/ul>\n\n\n\n<ul class=\"wp-block-list\"><li> Gomez-Rivas, E. and Griera, A. (2012). <strong>Shear fractures in anisotropic ductile materials: an experimental approach<\/strong>. <em>Journal of Structural Geology<\/em>, 34, 61-76. <\/li><li> Corral, I., Griera, A., G\u00f3mez-Gras, D., Corbella, M., Canals, A., Pineda-Falconett, M., Cardellach, E. (2011). <strong>Geology of the Cerro Quema Au-Cu deposit (Azuero Peninsula, Panama)<\/strong>  Geologica Acta, 9 (3), pp. 481-498.  <\/li><li> Roessiger, J., Bons, P.D., Griera, A., Jessell, M.W., Evans, L., Montagnat, M., Kipfstuhl, S., Faria, S.H., Weikusat, I. (2011). <strong>Competition between grain growth and grain-size reduction in polar ice<\/strong>. Journal of Glaciology, 57 (205), pp. 942-948. <\/li><li> Gomez-Rivas, E. and Griera, A. (2011). <strong>Strain rate influence on fracture development in experimental ductile multilayers<\/strong>. <em>Tectonophysics<\/em>, 502, 345-357. <\/li><\/ul>\n\n\n\n<ul class=\"wp-block-list\"><li> Griera A., Bons P.D., Jessell M.W., Lebensohn R., Evans L. and Gomez-Rivas E. (2011). <strong>Strain localization and porphyroclast rotation<\/strong>. <em>Geology<\/em>, 39, 275-278. <\/li><li> Bons, P.D., Jessell, M.W., Griera, A. (2009) <strong>Porphyroblast rotation versus nonrotation: Conflict resolution!<\/strong>: Comment and reply Geology, 37 (2). <\/li><li> Jessell, M.W., Bons, P.D., Griera, A., Evans, L.A., Wilson, C.J.L. (2009) <strong>A tale of two viscosities<\/strong>. Journal of Structural Geology, 31, 719-736.  <\/li><\/ul>\n\n\n\n<ul class=\"wp-block-list\"><li> Gomez-Rivas, E., Bons, P.D., Griera, A., Carreras, J., Druguet, E. and Evans, L. (2007).<strong> Strain and vorticity analysis using small-scale faults and associated drag folds<\/strong>. <em>Journal of Structural Geology<\/em>, 29, 1882-1899. <\/li><li> Toimil, N.C., Griera, A. (2007)<strong> Influence of viscosity contrast and anisotropy on strain accommodation in competent layers.<\/strong> Journal of Structural Geology, 29 (5), pp. 787-801. <\/li><li> Takeda, Y.-T., Griera, A. (2006) <strong>Rheological and kinematical responses to flow of two-phase rocks<\/strong>. Tectonophysics, 427 (1-4), pp. 95-113. <\/li><li> Carreras, J., Druguet, E., Griera, A. (2005) <strong>Shear zone-related folds<\/strong>. Journal of Structural Geology, 27 (7), pp. 1229-1251. <\/li><li> Carreras, J., Druguet, E., Griera, A., Soldevila, J. (2004) <strong>Strain and deformation history in a syntectonic pluton. The case of the Roses granodiorite (Cap de Creus, Eastern Pyrenees)<\/strong> Geological Society Special Publication, 224, pp. 307-319. <\/li><\/ul>\n\n\n\n<h2 class=\"wp-block-heading\"><strong>Extended abstracts in international conference proceedings:<\/strong><\/h2>\n\n\n\n<ul class=\"wp-block-list\"><li> Gomez-Rivas, E. and Griera, A. (2009). <strong>Influence of mechanical anisotropy on shear fracture development<\/strong>. <em>Trabajos de Geolog\u00ed\u00ada<\/em>, 29, 337-343. <\/li><\/ul>\n\n\n\n<h2 class=\"wp-block-heading\"><strong>Other peer-reviewed journals (non-indexed):<\/strong><\/h2>\n\n\n\n<ul class=\"wp-block-list\"><li>Corral, I., Corbella, M., Griera, A., G\u00f3mez-Gras, D., Cosca, M.A., and Cardellach, E. (2012). <a href=\"http:\/\/pagines.uab.cat\/agriera\/sites\/pagines.uab.cat.agriera\/files\/13_411%20O.pdf\" target=\"_blank\" rel=\"noopener\"><strong>Age of the Cerro Quema Au-Cu deposit (Azuero Peninsula, Panama): Insights from biostratigraphy and Ar\/Ar geochronology<\/strong><\/a>. Geo-Temas, v. 13, p. 411. ISSN: 1576-5172.<\/li><\/ul>\n\n\n\n<ul class=\"wp-block-list\"><li>Corral, I., Corbella, M., Griera, A., G\u00f3mez-Gras, D., and Cardellach, E. (2012). <strong>Trace-Metal Content of the Cerro Quema high sulfidation epithermal Au-Cu deposit (Azuero Peninsula, Panama)<\/strong>. Macla, v. 16, p. 206-207. ISSN: 1885-766<\/li><li>Corral, I., Gonz\u00e1lez, F., Griera, A., Corbella, M., G\u00f3mez-Gras, D., and Cardellach, E. (2011). <strong>Landsat ETM+ Imaging for the Exploration of Epithermal Deposits in the Azuero Peninsula (Panama)<\/strong>. Macla, v. 15, p.67-68. ISSN: 1885-7664<\/li><\/ul>\n\n\n\n<ul class=\"wp-block-list\"><li> Gomez-Rivas, E., Corbella, M., Mart\u00edn-Mart\u00edn, J., Stafford, S., Griera, A. and Teixell, A. 2011. <strong>Origin and Timing of Stratabound Dolomitization in the Cretaceous Carbonate Ramp of Benicassim<\/strong>. <em>Macla<\/em> 15, 103-104. <\/li><li>Corral, I., Griera, A., G\u00f3mez-Gras, D., Corbella, M., and Cardellach, E. (2010). <strong>Geochemical evolution of the Panamanian Cretaceous-Paleogene volcanic arc: Insights from the Azuero Peninsula, SW Panama<\/strong>. Geogaceta, v. 49, p. 79-82. ISSN: 0213-683X.<\/li><li>Gomez-Rivas, E. and Griera, A. 2008. <strong>Simulaci\u00f3n de la localizaci\u00f3n de la deformaci\u00f3n en medios multicapa<\/strong>. <em>Geotemas<\/em>, 10, 353-356.<\/li><li> Gomez-Rivas, E., Bons, P.D., Griera, A., Evans, L., Becker, J.K. y Peschler, A. 2007. <strong>Modelo anal\u00ed\u00adtico para estimar la deformaci\u00f3n mediante el uso de shear bands<\/strong>. <em>Geogaceta<\/em> 41, 99-102. <\/li><li> Griera, A., Takeda, Y-T. y Gomez-Rivas, E. 2007. <strong>Respuesta mec\u00e1nica de medios bif\u00e1sicos. Influencia de la disposici\u00f3n espacial de sus constituyentes<\/strong>. <em>Geogaceta<\/em> 41, 103-106. <\/li><li> Gomez-Rivas, E., Griera, A., Carreras, J. y Druguet, E. 2006. <strong>Influencia de la orientaci\u00f3n de la anisotrop\u00ed\u00ada en el desarrollo de shear bands: estudio experimental<\/strong>. <em>Geogaceta<\/em> 40, 47-50. <\/li><li> Carreras, J., Druguet, E., Rahimi, A., Casta\u00f1o, L.M., Griera, A. y Gomez-Rivas, E. 2006. <strong>Contribuci\u00f3n del estudio del enjambre de diques b\u00e1sicos del Prec\u00e1mbrico del Anti-Atlas al conocimiento de su significaci\u00f3n geotect\u00f3nica en la orogenia panafricana<\/strong>. <em>Geogaceta<\/em> 40, 139-142. <p>A. Griera, M. W. Jessell, R. Lebensohn, L. Evans and P. D. Bons. 2012.<a href=\"https:\/\/webs.uab.cat\/agriera\/wp-content\/uploads\/sites\/110\/2017\/03\/13_411-O.pdf\" data-type=\"attachment\" data-id=\"24\" target=\"_blank\" rel=\"noreferrer noopener\"><strong> Modelling dynamic recrystallization of Olivine and its influence on seismic anisotropy fabrics. <\/strong><\/a>Geo-Temas, v. 13, p. 149. ISSN: 1576-5172.<\/p> <\/li><\/ul>\n","protected":false},"excerpt":{"rendered":"<p>Publications currently under review: Indexed publications (according to Scopus): Steinbach, F., Kuiper, E.-J.N., Eichler, J., Bons, P.D., Drury, M.R., Griera, A., Pennock, G.M., Weikusat, I.(2017) The relevance of grain dissection for grain size reduction in polar ice: insights from numerical models and ice core microstructure analysis. Frontiers in Earth Science, 5, art. no. 66. Llorens, [&hellip;]<\/p>\n","protected":false},"author":20,"featured_media":0,"parent":0,"menu_order":0,"comment_status":"closed","ping_status":"closed","template":"","meta":{"footnotes":""},"class_list":["post-23","page","type-page","status-publish","hentry"],"_links":{"self":[{"href":"https:\/\/webs.uab.cat\/agriera\/wp-json\/wp\/v2\/pages\/23","targetHints":{"allow":["GET"]}}],"collection":[{"href":"https:\/\/webs.uab.cat\/agriera\/wp-json\/wp\/v2\/pages"}],"about":[{"href":"https:\/\/webs.uab.cat\/agriera\/wp-json\/wp\/v2\/types\/page"}],"author":[{"embeddable":true,"href":"https:\/\/webs.uab.cat\/agriera\/wp-json\/wp\/v2\/users\/20"}],"replies":[{"embeddable":true,"href":"https:\/\/webs.uab.cat\/agriera\/wp-json\/wp\/v2\/comments?post=23"}],"version-history":[{"count":1,"href":"https:\/\/webs.uab.cat\/agriera\/wp-json\/wp\/v2\/pages\/23\/revisions"}],"predecessor-version":[{"id":69,"href":"https:\/\/webs.uab.cat\/agriera\/wp-json\/wp\/v2\/pages\/23\/revisions\/69"}],"wp:attachment":[{"href":"https:\/\/webs.uab.cat\/agriera\/wp-json\/wp\/v2\/media?parent=23"}],"curies":[{"name":"wp","href":"https:\/\/api.w.org\/{rel}","templated":true}]}}