{"id":1101,"date":"2014-03-20T17:52:17","date_gmt":"2014-03-20T16:52:17","guid":{"rendered":"http:\/\/blogs.uab.cat\/ahcisp\/?page_id=1101"},"modified":"2024-06-11T13:01:47","modified_gmt":"2024-06-11T11:01:47","slug":"yolanda-aixela","status":"publish","type":"page","link":"https:\/\/webs.uab.cat\/ahcisp\/membres\/yolanda-aixela\/","title":{"rendered":"Yolanda Aixel\u00e0"},"content":{"rendered":"\n<div class=\"wp-block-group alignwide\"><div class=\"wp-block-group__inner-container is-layout-constrained wp-block-group-is-layout-constrained\">\n<div class=\"wp-block-columns is-layout-flex wp-container-core-columns-is-layout-9d6595d7 wp-block-columns-is-layout-flex\">\n<div class=\"wp-block-column is-layout-flow wp-block-column-is-layout-flow\" style=\"flex-basis:33.3%\">\n<figure class=\"wp-block-image size-full\"><img loading=\"lazy\" decoding=\"async\" width=\"220\" height=\"303\" src=\"https:\/\/webs.uab.cat\/ahcisp\/wp-content\/uploads\/sites\/320\/2014\/03\/yolanda-aixelaFoto.png\" alt=\"\" class=\"wp-image-1243\" srcset=\"https:\/\/webs.uab.cat\/ahcisp\/wp-content\/uploads\/sites\/320\/2014\/03\/yolanda-aixelaFoto.png 220w, https:\/\/webs.uab.cat\/ahcisp\/wp-content\/uploads\/sites\/320\/2014\/03\/yolanda-aixelaFoto-218x300.png 218w\" sizes=\"auto, (max-width: 220px) 100vw, 220px\" \/><\/figure>\n<\/div>\n\n\n\n<div class=\"wp-block-column is-layout-flow wp-block-column-is-layout-flow\" style=\"flex-basis:66.66%\">\n<h2 class=\"wp-block-heading\">Yolanda Aixel\u00e0<\/h2>\n\n\n\n<ul class=\"has-normal-font-size wp-block-list\">\n<li><strong>Vinculaci\u00f3<\/strong>: antiga col\u00b7laboradora, investigadora externa<\/li>\n\n\n\n<li><strong>Correu<\/strong>: <\/li>\n\n\n\n<li><strong>ORCID<\/strong>: <a href=\"https:\/\/orcid.org\/0000-0002-4333-9739\">0000-0002-4333-9739<\/a><\/li>\n<\/ul>\n<\/div>\n<\/div>\n\n\n\n<h3 class=\"wp-block-heading\">Recerca<\/h3>\n\n\n\n<p>Investigadora cient\u00edfica, Institut Mil\u00e0 i Fontanals, CSIC, Barcelona. Col.laboradora d\u2019AHCISP els per\u00edodes 2009-2013 (SGR2009-658) i 2014-2017 (SGR2014-00891).<\/p>\n\n\n\n<hr class=\"wp-block-separator has-alpha-channel-opacity\" \/>\n\n\n\n<p><a href=\"https:\/\/webs.uab.cat\/ahcisp\/equip\/\">&lt;&lt; Retornar a &#8216;L&#8217;Equip&#8217;<\/a><\/p>\n<\/div><\/div>\n","protected":false},"excerpt":{"rendered":"<p>Yolanda Aixel\u00e0 Recerca Investigadora cient\u00edfica, Institut Mil\u00e0 i Fontanals, CSIC, Barcelona. Col.laboradora d\u2019AHCISP els per\u00edodes 2009-2013 (SGR2009-658) i 2014-2017 (SGR2014-00891). &lt;&lt; Retornar a &#8216;L&#8217;Equip&#8217;<\/p>\n","protected":false},"author":2545,"featured_media":0,"parent":1679,"menu_order":1,"comment_status":"closed","ping_status":"closed","template":"","meta":{"footnotes":""},"class_list":["post-1101","page","type-page","status-publish","hentry"],"_links":{"self":[{"href":"https:\/\/webs.uab.cat\/ahcisp\/wp-json\/wp\/v2\/pages\/1101","targetHints":{"allow":["GET"]}}],"collection":[{"href":"https:\/\/webs.uab.cat\/ahcisp\/wp-json\/wp\/v2\/pages"}],"about":[{"href":"https:\/\/webs.uab.cat\/ahcisp\/wp-json\/wp\/v2\/types\/page"}],"author":[{"embeddable":true,"href":"https:\/\/webs.uab.cat\/ahcisp\/wp-json\/wp\/v2\/users\/2545"}],"replies":[{"embeddable":true,"href":"https:\/\/webs.uab.cat\/ahcisp\/wp-json\/wp\/v2\/comments?post=1101"}],"version-history":[{"count":6,"href":"https:\/\/webs.uab.cat\/ahcisp\/wp-json\/wp\/v2\/pages\/1101\/revisions"}],"predecessor-version":[{"id":5042,"href":"https:\/\/webs.uab.cat\/ahcisp\/wp-json\/wp\/v2\/pages\/1101\/revisions\/5042"}],"up":[{"embeddable":true,"href":"https:\/\/webs.uab.cat\/ahcisp\/wp-json\/wp\/v2\/pages\/1679"}],"wp:attachment":[{"href":"https:\/\/webs.uab.cat\/ahcisp\/wp-json\/wp\/v2\/media?parent=1101"}],"curies":[{"name":"wp","href":"https:\/\/api.w.org\/{rel}","templated":true}]}}