{"id":24,"date":"2010-02-18T15:33:18","date_gmt":"2010-02-18T14:33:18","guid":{"rendered":"http:\/\/blogs.uab.cat\/ahcisp\/publicacions\/publicacions-de-monica-martinez-mauri\/"},"modified":"2010-02-18T15:33:18","modified_gmt":"2010-02-18T14:33:18","slug":"publicacions-de-monica-martinez-mauri","status":"publish","type":"page","link":"https:\/\/webs.uab.cat\/ahcisp\/publicacions-linies-recerca\/publicacions-de-monica-martinez-mauri\/","title":{"rendered":"Publicacions de M\u00f2nica Mart\u00ednez Mauri"},"content":{"rendered":"<p>MART\u00cdNEZ MAURI, M. (2018) Book review: Brightman, Marc; Carlos Fausto, and Vanessa Grotti (eds.) 2016. Ownership and Nurture. Studies in Native Amazonian Property Relations. Berghahn Books, New York &#8211; Oxford. Social Anthropology\/Anthropologie Sociale, 26(1): 131-133.<\/p>\n<p>MART\u00cdNEZ MAURI M. (2018) \u201c\u00bfPor qu\u00e9 pagar por entrar a Gunayala? Movilidad tur\u00edstica, soberan\u00eda y pueblos ind\u00edgenas en Panam\u00e1\u201d. Norois, 247: 63-76.. DOI: 10.4000\/norois.6609<\/p>\n<p>MART\u00cdNEZ MAURI, M. (2018) &#8220;Etnograf\u00eda, ornitolog\u00eda y turismo: una experiencia de investigaci\u00f3n colaborativa en Gunayala (Panam\u00e1)&#8221;. En: A. Huertas y M. Luna (Eds.) Culturas ind\u00edgenas: investigaci\u00f3n, comunicaci\u00f3n y resistencias. InCom-UAB Publicacions, 16. Bellaterra: Institut de la Comunicaci\u00f3, UAB.  <\/p>\n<p>MART\u00cdNEZ MAURI, M. (2018) \u201cFisicalidad e interioridad en la construcci\u00f3n social de las personas humanas. Reflexiones en torno a la concepci\u00f3n de la sangre entre los gunas (Panam\u00e1)\u201d. En: Montserrat Ventura, Josep Lluis Mateo y Montserrat Clua (eds.) Humanidad, Categor\u00eda o condici\u00f3n. Un viaje antropol\u00f3gico, Barcelona: Edicions Bellaterra. pp.165-181. ISBN: 978-84-7290-000-4<\/p>\n<p>MART\u00cdNEZ MAURI, M. (2018) \u201cWhat makes the Gunas dules? Reflections on the interiority and the physicality of people, humans and non-humans\u201d, Journal of Latin American and Caribbean Anthropology., Special Issue: 1-18<\/p>\n<p>MART\u00cdNEZ MAURI, M.; CELIGUETA, G.; CLUA, M.; TOM\u00c0S, J. (2017) \u201cEtnicitat material: a la recerca d\u2019expressions culturals tradicionals a Catalunya, Gunayala, Guatemala i Senegal\u201d. Revista d\u2019Etnologia de Catalunya, 42.<\/p>\n<p>GASC\u00d3N, J.; MART\u00cdNEZ MAURI, M. (2017) &#8220;Isle\u00f1os y turistas. Propiedad comunitaria y territorialidad en sociedades ind\u00edgenas&#8221;. Gazeta de Antropologia, 33(1), articulo 8.<\/p>\n<p>LEBONNIEC, F.; GUARDA, D. , MART\u00cdNEZ MAURI, M. (2017) \u201cArtesan\u00edas, mujeres tejedoras y empredimientos mapuche en la Araucan\u00eda (Chile)\u201d, dins BILHAUT, A-G.; MACEDO, S. (ed.) Iniciativas empersariales y culturales. Estudios de casos en Am\u00e9rica ind\u00edgena. Quito: Abya Yala.<\/p>\n<p>MART\u00cdNEZ MAURI, M. (2017) \u201cGunayala: tierra, mar e islas ind\u00edgenas en un mundo global, Panam\u00e0\u201d, dins ARTAUD, H.; SURRALL\u00c9S, A. (ed.) Mar adentro. Tenencia marina y debates cosmopol\u00edticos. Per\u00fa\/Copenhague: Tarea Asociaci\u00f3n Gr\u00e1fica Educativa\/IWGIA.<br \/>\nMARTINEZ MAURI, M. (2016) Etno\u2013ornitolog\u00eda y giro ontol\u00f3gico: reflexiones en torno al estudio etnogr\u00e1fico y ornitol\u00f3gico en Gunayala (Panam\u00e1). Revista Chilena de Ornitolog\u00eda (Bolet\u00edn Chileno de Ornitolog\u00eda), vol. 22 (1): 79-88.<\/p>\n<p>MART\u00cdNEZ MAURI, M. (2016) \u201cEtno\u2013ornitolog\u00eda y giro ontol\u00f3gico: reflexiones en torno al estudio etnogr\u00e1fico y ornitol\u00f3gico en Gunayala (Panam\u00e1)\u201d. Revista Chilena de Ornitolog\u00eda (Bolet\u00edn Chileno de Ornitolog\u00eda), vol. 22 (1): 79-88.<\/p>\n<p>VENTURA, M; MART\u00cdNEZ MAURI, M; LARREA, C. (2016) \u201cLa Viquimarat\u00f3 d\u2019antropologia com a projecte docent: una experi\u00e8ncia en l\u2019ensenyament de l\u2019etnologia regional d\u2019Am\u00e8rica\u201d. Perif\u00e8ria, 21(1): 88-110.<\/p>\n<p>MART\u00cdNEZ MAURI, M.; OROBITG CANAL, G. (2015) \u201cA modo de introducci\u00f3n: breve genealogia intelectual de la antropologia americanista en el Estado espa\u00f1ol\u201d. Quaderns de l\u2019Institut Catal\u00e0 d\u2019Antropologia, 31, pp. 5-24.<\/p>\n<p>MARTINEZ MAUR, M. (2015) \u201cUna mirada sobre la turistificaci\u00f3n de la antropolog\u00eda del desarrollo en el Estado espanyol\u201d. Pasos. Revista Turismo y Patrimonio cultural. vol. 13 (2): 347-358.<\/p>\n<p>BRETON SOLO DE ZALDIVAR, V. y Mart\u00ednez Mauri, M. (2015) Identidad, autonom\u00eda y soberan\u00eda ind\u00edgena en Panam\u00e1 y Ecuador: una mirada comparativa desde la antropolog\u00eda pol\u00edtica. En: La sobirania dels pobles. Visions d\u2019America, 4. Edicions UdG, UdL, URV, UPF. Disponible en: http:\/\/www.publicacionsurv.cat\/llibres-digitals\/visions-damerica-llatina<\/p>\n<p>MARTINEZ MAURI, M. (2015) &#8220;Navegantes, autoridades ind\u00edgenas y turistas en Panam\u00e1. Los efectos del turismo sobre el control territorial de las \u00e1reas mar\u00edtimas del pueblo guna&#8221;. Letras Verdes. Revista Latinoamericana de Estudios Socioambientales, FLACSO. No. 18: 4-26.<\/p>\n<p>VENTURA i  OLLER, M.   Alexandre  Surrall\u00e9s,  Maite  Ojeda  Mata,  Josep  Lluis  Mateo Dieste,  M\u00f2nica  Mart\u00ednez  Mauri,  Sabine  Kradolfer,  Pablo  Dom\u00ednguez,  Alexandre  Coello,  Montserrat Clua i Fain\u00e9, Alice van den Bogaert  et Verena Stolcke (2014) \u00ab M\u00e9tissages : \u00e9tude comparative des syst\u00e8mes de classification sociale et politique \u00bb. Anthropologie  et  Soci\u00e9t\u00e9s, no. 38-2. p. 229-246.<\/p>\n<p>BRETON SOLO DE ZALDIVAR, V. y Mart\u00ednez Mauri, M. (2014) \u201cStrategies of ethnicity politization in Ecuador and Panama\u201d en: Stefanie Wickstrom and Philip D. Young (eds) Mestizaje and Globalization. Transformations of Identity and Power in the Americas. University of Arizona Press, pp. 212-234. <\/p>\n<p>MARTINEZ MAURI, M. (dir.), George Angehr, Daniel Buitrago-Rosas, Euclides Campos, Igua Jim\u00e9nez y Grupo Wagibler (2014) Una gu\u00eda ornitol\u00f3gica y cultural a las aves de Gunayala \/ An ornithological and cultural guide to the birds of Gunayala. Editorial Novo Art, Panam\u00e0. <\/p>\n<p>MART\u00cdNEZ MAURI, M. (2013) \u201cSobre descubrimientos y razas\u201d, <em>La Prensa, Secci\u00f3n Ra\u00edces, Mosaicos<\/em>. Panam\u00e1, 13\/10\/2013.<\/p>\n<p>MART\u00cdNEZ MAURI, M. (2012) \u201cThe Social and Political Construction of Racial and Ethnic Categories in National Censuses of Panama, 1911-2010\u201d, Sabine Kradolfer y Luis Fernando Angosto, <em>Everlasting countdowns: race, ethnicity and national censuses in Latin American states <\/em>Cambridge: Cambridge Scholars Publishing : 155-184.<\/p>\n<p>MART\u00cdNEZ MAURI, M. i Marco APARICIO WILHELMI (2012) \u201cAlguns debats oberts per l\u2019emerg\u00e8ncia jur\u00eddica dels pobles ind\u00edgenes\u201d, <em>Quaderns-e de l\u2019Institut Catal\u00e0 d\u2019Antropologia<\/em>, N\u00famero 17 (1) pp. 1-9, ISSN: 1696-8298 <\/p>\n<p>LARREA KILLINGER Cristina y M. MART\u00cdNEZ MAURI (2012) <em>Contribuciones Antropol\u00f3gicas al Estudio del Desarrollo<\/em>. Editorial UOC, Barcelona. <\/p>\n<p>MART\u00cdNEZ M., 2012. \u201cMolas, turismo y etnicidad entre los gunas de Panam\u00e1. Nuevos modos de relaci\u00f3n con los emblemas identitarios\u201d, Ra\u00fal H. Asensio y Beatriz P\u00e9rez Gal\u00e1n (Eds.) <em>\u00bfEl turismo es cosa de pobres? Patrimonio cultural, pueblos ind\u00edgenas y nuevas formas de turismo en Am\u00e9rica Latina<\/em>,  Colecci\u00f3n PASOS edita, n\u00ba8 Revista de Turismo y Patrimonio Cultural: 17-45.<\/p>\n<p>PEREIRO, X.; De LEON, C; MART\u00cdNEZ MAURI, M.; VENTOCILLA, J y Del VALLE, Y. (2012) <em>Los turistores kunas. Antropologia del turismo \u00e9tnico en Panam\u00e1<\/em>. VIII Premio Internacional de Estudios tur\u00edsticos Gabriel Escarrer. Universitat de les Illes Balears, edicions UIB. <\/p>\n<p>MART\u00cdNEZ M. con E. BOZZO, 2012. \u201cPanama\u201d, en: E. Motte-Florac, Y. Aumeeruddy-Thomas, E. Dounias (eds) <em>People and natures; Hommes et natures; seres humanos y naturalezas<\/em>. Marseille: IRD editions. P. 76<\/p>\n<p>MART\u00cdNEZ M., 2011. <em>La autonom\u00eda ind\u00edgena en Panam\u00e1: la experiencia del pueblo kuna (siglos XVI-XXI). <\/em>SENACYT, Panam\u00e1 &#8211; Editorial Abya Yala, Quito-Ecuador.<\/p>\n<p>MART\u00cdNEZ, M., 2011. <em>Kuna Yala, tierra de mar. Ecolog\u00eda y territorio ind\u00edgena en Panam\u00e1.<\/em> SENACYT, Panam\u00e1 &#8211; Editorial Abya Yala, Quito-Ecuador.<\/p>\n<p>MART\u00cdNEZ, M., 2011. &#8220;Panam\u00e1: pocos avances y muchos retrocesos en el reconocimiento de los derechos ind\u00edgenas sobre tierras, territorios y recursos naturales&#8221;, en: M. APARICIO WILHELMI (ed.)<em> Los derechos de los pueblos ind\u00edgenas a los recursos naturales y al territorio conflictos y desaf\u00edos en Am\u00e9rica Latina,<\/em> Barcelona, Editorial Icaria, pp. 223-269.<\/p>\n<p>MART\u00cdNEZ, M. con J. VEL\u00c1SQUEZ, B. QUINTERO y J. SARSANEDA (comp.) 2011. <em>Pueblos Ind\u00edgenas en Panam\u00e1: Una Bibliograf\u00eda. <\/em>Acci\u00f3n Cultural Ngobe, SENACYT. Dise\u00f1os e Impresiones Jeicos. Panam\u00e1.<\/p>\n<p>MART\u00cdNEZ, M. 2011. \u201cKunas y escoceses hoy y ayer. Algunas reflexiones sobre el tiempo, el espacio y las identidades\u201d. <em>Actas del XII Congreso de la Federaci\u00f3n de Antrop\u00f3logos del Estado Espa\u00f1ol (FAAEE),<\/em> Le\u00f3n.<\/p>\n<p>MART\u00cdNEZ M., con V. BRET\u00d3N A. ROCA, G. CASAL y J. MART\u00cdNEZ 2011. \u201cReflexiones en torno a la pr\u00e1ctica docente de la antropolog\u00eda del desarrollo: El m\u00e1ster en desarrollo y cooperaci\u00f3n internacional de la UdL y la FLACSO Ecuador\u201d. <em>Actas XII Congreso de la Federaci\u00f3n de Antrop\u00f3logos del Estado Espa\u00f1ol (FAAEE),<\/em> Le\u00f3n.<\/p>\n<p>MART\u00cdNEZ, M. con PEREIRO, X; VENTOCILLA, J, 2010. \u201d Turismo \u00c9tnico: el caso de Kuna Yala (Panam\u00e1)\u201d,<em> Revista Turismo e Desenvolvimento \u2013Journal of Tourism and Development.<\/em>ISSN: 1645-9261, n\u00fam13: 143-149.<\/p>\n<p>MART\u00cdNEZ, M., 2010. \u201cEl tesoro de Kuna Yala. Turismo, inversiones extranjeras y neocolonialismo en Panam\u00e0\u201d, <em>Cahiers des Am\u00e9riquesLatines.<\/em> 2010\/3, 65, pp. 65-80.<\/p>\n<p>MART\u00cdNEZ, M., 2010. &#8220;Rese\u00f1a: Descola, Philippe (Dir.), 2010. La fabrique des images. Visions du monde et formes de repr\u00e9sentation. Paris, co-edici\u00f3 Mus\u00e9e du quai branly \u2013 Somogy \u00e9ditions d\u2019art.224 p. 150 il\u2022lustracions. ISBN: 978 2 757 20322 4&#8221;, <em>Quaderns-e<\/em>, n\u00fam 15(2), p. 104-106. ISSN 1696-8298<\/p>\n<p>MART\u00cdNEZ, M., 2010. \u201cPuentes en las fronteras. Identidad y mediadores culturales kunas\u201d. En: Ventura Oller, M.(ed) Fronteras y mestizajes. Sistemas de clasificaci\u00f3n social en Europa,Am\u00e9rica y \u00c1frica. Publicacions d\u2019antropologia cultural. Universitat Aut\u00f2noma deBarcelona.  pp. 85-97.<\/p>\n<p>MART\u00cdNEZ, M., 2010. \u201cDe la antropolog\u00eda del desarrollo a la antropolog\u00eda delturismo: la experiencia de la comarca ind\u00edgena de Kuna Yala (Panam\u00e1), un para\u00edso tur\u00edstico en desarrollo\u201d. En: M. Ne\u2022lo (ed.) T<em>urismo,Cooperaci\u00f3n y Desarrollo,<\/em> Publicacions de la Universitat Rovirai Virgili, Tarragona. Pp. 64-65. ISBN: 978-84-693-808<\/p>\n<p>MART\u00cdNEZ, M. con CELIGUETA (coords), 2010. &#8220;Editorial&#8221;, <em>Quaderns-e<\/em>, n\u00fam 15(2), p. 112. ISSN 1696-8298<\/p>\n<p>MART\u00cdNEZ, M. con LARREA, C., 2010. <em>Antropolog\u00eda social, desarrollo y cooperaci\u00f3n internacional<\/em>. Editorial UOC, Barcelona.<\/p>\n<p>MART\u00cdNEZ, M., 2009. \u201cPoderlocal, representaci\u00f3n y liderazgo en una sociedad ind\u00edgena: comarca de KunaYala (Panam\u00e1)\u201d Pilar Garc\u00eda Jord\u00e1n (ed) Din\u00e1micas del poder local enAm\u00e9rica Latina, siglos xix-xx, Ed. Universitat de Barcelona. Pp. 251-271<\/p>\n<p>MARTINEZ, M., 2009. \u201cCuando el territorio no es s\u00f3lo tierra. La territorialidad y el mar kuna (Panam\u00e1)\u201d.En: Lavi\u00f1a, Jaiver y Orobitg, Gemma (coords). Resistencia y territorialidad.Culturas ind\u00edgenas y afroamericanas. Col\u2022lecci\u00f3 Estudis d\u2019Antropologia Social iCultural. Editorial Universidad de Barcelona,Barcelona.<\/p>\n<p>MART\u00cdNEZ, M. con ELLISON, N., 2009. <em>Paisajes,espacios y territorios. Reelaboraciones simb\u00f3licas y reconstruccionesidentitarias. <\/em>Pp. 202, Abya Yala, Quito, Ecuador.<\/p>\n<p>MART\u00cdNEZ, M. con VENTURA, M., 2009. &#8220;Ambivalencias Esenciales, Cuerpos Polivalentes y Humanidades Plurales en la Am\u00e9rica Ind\u00edgena&#8221;, <em>Quaderns<\/em>, 25, pp.125-140. ISSN 0211-5557.<\/p>\n<p>MART\u00cdNEZ, M., 2009. &#8220;Rese\u00f1a: Ventura, M., 2009. Identit\u00e9, cosmologie etchamanisme des tsachila de l\u2019Equateur, \u00e0 la crois\u00e9e des chemins. Par\u00eds, L\u2019Harmattan&#8221;. <em>Quaderns<\/em>, 25: 189-182. ISSN 0211-5557.<\/p>\n<p>MART\u00cdNEZ, M., 2009. \u201cRuben P\u00e9rez Kantule: la diplomatie autochtone avant les ONG \u00e0 Kuna Yala (Panama)\u201d, B. Bosa y E. Wittersheim (dir.) <em>Luttes autochtones, trajectoires postcoloniales,<\/em> Ed. Karthala, Paris.<\/p>\n<p>MART\u00cdNEZ, M., 2009. \u201cTerritorialidad y proyectos de desarrollosostenible en Kuna Yala\u201d, Juli\u00e1n L\u00f3pez Garc\u00eda (Ed.) <em>Am\u00e9rica Ind\u00edgena anteel siglo XXI. <\/em>Fundaci\u00f3n Carolina, siglo XXI, Madrid.<\/p>\n<p>MART\u00cdNEZ, M., 2008. \u201cDe Sociedades a ONGs. Mediaci\u00f3n Cultural y organizaci\u00f3n pol\u00edtica en Kuna Yala (Panam\u00e1)\u201d <em>Bulletin de la Societ\u00e9 Suissedes Am\u00e9ricanistes<\/em>, 70,pp. 31-38.<\/p>\n<p>MART\u00cdNEZ, M., 2008. \u201cRub\u00e9n P\u00e9rez Kantule: la diplomacia ind\u00edgena antes de las ONG en Kuna Yala (Panam\u00e1)\u201d,:\u00c1ngela Santamar\u00eda, Bastien Bosa y Eric Wittersheim (eds) <em>Luchas Ind\u00edgenas yTrayectorias Poscoloniales<\/em>, pp. 161 -178. Editorial, Universidad del Rosario,Bogot\u00e1. ISBN: 978-958-8378-37-4<\/p>\n<p>MART\u00cdNEZ, M., 2008. \u00ab De Tule nega \u00e0 Kuna Yala. M\u00e9diation, territoire et \u00e9cologie au Panama, 1903-2004 \u00bb, <em>Nuevo Mundo Mundos Nuevos<\/em>, N\u00famero 8 -2008, mis en ligne le 5 janvier 2008, disponible: http:\/\/nuevomundo.revues.org\/document15592.html<\/p>\n<p>MART\u00cdNEZ, M., 2008. \u201cFiguras intermedias, identidades ambivalentes. Alteridad, mezclas y mediadores en Kuna Yala (Panam\u00e1)\u201d, Stolcke, V. i Coello, A. (eds.) <em>Identitades ambivalentes en Am\u00e9rica Latina (siglos XVI-XXI)<\/em>, Editorial Bellaterra, Bellaterra, pp. 229-245.<\/p>\n<p>MART\u00cdNEZ, M. con RODRIGUEZ, E., (eds), 2008. <em>Intelectuales, mediadores y antrop\u00f3logos. La traducci\u00f3n y la reinterpretaci\u00f3n de lo global en lo local<\/em>. Editorial: Ankulegi, Donostia, 253 p\u00e0gs. ISBN:13-978-84-691-4959-1 Dip\u00f2sit legal: SS-1105-2008<\/p>\n<p><a href=\"\/\/antropologia.uab.es\/Periferia\/catala\/numero6\/kunas.pdf\">MART\u00cdNEZ, M., 2007. \u201cUn largo Igar\u201d, <em>Periferia<\/em>, Vol. 6, pp. 1-8.<\/a><\/p>\n<p><a href=\"http:\/\/nuevomundo.revues.org\/document6813.html.\">MART\u00cdNEZ, M. con Boidin, C; G\u00f3mez, A; Havard, G; Langue, F; Raisa, M, 2007. \u00ab M\u00e9tissages.Une bibliographie collective ax\u00e9e sur les Am\u00e9riques \u00bb, <em>Nuevo Mundo Mundos Nuevos<\/em>, N\u00famero 7 &#8211; , mis en ligne le 16 juin 2007.<\/a><\/p>\n<p><a href=\"http:\/\/nuevomundo.revues.org\/document4944.html\">MART\u00cdNEZ, M., 2007. \u201cNapguana (Terre-M\u00e8re) vs. Bab Dummat (P\u00e8re Cr\u00e9ateur). Les repr\u00e9sentations kunas del&#8217;environnement dans les espaces de m\u00e9diation\u201d, <em>Nuevo Mundo Mundos Nuevo<\/em>, vol.7, Pp. 1-10. Mis en ligne le 15 mai 2007.<\/a><\/p>\n<p>MART\u00cdNEZ, M. con Colera, M; Dom\u00ednguez, P, 2007. &#8220;L&#8217;anthropologie espagnole: anthropologie du Centre, ou anthropologie P\u00e9riph\u00e9rique?&#8221; <em>Revue de l&#8217;Association Fran\u00e7aise d&#8217;Anthropologie,<\/em> vol.110-111, pp. 293-316. <\/p>\n<p>MART\u00cdNEZ, M., 2007. \u201cEthnic identity, NGOs and cultural mediation in Kuna Yala, Panama\u201d, R. Mursic &amp; J.Repic P(eds) <em>Places of Encounter, in memoriam Borut Bremen<\/em>, Zupanicevaknijznica series, Dept. of Ethnology and cultural anthropology, Ljubljana,Eslovenia. Pp. 209-221.<\/p>\n<p>MART\u00cdNEZ, M., 2006. \u201cUne r\u00e9serve de la biosph\u00e8re non achev\u00e9e. Les Kuna et la conservation de la nature\u201d, <em>Cahiers d&#8217;Anthropologie Sociale<\/em>, Vol. 3, pp. 97-108.<\/p>\n<p><a href=\"http:\/\/antropologia.uab.es\/Periferia\/catala\/numero4\/LI_AHCISP.pdf\">MART\u00cdNEZ, M. con Clua, M; Coello, A; Mart\u00ednez Mauri, M; Mateo, J-Ll; Ojeda, M; Stolcke, V; Ventura i Oller, M., 2006. \u201cPer una reflexi\u00f3cr\u00edtica sobre la noci\u00f3 de mestissatge\u201d, <em>Perif\u00e8ria<\/em>, vol. 4. <\/a><\/p>\n<p>MART\u00cdNEZ, M., 2006. \u201cEl pueblo kuna ante la construcci\u00f3n del Estado paname\u00f1o, 1903-1953\u201d, Homogeneidad,diferencia y exclusi\u00f3n en Am\u00e9rica. Encuentro-Debate Am\u00e9rica Latina Ayer y Hoy. <em>Actas del X Encuentro-Debate Am\u00e9rica Latina Ayer y Hoy<\/em>, Ed. Universitat de Barcelona,Barcelona. pp. 203-204.<\/p>\n<p>MART\u00cdNEZ, M., 2006. \u201cPuentes enlas fronteras: identidad y mediadores culturales kunas\u201d, M.Ventura i Oller;A.Llu\u00eds Vidal-Folch; y G.Dalla Corte (eds.), La frontera, entre l\u00edmits i ponts,ICCI, Publicacions de l&#8217;Institut Catal\u00e0 de Cooperaci\u00f3 amb Iberomam\u00e8ricaBarcelona, pp. 185-195.<\/p>\n<p><a href=\"http:\/\/www.dialogueofcivilizations.org\/user_img\/pages\/vestnik_2005_2.pdf\">MART\u00cdNEZ, M., 2005. \u201cIndigenous NGO and Cultural Mediators: Kuna Yala (Panam\u00e1) 1925-2004\u201d, <em>World Public Forum Dialogue of Civilizations Bulletin<\/em>, vol. 2, pp. 267- 275.<\/a><\/p>\n<p><a href=\"http:\/\/nuevomundo.revues.org\/document830.html\">MART\u00cdNEZ, M., 2005. \u201cLes Rapportsdu Programme des Nations Unies pour le D\u00e9veloppement (PNUD)\u201d, <em>Nuevo Mundo Mundos Nuevos<\/em>. N\u00famero 5 &#8211; 2005, mis en ligne le 19 mars 2005.<\/a><\/p>\n<p><a href=\"http:\/\/antropologia.uab.es\/Periferia\/catala\/numero3\/periferia_3_6.pdf\">MART\u00cdNEZ, M., con Bailo, L; Carballo, M; Colera, M; Dominguez, P; Mart\u00ednez, C; Mart\u00ednez, M; Sabariego, A; Soteres, I., 2005. \u201cEl primer a\u00f1o de la Moving AnthropologyStudent Network (MASN)\u201d, <em>Perif\u00e8ria<\/em>, editorial, vol. 3, Pp.1-7.<\/a><\/p>\n<p>MARTINEZ, M., 2005. \u201c\u00bfCompetenciao complementariedad? Las ONG ind\u00edgenas y las organizaciones tradicionales kunasen Panam\u00e0\u201d, Bret\u00f3n Solo de Zald\u00edvar, V. &amp; L\u00f3pez Bargados, A. (eds.) <em>Las ONGS en la reflexi\u00f3n antropol\u00f3gica sobre el desarrollo y viceversa. Perspectivas africanas y latinoamericanas<\/em>. Actas del X Congreso de Antropolog\u00eda, Federaci\u00f3nde Asociaciones de Antropolog\u00eda del Estado Espa\u00f1ol, Fundaci\u00f3n el Monte, ASANA; Sevilla. ISBN: 84-8455-168-7 (tomo VI) pp. 149-163.<\/p>\n<p>MARTINEZ, M., 2005. \u201cEntre Kuna Yala y Ginebra. La participaci\u00f3n de las ONG ind\u00edgenas en el sistema de lasNaciones Unidas\u201d, Laura MAMELI &amp; Eleonora MUNTA\u00d1OLA (eds), <em>Am\u00e9rica Latina: Realidades Diversas<\/em>, Institut Catal\u00e0 de Cooperaci\u00f3 Iberoamericana- Casa Am\u00e8rica, Colecci\u00f3 America; Cat 13, Barcelona, pp. 211-224.<\/p>\n<p>MART\u00cdNEZ, M., 2004. \u201cEl mar kuna: representaci\u00f3n y uso de los recursos marinos en Kuna Yala (Panam\u00e1)\u201d, <em>Perif\u00e8ria<\/em>, vol. 1, no. 1, Pp. 1-11.http:\/\/antropologia.uab.es\/Periferia\/catala\/numero1\/N1MMM.pdf<\/p>\n<p>MART\u00cdNEZ, M., 2003. <em>M\u00e9diation et D\u00e9veloppement.L&#8217;emergence des ONG et des passeurs culturels \u00e0 Kuna Yala (Panama)<\/em>, pp.1-85, Publications de l&#8217;Institut Universitaire d&#8217;Etudes du D\u00e9veloppement,Gen\u00e8ve.<\/p>\n<p>MART\u00cdNEZ, M., 2001. \u00abReconstruyendo nuestra memoria hist\u00f3rica. Hacia un nuevo milenio. La rechercheau Panama et les congr\u00e8s regionaux \u00bb. <em>Revue Histoire et soci\u00e9t\u00e9s de l&#8217;Am\u00e9rique Latine,<\/em> n\u00ba 10, 2\u00e8me semestre, Paris. Pp. 53-67.<\/p>\n","protected":false},"excerpt":{"rendered":"<p>MART\u00cdNEZ MAURI, M. (2018) Book review: Brightman, Marc; Carlos Fausto, and Vanessa Grotti (eds.) 2016. Ownership and Nurture. Studies in Native Amazonian Property Relations. Berghahn Books, New York &#8211; Oxford. Social Anthropology\/Anthropologie Sociale, 26(1): 131-133. MART\u00cdNEZ MAURI M. (2018) \u201c\u00bfPor qu\u00e9 pagar por entrar a Gunayala? Movilidad tur\u00edstica, soberan\u00eda y pueblos ind\u00edgenas en Panam\u00e1\u201d. Norois, [&hellip;]<\/p>\n","protected":false},"author":2545,"featured_media":0,"parent":22,"menu_order":7,"comment_status":"open","ping_status":"closed","template":"","meta":{"footnotes":""},"class_list":["post-24","page","type-page","status-publish","hentry"],"_links":{"self":[{"href":"https:\/\/webs.uab.cat\/ahcisp\/wp-json\/wp\/v2\/pages\/24","targetHints":{"allow":["GET"]}}],"collection":[{"href":"https:\/\/webs.uab.cat\/ahcisp\/wp-json\/wp\/v2\/pages"}],"about":[{"href":"https:\/\/webs.uab.cat\/ahcisp\/wp-json\/wp\/v2\/types\/page"}],"author":[{"embeddable":true,"href":"https:\/\/webs.uab.cat\/ahcisp\/wp-json\/wp\/v2\/users\/2545"}],"replies":[{"embeddable":true,"href":"https:\/\/webs.uab.cat\/ahcisp\/wp-json\/wp\/v2\/comments?post=24"}],"version-history":[{"count":0,"href":"https:\/\/webs.uab.cat\/ahcisp\/wp-json\/wp\/v2\/pages\/24\/revisions"}],"up":[{"embeddable":true,"href":"https:\/\/webs.uab.cat\/ahcisp\/wp-json\/wp\/v2\/pages\/22"}],"wp:attachment":[{"href":"https:\/\/webs.uab.cat\/ahcisp\/wp-json\/wp\/v2\/media?parent=24"}],"curies":[{"name":"wp","href":"https:\/\/api.w.org\/{rel}","templated":true}]}}