{"id":2586,"date":"2024-02-03T19:11:40","date_gmt":"2024-02-03T17:11:40","guid":{"rendered":"https:\/\/webs.uab.cat\/ahcisp\/?page_id=2586"},"modified":"2025-03-08T19:05:04","modified_gmt":"2025-03-08T17:05:04","slug":"pau-sanosa-cols","status":"publish","type":"page","link":"https:\/\/webs.uab.cat\/ahcisp\/pau-sanosa-cols\/","title":{"rendered":"Pau Sanosa Cols"},"content":{"rendered":"\n<div class=\"wp-block-group alignwide\"><div class=\"wp-block-group__inner-container is-layout-constrained wp-block-group-is-layout-constrained\">\n<div class=\"wp-block-columns is-layout-flex wp-container-core-columns-is-layout-9d6595d7 wp-block-columns-is-layout-flex\">\n<div class=\"wp-block-column is-layout-flow wp-block-column-is-layout-flow\" style=\"flex-basis:33.33%\">\n<figure class=\"wp-block-image size-full\"><img loading=\"lazy\" decoding=\"async\" width=\"664\" height=\"887\" src=\"https:\/\/webs.uab.cat\/ahcisp\/wp-content\/uploads\/sites\/320\/2024\/02\/Pau_Sanosa.png\" alt=\"\" class=\"wp-image-2524\" srcset=\"https:\/\/webs.uab.cat\/ahcisp\/wp-content\/uploads\/sites\/320\/2024\/02\/Pau_Sanosa.png 664w, https:\/\/webs.uab.cat\/ahcisp\/wp-content\/uploads\/sites\/320\/2024\/02\/Pau_Sanosa-225x300.png 225w\" sizes=\"auto, (max-width: 664px) 100vw, 664px\" \/><\/figure>\n<\/div>\n\n\n\n<div class=\"wp-block-column is-layout-flow wp-block-column-is-layout-flow\" style=\"flex-basis:66.66%\">\n<h2 class=\"wp-block-heading\"><strong>Pau Sanosa Cols<\/strong><\/h2>\n\n\n\n<ul class=\"wp-block-list has-small-font-size\">\n<li><strong>Vinculaci\u00f3<\/strong>: col\u00b7laborador extern<\/li>\n\n\n\n<li><strong>Correu<\/strong>: <a href=\"mailto:vanessa.gaibar@gmail.com\" target=\"_blank\" rel=\"noreferrer noopener\"><\/a><a href=\"mailto:pausanosa@gmail.com\">pausanosa@gmail.com<\/a><\/li>\n\n\n\n<li><strong>ORCID<\/strong>: <a href=\"https:\/\/orcid.org\/0000-0003-2396-0584\">0000-0003-2396-0584<\/a><\/li>\n\n\n\n<li><a href=\"https:\/\/www.researchgate.net\/profile\/Pau-Sanosa-Cols\"><strong>ResearchGate<\/strong><\/a><\/li>\n<\/ul>\n<\/div>\n<\/div>\n\n\n\n<h3 class=\"wp-block-heading\">Recerca<\/h3>\n\n\n\n<p>Situo l\u2019\u00e0mbit de la meva recerca en l\u2019antropologia ambiental, en les relacions natura-cultura en contextos pastorals de muntanya mediterr\u00e0nia. Centro la mirada en les formes d\u2019organitzaci\u00f3 col\u00b7lectiva desenvolupades al voltant de l\u2019aprofitament de pastures i en les institucions formals i informals que els grups humans desenvolupen amb aquesta finalitat. Aix\u00ed mateix, m\u2019interesso per les relacions establertes amb animals i territoris, tant pel que fa a la dimensi\u00f3 material com en el conjunt d\u2019expressions socioculturals de les quals s\u00f3n objecte. En aquest sentit, m\u2019interesso tamb\u00e9 per com les pol\u00edtiques agr\u00e0ries, els mercats globals i els processos de canvi sociocultural que es donen en aquests territoris perfilen aquestes relacions. Desenvolupo les meves recerques al Pirineu catal\u00e0 i a la Sierra de Segura. M\u00e9s enll\u00e0 de l\u2019\u00e0mbit acad\u00e8mic, col\u00b7laboro amb l\u2019associaci\u00f3 <a href=\"https:\/\/www.icomunales.org\/\">Iniciativa Comunales<\/a> i soc membre honorari de <a href=\"https:\/\/www.iccaconsortium.org\/es\/inicio\/\">ICCA-Consortium<\/a>.<\/p>\n\n\n\n<hr class=\"wp-block-separator has-alpha-channel-opacity\" \/>\n\n\n\n<p><a href=\"https:\/\/webs.uab.cat\/ahcisp\/equip\/\">&lt;&lt; Retornar a &#8216;L&#8217;Equip&#8217;<\/a><\/p>\n<\/div><\/div>\n","protected":false},"excerpt":{"rendered":"<p>Pau Sanosa Cols Recerca Situo l\u2019\u00e0mbit de la meva recerca en l\u2019antropologia ambiental, en les relacions natura-cultura en contextos pastorals de muntanya mediterr\u00e0nia. Centro la mirada en les formes d\u2019organitzaci\u00f3 col\u00b7lectiva desenvolupades al voltant de l\u2019aprofitament de pastures i en les institucions formals i informals que els grups humans desenvolupen amb aquesta finalitat. Aix\u00ed mateix, [&hellip;]<\/p>\n","protected":false},"author":1643,"featured_media":0,"parent":0,"menu_order":0,"comment_status":"closed","ping_status":"closed","template":"","meta":{"footnotes":""},"class_list":["post-2586","page","type-page","status-publish","hentry"],"_links":{"self":[{"href":"https:\/\/webs.uab.cat\/ahcisp\/wp-json\/wp\/v2\/pages\/2586","targetHints":{"allow":["GET"]}}],"collection":[{"href":"https:\/\/webs.uab.cat\/ahcisp\/wp-json\/wp\/v2\/pages"}],"about":[{"href":"https:\/\/webs.uab.cat\/ahcisp\/wp-json\/wp\/v2\/types\/page"}],"author":[{"embeddable":true,"href":"https:\/\/webs.uab.cat\/ahcisp\/wp-json\/wp\/v2\/users\/1643"}],"replies":[{"embeddable":true,"href":"https:\/\/webs.uab.cat\/ahcisp\/wp-json\/wp\/v2\/comments?post=2586"}],"version-history":[{"count":4,"href":"https:\/\/webs.uab.cat\/ahcisp\/wp-json\/wp\/v2\/pages\/2586\/revisions"}],"predecessor-version":[{"id":5829,"href":"https:\/\/webs.uab.cat\/ahcisp\/wp-json\/wp\/v2\/pages\/2586\/revisions\/5829"}],"wp:attachment":[{"href":"https:\/\/webs.uab.cat\/ahcisp\/wp-json\/wp\/v2\/media?parent=2586"}],"curies":[{"name":"wp","href":"https:\/\/api.w.org\/{rel}","templated":true}]}}