{"id":2678,"date":"2024-02-13T21:36:27","date_gmt":"2024-02-13T19:36:27","guid":{"rendered":"https:\/\/webs.uab.cat\/ahcisp\/?page_id=2678"},"modified":"2024-06-11T12:48:34","modified_gmt":"2024-06-11T10:48:34","slug":"montserrat-ventura","status":"publish","type":"page","link":"https:\/\/webs.uab.cat\/ahcisp\/montserrat-ventura\/","title":{"rendered":"Montserrat Ventura"},"content":{"rendered":"\n<div class=\"wp-block-group alignwide\"><div class=\"wp-block-group__inner-container is-layout-constrained wp-block-group-is-layout-constrained\">\n<div class=\"wp-block-columns is-layout-flex wp-container-core-columns-is-layout-9d6595d7 wp-block-columns-is-layout-flex\">\n<div class=\"wp-block-column is-vertically-aligned-top is-layout-flow wp-block-column-is-layout-flow\" style=\"flex-basis:33.33%\">\n<figure class=\"wp-block-image size-full\"><img loading=\"lazy\" decoding=\"async\" width=\"400\" height=\"399\" src=\"https:\/\/webs.uab.cat\/ahcisp\/wp-content\/uploads\/sites\/320\/2024\/02\/Montserrat_Ventura.jpg\" alt=\"\" class=\"wp-image-2674\" srcset=\"https:\/\/webs.uab.cat\/ahcisp\/wp-content\/uploads\/sites\/320\/2024\/02\/Montserrat_Ventura.jpg 400w, https:\/\/webs.uab.cat\/ahcisp\/wp-content\/uploads\/sites\/320\/2024\/02\/Montserrat_Ventura-300x300.jpg 300w, https:\/\/webs.uab.cat\/ahcisp\/wp-content\/uploads\/sites\/320\/2024\/02\/Montserrat_Ventura-150x150.jpg 150w\" sizes=\"auto, (max-width: 400px) 100vw, 400px\" \/><\/figure>\n<\/div>\n\n\n\n<div class=\"wp-block-column is-layout-flow wp-block-column-is-layout-flow\" style=\"flex-basis:66.66%\">\n<h2 class=\"wp-block-heading\">Montserrat Ventura i Oller<\/h2>\n\n\n\n<ul class=\"has-small-font-size wp-block-list\">\n<li><strong>Vinculaci\u00f3<\/strong>: Coordinadora grup AHCISP<\/li>\n\n\n\n<li><strong>Correu<\/strong>: <a href=\"mailto:montserrat.ventura@uab.cat\">montserrat.ventura@uab.cat<\/a><\/li>\n\n\n\n<li><strong>ORCID<\/strong>: <a href=\"https:\/\/orcid.org\/0000-0001-8534-4643\" target=\"_blank\" rel=\"noreferrer noopener\">0000-0001-8534-4643<\/a><\/li>\n<\/ul>\n<\/div>\n<\/div>\n\n\n\n<h3 class=\"wp-block-heading\">Recerca<\/h3>\n\n\n\n<p class=\"has-text-align-left\">Doctora en antropologia social i etnologia (EHESS, Paris, 2000), ha realitzat treball de camp amb la societat Tsachila de l\u2019Equador on ha estudiat els camps del xamanisme, les nocions de persona, mestissatge, humanitat, fronteres culturals, pau i resoluci\u00f3 de conflictes, mobilitat, temps i espai, aix\u00ed com les formes locals de coneixement i les relacions entre humans i el seu entorn. Ha publicat articles en revistes i participat en llibres a Europa i Am\u00e8rica. Destaca la monografia <em><em>Identit\u00e9, cosmologie et chamanisme des tsachila de l\u2019\u00c9quateur. \u00c0 la crois\u00e9e des chemins<\/em><\/em> (Paris\u00a0: L\u2019Harmattan, 2009), tradu\u00efda al castell\u00e0 <em>En el cruce de caminos. Identidad, cosmolog\u00eda y chamanismo Tsachila<\/em> (Quito\u00a0: FLACSO \/ Abya-Yala \/ IFEA, 2012). Ha coordinat en diversos moments el grup de recerca AHCISP i ha participat en, o dirigit, projectes de recerca d\u2019\u00e0mbit catal\u00e0, estatal o internacional.<\/p>\n\n\n\n<div class=\"wp-block-group alignfull\"><div class=\"wp-block-group__inner-container is-layout-constrained wp-block-group-is-layout-constrained\">\n<hr class=\"wp-block-separator has-alpha-channel-opacity is-style-default\" \/>\n\n\n\n<p><a href=\"https:\/\/webs.uab.cat\/ahcisp\/equip\/\">&lt;&lt; Retornar a &#8216;L&#8217;Equip&#8217;<\/a><\/p>\n<\/div><\/div>\n<\/div><\/div>\n","protected":false},"excerpt":{"rendered":"<p>Montserrat Ventura i Oller Recerca Doctora en antropologia social i etnologia (EHESS, Paris, 2000), ha realitzat treball de camp amb la societat Tsachila de l\u2019Equador on ha estudiat els camps del xamanisme, les nocions de persona, mestissatge, humanitat, fronteres culturals, pau i resoluci\u00f3 de conflictes, mobilitat, temps i espai, aix\u00ed com les formes locals de [&hellip;]<\/p>\n","protected":false},"author":1643,"featured_media":0,"parent":0,"menu_order":0,"comment_status":"closed","ping_status":"closed","template":"","meta":{"footnotes":""},"class_list":["post-2678","page","type-page","status-publish","hentry"],"_links":{"self":[{"href":"https:\/\/webs.uab.cat\/ahcisp\/wp-json\/wp\/v2\/pages\/2678","targetHints":{"allow":["GET"]}}],"collection":[{"href":"https:\/\/webs.uab.cat\/ahcisp\/wp-json\/wp\/v2\/pages"}],"about":[{"href":"https:\/\/webs.uab.cat\/ahcisp\/wp-json\/wp\/v2\/types\/page"}],"author":[{"embeddable":true,"href":"https:\/\/webs.uab.cat\/ahcisp\/wp-json\/wp\/v2\/users\/1643"}],"replies":[{"embeddable":true,"href":"https:\/\/webs.uab.cat\/ahcisp\/wp-json\/wp\/v2\/comments?post=2678"}],"version-history":[{"count":18,"href":"https:\/\/webs.uab.cat\/ahcisp\/wp-json\/wp\/v2\/pages\/2678\/revisions"}],"predecessor-version":[{"id":5010,"href":"https:\/\/webs.uab.cat\/ahcisp\/wp-json\/wp\/v2\/pages\/2678\/revisions\/5010"}],"wp:attachment":[{"href":"https:\/\/webs.uab.cat\/ahcisp\/wp-json\/wp\/v2\/media?parent=2678"}],"curies":[{"name":"wp","href":"https:\/\/api.w.org\/{rel}","templated":true}]}}