{"id":2722,"date":"2024-02-22T13:31:46","date_gmt":"2024-02-22T11:31:46","guid":{"rendered":"https:\/\/webs.uab.cat\/ahcisp\/?page_id=2722"},"modified":"2024-06-11T12:46:37","modified_gmt":"2024-06-11T10:46:37","slug":"verena-stolcke","status":"publish","type":"page","link":"https:\/\/webs.uab.cat\/ahcisp\/verena-stolcke\/","title":{"rendered":"Verena Stolcke"},"content":{"rendered":"\n<div class=\"wp-block-group alignwide\"><div class=\"wp-block-group__inner-container is-layout-constrained wp-block-group-is-layout-constrained\">\n<div class=\"wp-block-columns is-layout-flex wp-container-core-columns-is-layout-9d6595d7 wp-block-columns-is-layout-flex\">\n<div class=\"wp-block-column is-layout-flow wp-block-column-is-layout-flow\" style=\"flex-basis:33.3%\">\n<figure class=\"wp-block-image size-full\"><img loading=\"lazy\" decoding=\"async\" width=\"696\" height=\"596\" src=\"https:\/\/webs.uab.cat\/ahcisp\/wp-content\/uploads\/sites\/320\/2024\/02\/stolcke.jpg\" alt=\"\" class=\"wp-image-2723\" srcset=\"https:\/\/webs.uab.cat\/ahcisp\/wp-content\/uploads\/sites\/320\/2024\/02\/stolcke.jpg 696w, https:\/\/webs.uab.cat\/ahcisp\/wp-content\/uploads\/sites\/320\/2024\/02\/stolcke-300x257.jpg 300w\" sizes=\"auto, (max-width: 696px) 100vw, 696px\" \/><\/figure>\n<\/div>\n\n\n\n<div class=\"wp-block-column is-layout-flow wp-block-column-is-layout-flow\" style=\"flex-basis:66.66%\">\n<h2 class=\"wp-block-heading\">Verena Stolcke<\/h2>\n\n\n\n<ul class=\"has-small-font-size wp-block-list\">\n<li><strong>Vinculaci\u00f3<\/strong>: investigadora, catedr\u00e0tica em\u00e8rita, fundadora del grup AHCISP<\/li>\n\n\n\n<li><strong>Correu<\/strong>: <a href=\"mailto:verena.stolcke@uab.es\" target=\"_blank\" rel=\"noreferrer noopener\">verena.stolcke@uab.es<\/a><\/li>\n<\/ul>\n<\/div>\n<\/div>\n\n\n\n<h3 class=\"wp-block-heading\">Recerca<\/h3>\n\n\n\n<p>Verena Stolcke \u00e9s catedr\u00e0tica em\u00e8rita al Departament d\u2019Antropologia Social i Cultural de la Universitat Aut\u00f2noma de Barcelona. Va n\u00e9ixer a Alemanya el 1938 i va estudiar a l\u2019Institute of Social Anthropology, Oxford University (Doctorat en Antropologia Social, 1970). <\/p>\n\n\n\n<p>Va realitzar investigaci\u00f3 hist\u00f2rica d\u2019arxiu i treball etnogr\u00e0fic de camp a Cuba en 1967-68 i a Sao Paulo, Brasil, entre 1973 i 1979. \u00c9s autora de <em>Marriage, Class, and Colour in Nineteenth Century Cuba<\/em> (Cambridge: Cambridge University Press, 1974, reeditat per University of Michigan Press el 1989 i 2003; publicat tamb\u00e9 en castell\u00e0 amb el t\u00edtol <em>Racismo y Sexualidad en la Cuba Colonial<\/em>. Alianza Editorial , Madrid, 1992 i amb una revisi\u00f3 a l\u2019Editorial Bellaterra el 2017 <em>Racismo y sexualidad en la Cuba colonial. Intersecciones<\/em>), de <em>Coffee Planters, Workers, and Wives: Class Conflict and Gender Relations on Sao Paulo Plantations, 1850 1980<\/em> (Oxford: St Antony\u2019s \/ Macmillan 1988; publicat tamb\u00e9 en portugu\u00e8s amb el t\u00edtol <em>Cafeicultura: Homens, Mulheres i Capital (1850-1980) S\u00e3o Paulo, Brasil<\/em>, Ed Brasiliense SA, 1986), de \u201cWomen\u2019s Labours: The Naturalisation of Social Inequality and Women\u2019s Subordination\u201d, a <em>Of Marriage and the Market<\/em>, coordinat per K. Young, C. Wolkowitz, and R. Mcculloch (London: Routledge and Kegan Paul 1981), de \u201cNew Reproductive Technologies, Old Fatherhood\u201d, <em>Reproductive and Genetic Engineering<\/em> I (I), de \u201cIs Sex to Gender as Race Is to Ethnicity?\u201d In <em>Gendered Anthropology<\/em>, editat per Teresa del Valle (London: Routledge, I993; publicat en castell\u00e0 amb el t\u00edtol \u201c\u00c9s el sexo para el g\u00e9nero lo que la raza es para la etnicidad \u2026 y la naturaleza para la sociedad?\u201d a <em>Pol\u00edtica y Cultura<\/em>, Monogr\u00e0fic <em>Raza \/ etnia y g\u00e9nero<\/em>, 2000).<\/p>\n\n\n\n<p>Entre els seus articles m\u00e9s recoeguts hi ha \u201cTalking Culture. New boundaries, new rhetorics of exclusion in Europe \u201c, <em>Current Anthropology<\/em> 36 (1) 1995; \u201cThe \u2018Nature\u2019 of Nationality\u201d a <em>Citizenship and Exclusion<\/em> editat per Veit Bader (London: Macmillan Press Ltd, 1997) i \u201dEl sexo de la biotecnolog\u00eda\u201d, a <em>Genes en el laboratorio y en la f\u00e1brica<\/em>, editat per Alicia Dur\u00e1n &amp; Jorge Riechmann (Madrid: Editorial Trotta, 1998). <\/p>\n\n\n\n<p>Verena Stolcke ha publicat sobre ra\u00e7a, mestissatge, nacionalisme, g\u00e8nere i teoria feminista. Una part de les seves publicacions es recullen al seu darrer llibre <em>\u00bfPor qu\u00e9 clasificamos? <\/em><em>Desigualdades y diferencias<\/em>, Editorial Bellaterra, 2024.<\/p>\n\n\n\n<h4 class=\"wp-block-heading has-text-align-center\">Publicacions<\/h4>\n\n\n\n<ul class=\"wp-block-list\">\n<li>STOLCKE, V. (2012) \u201cHomo clonicus\u201d, Clones, Fakes and Posthumans. Philomena Essed &amp; Gabriele Schawb (eds.). Thamyris intersecting Place, Sex, and Race, no 25, 25-44.<\/li>\n\n\n\n<li>STOLCKE, V. (2012) \u201cIntroducci\u00f3n\u201d, Naturalesa i\/o cultura: un debat necessari. N\u00famero monogr\u00e1fico de la Revista Quaderns de l\u2019Institut Catal\u00e0 d\u2019Antropologia, n\u00fam. 27.<\/li>\n\n\n\n<li>STOLCKE, V. (2010) \u201cHomo clonicus. \u00bfEntre la naturaleza y la cultura?\u201d, en R.D. D\u00edaz Cruz y A. Gonz\u00e1lez Echevarr\u00eda (coords), Naturaleza, cuerpos y culturas. Metamorfosis e intersecciones, M\u00e9xico: UNAM.<\/li>\n\n\n\n<li>STOLCKE, V. (2010) \u00bfQu\u00e9 tiene que ver el g\u00e9nero con el parentesco?\u201d, en V. Fons, A. Piella y M. Vald\u00e9s (eds), Procreaci\u00f3n, crianza y g\u00e9nero. Aproximaciones antropoll\u00f3gicas a la parentalidad.<\/li>\n\n\n\n<li>STOLCKE, V. (2010) \u00bf\u201cEs el sexo para el g\u00e9nero como la raza para la etnicidad?\u201d, re-editado en F. Cruces Villalobos y B. P\u00e9rez Gal\u00e1n (eds), Textos de Antropolog\u00eda Contempor\u00e1nea, Madrid: Universidad Nacional de Educaci\u00f3n a Distancia.<\/li>\n\n\n\n<li>STOLCKE, V. (2009) \u201cA prop\u00f3sito del sexo\u201d, Pol\u00edtica y Sociedad, vol. 46, nos. 1 y 2.<\/li>\n\n\n\n<li>STOLCKE, V., Alexandre Coello (eds) (2008) Identidades Ambivalentes en Am\u00e9rica Latina (siglos XVI-XXI), Barcelona: Edicions Bellaterra.<\/li>\n\n\n\n<li>STOLCKE, V. (2008) \u201cLos mestizos no nacen, se hacen,\u201d V. Stolcke, A. Coello (eds), Identidades Ambivalentes en Am\u00e9rica Latina (siglos XVI-XXI), Barcelona: Edicions Bellaterra.<\/li>\n\n\n\n<li>STOLCKE, V. (2008) \u201cUna herencia sin testamento: Hannah Arendt, Fina Birul\u00e9s,\u201d LECTORA. Revista de Dones \/ Textualitat 14.<\/li>\n\n\n\n<li>STOLCKE, V. (2007) \u201cTrabalho e moralidade familiar,\u201d O. M Gomes da Cunha &amp; F. Dos Santos Gomes (eds), Quase-cidadao, Rio de Janeiro: Editrora FGV.<\/li>\n\n\n\n<li>STOLCKE, V. (2007) \u201c\u00d3vulos de oro. De Dolly, la oveja cl\u00f3nica, a las c\u00e9lulas madre,\u201d MyS Mujeres y Salud 21, primavera 2007.<\/li>\n\n\n\n<li>STOLCKE, V. (2007) \u201cG\u00e9nero Mundo Novo: Interse\u00e7\u00f3es. A forma\u00e7ao dos imperios transatl\u00e2nticos do s\u00e9culo XVI ao XIX,\u201d M.P. Grossi, C. Eckert, P.H. Fry (eds), Confer\u00eancias e di\u00e1logos: Saberes e pr\u00e1ticas antropol\u00f3gicas, Blumenau: Nova Letra.<\/li>\n\n\n\n<li>STOLCKE, V. (2007) \u201cHomo Clonicus? O sexo da biotecnolog\u00eda,\u201d M.P. Grossi, C. Eckert, P.H. Fry (eds), Confer\u00eancias e di\u00e1logos: Saberes e pr\u00e1ticas antropol\u00f3gicas, Blumenau: Nova Letra.<\/li>\n\n\n\n<li>STOLCKE, V., 2006. \u201cO enigma das interse\u00e7oes: classe, \u2018ra\u00e7a\u2019, sexo, sexualidade. A forma\u00e7ao dos imperios trans\u00e2tlanticos do s\u00e9culo XVI ao XIX,\u201d Estudos Feministas 14.<\/li>\n\n\n\n<li>STOLCKE, V., 2006. \u201cCommentary on Viranjini Manusinghe, \u2018Theorizing world culture through the New World: East Indians and creolization\u2019,\u201d AE Forum: Locating or Liberating Creolization, American Ethnologist 33 (4), noviembre 2006.<\/li>\n<\/ul>\n\n\n\n<hr class=\"wp-block-separator has-alpha-channel-opacity\" \/>\n\n\n\n<p><a href=\"https:\/\/webs.uab.cat\/ahcisp\/equip\/\">&lt;&lt; Retornar a &#8216;L&#8217;Equip&#8217;<\/a><\/p>\n<\/div><\/div>\n","protected":false},"excerpt":{"rendered":"<p>Verena Stolcke Recerca Verena Stolcke \u00e9s catedr\u00e0tica em\u00e8rita al Departament d\u2019Antropologia Social i Cultural de la Universitat Aut\u00f2noma de Barcelona. Va n\u00e9ixer a Alemanya el 1938 i va estudiar a l\u2019Institute of Social Anthropology, Oxford University (Doctorat en Antropologia Social, 1970). Va realitzar investigaci\u00f3 hist\u00f2rica d\u2019arxiu i treball etnogr\u00e0fic de camp a Cuba en 1967-68 [&hellip;]<\/p>\n","protected":false},"author":1643,"featured_media":0,"parent":0,"menu_order":0,"comment_status":"closed","ping_status":"closed","template":"","meta":{"footnotes":""},"class_list":["post-2722","page","type-page","status-publish","hentry"],"_links":{"self":[{"href":"https:\/\/webs.uab.cat\/ahcisp\/wp-json\/wp\/v2\/pages\/2722","targetHints":{"allow":["GET"]}}],"collection":[{"href":"https:\/\/webs.uab.cat\/ahcisp\/wp-json\/wp\/v2\/pages"}],"about":[{"href":"https:\/\/webs.uab.cat\/ahcisp\/wp-json\/wp\/v2\/types\/page"}],"author":[{"embeddable":true,"href":"https:\/\/webs.uab.cat\/ahcisp\/wp-json\/wp\/v2\/users\/1643"}],"replies":[{"embeddable":true,"href":"https:\/\/webs.uab.cat\/ahcisp\/wp-json\/wp\/v2\/comments?post=2722"}],"version-history":[{"count":6,"href":"https:\/\/webs.uab.cat\/ahcisp\/wp-json\/wp\/v2\/pages\/2722\/revisions"}],"predecessor-version":[{"id":5007,"href":"https:\/\/webs.uab.cat\/ahcisp\/wp-json\/wp\/v2\/pages\/2722\/revisions\/5007"}],"wp:attachment":[{"href":"https:\/\/webs.uab.cat\/ahcisp\/wp-json\/wp\/v2\/media?parent=2722"}],"curies":[{"name":"wp","href":"https:\/\/api.w.org\/{rel}","templated":true}]}}