{"id":3026,"date":"2024-03-07T12:19:38","date_gmt":"2024-03-07T10:19:38","guid":{"rendered":"https:\/\/webs.uab.cat\/ahcisp\/?page_id=3026"},"modified":"2024-06-11T10:06:28","modified_gmt":"2024-06-11T08:06:28","slug":"claudio-milano","status":"publish","type":"page","link":"https:\/\/webs.uab.cat\/ahcisp\/claudio-milano\/","title":{"rendered":"Claudio Milano"},"content":{"rendered":"\n<div class=\"wp-block-group alignwide\"><div class=\"wp-block-group__inner-container is-layout-constrained wp-block-group-is-layout-constrained\">\n<div class=\"wp-block-columns is-layout-flex wp-container-core-columns-is-layout-9d6595d7 wp-block-columns-is-layout-flex\">\n<div class=\"wp-block-column is-layout-flow wp-block-column-is-layout-flow\" style=\"flex-basis:33.33%\">\n<figure class=\"wp-block-image size-full\"><img loading=\"lazy\" decoding=\"async\" width=\"400\" height=\"400\" src=\"https:\/\/webs.uab.cat\/ahcisp\/wp-content\/uploads\/sites\/320\/2024\/03\/ClaudioMilano.png\" alt=\"\" class=\"wp-image-3027\" srcset=\"https:\/\/webs.uab.cat\/ahcisp\/wp-content\/uploads\/sites\/320\/2024\/03\/ClaudioMilano.png 400w, https:\/\/webs.uab.cat\/ahcisp\/wp-content\/uploads\/sites\/320\/2024\/03\/ClaudioMilano-300x300.png 300w, https:\/\/webs.uab.cat\/ahcisp\/wp-content\/uploads\/sites\/320\/2024\/03\/ClaudioMilano-150x150.png 150w\" sizes=\"auto, (max-width: 400px) 100vw, 400px\" \/><\/figure>\n<\/div>\n\n\n\n<div class=\"wp-block-column is-layout-flow wp-block-column-is-layout-flow\" style=\"flex-basis:66.66%\">\n<h2 class=\"wp-block-heading\">Claudio Milano<\/h2>\n\n\n\n<ul class=\"has-small-font-size wp-block-list\">\n<li><strong>Vinculaci\u00f3<\/strong>: membre<\/li>\n\n\n\n<li><strong>Correu<\/strong>: <a href=\"mailto:claudiomilano@ub.edu\">claudiomilano@ub.edu<\/a><\/li>\n\n\n\n<li><strong>ORCID<\/strong>: <a href=\"https:\/\/orcid.org\/0000-0003-4349-367X\">0000-0003-4349-367X<\/a><\/li>\n\n\n\n<li>Scopus Author ID: 57197704719<\/li>\n\n\n\n<li>Researcher ID: N-5764-2015<\/li>\n\n\n\n<li><a href=\"https:\/\/scholar.google.es\/citations?user=se6fSEgAAAAJ&amp;hl=es\">Google Scholar<\/a><\/li>\n\n\n\n<li><a href=\"https:\/\/barcelona.academia.edu\/ClaudioMilano\">Academia<\/a><\/li>\n\n\n\n<li><a href=\"https:\/\/www.researchgate.net\/profile\/Claudio-Milano\">Researchgate<\/a><\/li>\n\n\n\n<li><a href=\"https:\/\/www.linkedin.com\/in\/claudiomilano\/?originalSubdomain=es\">Linkedin<\/a><\/li>\n<\/ul>\n<\/div>\n<\/div>\n\n\n\n<h3 class=\"wp-block-heading\">Recerca<\/h3>\n\n\n\n<p>Copresident de la Comissi\u00f3 d&#8217;Antropologia del Turisme per a la Uni\u00f3 Internacional de Ci\u00e8ncies Antropol\u00f2giques i Etnol\u00f2giques (IUAES) i membre del Consell Editorial Review dels Annals of Tourism Research (Elsevier). La meva principal \u00e0rea d&#8217;especialitzaci\u00f3 \u00e9s l&#8217;economia pol\u00edtica del turisme. La meva recerca aprofundeix en la din\u00e0mica dels processos de turistificaci\u00f3n, explorant com les societats responen i resisteixen a aquests canvis a trav\u00e9s de moviments socials i pol\u00edtiques tur\u00edstiques.<\/p>\n\n\n\n<h4 class=\"wp-block-heading has-text-align-center\">Publicacions<\/h4>\n\n\n\n<ul class=\"wp-block-list\">\n<li>Bianchi, R. V., &amp; Milano, C. (2024). Polycrisis and the metamorphosis of tourism capitalism. <em>Annals of Tourism Research<\/em>, 104, 103731. &nbsp;<a href=\"https:\/\/www.sciencedirect.com\/science\/article\/pii\/S0160738324000082?casa_token=kEQEaF_CEBQAAAAA:4dEkokRIcOiIyNmy8GZ1s_Q4SO5YzY2ot-eMqnEAiMV1xNGnieAC11zighFWEWRggH9tYSVNvrQ\">Link<\/a><\/li>\n\n\n\n<li>Koens, K. &amp; Milano, C. (2023). Urban tourism studies: a transversal research agenda. <em>Tourism, Culture &amp; Communication. <\/em>DOI: 10.3727\/109830423X16999785101653. <a href=\"https:\/\/www.ingentaconnect.com\/content\/cog\/tcc\/pre-prints\/content-23146\">Link<\/a><\/li>\n\n\n\n<li>Milano, C. &amp; Koens, K. (2022). The paradox of tourism extremes. Excesses and restraints in times of crisis. <em>Current Issues in Tourism<\/em>, 25(2), 219-231. <a href=\"https:\/\/www.tandfonline.com\/doi\/full\/10.1080\/13683500.2021.1908967\">Link<\/a> <\/li>\n\n\n\n<li>Gasc\u00f3n, J., Ca\u00f1ada, E. &amp; Milano, C. (2021). Anthropological insights on rural tourism: strengthening the debate between rural and tourist studies. <em>International Journal Tourism Anthropology<\/em>, 8(4), 279-283. <a href=\"https:\/\/www.inderscience.com\/info\/dl.php?filename=2021\/ijta-7707.pdf\">Link<\/a><\/li>\n<\/ul>\n\n\n\n<div class=\"wp-block-group alignwide\"><div class=\"wp-block-group__inner-container is-layout-constrained wp-block-group-is-layout-constrained\">\n<hr class=\"wp-block-separator has-alpha-channel-opacity\" \/>\n\n\n\n<p><a href=\"https:\/\/webs.uab.cat\/ahcisp\/equip\/\">&lt;&lt; Retornar a &#8216;L&#8217;Equip&#8217;<\/a><\/p>\n<\/div><\/div>\n<\/div><\/div>\n","protected":false},"excerpt":{"rendered":"<p>Claudio Milano Recerca Copresident de la Comissi\u00f3 d&#8217;Antropologia del Turisme per a la Uni\u00f3 Internacional de Ci\u00e8ncies Antropol\u00f2giques i Etnol\u00f2giques (IUAES) i membre del Consell Editorial Review dels Annals of Tourism Research (Elsevier). La meva principal \u00e0rea d&#8217;especialitzaci\u00f3 \u00e9s l&#8217;economia pol\u00edtica del turisme. La meva recerca aprofundeix en la din\u00e0mica dels processos de turistificaci\u00f3n, explorant [&hellip;]<\/p>\n","protected":false},"author":1643,"featured_media":0,"parent":0,"menu_order":0,"comment_status":"closed","ping_status":"closed","template":"","meta":{"footnotes":""},"class_list":["post-3026","page","type-page","status-publish","hentry"],"_links":{"self":[{"href":"https:\/\/webs.uab.cat\/ahcisp\/wp-json\/wp\/v2\/pages\/3026","targetHints":{"allow":["GET"]}}],"collection":[{"href":"https:\/\/webs.uab.cat\/ahcisp\/wp-json\/wp\/v2\/pages"}],"about":[{"href":"https:\/\/webs.uab.cat\/ahcisp\/wp-json\/wp\/v2\/types\/page"}],"author":[{"embeddable":true,"href":"https:\/\/webs.uab.cat\/ahcisp\/wp-json\/wp\/v2\/users\/1643"}],"replies":[{"embeddable":true,"href":"https:\/\/webs.uab.cat\/ahcisp\/wp-json\/wp\/v2\/comments?post=3026"}],"version-history":[{"count":7,"href":"https:\/\/webs.uab.cat\/ahcisp\/wp-json\/wp\/v2\/pages\/3026\/revisions"}],"predecessor-version":[{"id":4996,"href":"https:\/\/webs.uab.cat\/ahcisp\/wp-json\/wp\/v2\/pages\/3026\/revisions\/4996"}],"wp:attachment":[{"href":"https:\/\/webs.uab.cat\/ahcisp\/wp-json\/wp\/v2\/media?parent=3026"}],"curies":[{"name":"wp","href":"https:\/\/api.w.org\/{rel}","templated":true}]}}