{"id":20,"date":"2025-02-27T16:21:37","date_gmt":"2025-02-27T14:21:37","guid":{"rendered":"https:\/\/webs.uab.cat\/airst-frame\/?page_id=20"},"modified":"2025-08-11T11:24:27","modified_gmt":"2025-08-11T09:24:27","slug":"team","status":"publish","type":"page","link":"https:\/\/webs.uab.cat\/airst-frame\/team\/","title":{"rendered":"TEAM"},"content":{"rendered":"\n<p><strong>Members of the Research Team<\/strong><\/p>\n\n\n\n<ul class=\"wp-block-list\">\n<li>Dr. Miquel \u00c0ngel Piera Eroles (PI)<br>Full Professor &#8211; UAB<\/li>\n\n\n\n<li>Dr. Laura Calvet Li\u00f1\u00e1n (PI)<br>Assistant Professor &#8211; UAB<\/li>\n\n\n\n<li>Dr. Mercedes Elizabeth Narciso Farias<br>Associate Professor &#8211; UAB <\/li>\n\n\n\n<li>Dr. V\u00edctor Fernando G\u00f3mez Comendador <br>Full Professor &#8211; UPM <\/li>\n\n\n\n<li>Dra Rosa M\u00aa Arnaldo Vald\u00e9s <br>Full Professor &#8211; UPM<\/li>\n<\/ul>\n\n\n\n<p><strong>Members of the Working Team<\/strong> <\/p>\n\n\n\n<ul class=\"wp-block-list\">\n<li>Dr. Miguel Mujica Mota <br>Associate Professor &#8211; Aviation Academy Amsterdam University of Applied Sciences<\/li>\n\n\n\n<li>Dr. Francisco P\u00e9rez Moreno <br>Researcher &#8211; UPM<\/li>\n\n\n\n<li>Dra. Raquel Delgado-Aguilera Jurado<br>Researcher &#8211; UPM<\/li>\n\n\n\n<li>Mar\u00eda Zamarre\u00f1o Su\u00e1rez <br>Researcher &#8211; UPM<\/li>\n<\/ul>\n\n\n<div class=\"wp-block-image\">\n<figure class=\"aligncenter size-large is-resized\"><img loading=\"lazy\" decoding=\"async\" width=\"1024\" height=\"438\" src=\"https:\/\/webs.uab.cat\/airst-frame\/wp-content\/uploads\/sites\/647\/2025\/02\/uab_eng_logo-1024x438.jpg\" alt=\"\" class=\"wp-image-21\" style=\"width:421px;height:auto\" srcset=\"https:\/\/webs.uab.cat\/airst-frame\/wp-content\/uploads\/sites\/647\/2025\/02\/uab_eng_logo-1024x438.jpg 1024w, https:\/\/webs.uab.cat\/airst-frame\/wp-content\/uploads\/sites\/647\/2025\/02\/uab_eng_logo-300x128.jpg 300w, https:\/\/webs.uab.cat\/airst-frame\/wp-content\/uploads\/sites\/647\/2025\/02\/uab_eng_logo-768x328.jpg 768w, https:\/\/webs.uab.cat\/airst-frame\/wp-content\/uploads\/sites\/647\/2025\/02\/uab_eng_logo.jpg 1200w\" sizes=\"auto, (max-width: 1024px) 100vw, 1024px\" \/><\/figure>\n<\/div>\n\n\n<figure class=\"wp-block-image size-large\"><img loading=\"lazy\" decoding=\"async\" width=\"1024\" height=\"204\" src=\"https:\/\/webs.uab.cat\/airst-frame\/wp-content\/uploads\/sites\/647\/2025\/02\/Logo_upm-1024x204.png\" alt=\"\" class=\"wp-image-22\" srcset=\"https:\/\/webs.uab.cat\/airst-frame\/wp-content\/uploads\/sites\/647\/2025\/02\/Logo_upm-1024x204.png 1024w, https:\/\/webs.uab.cat\/airst-frame\/wp-content\/uploads\/sites\/647\/2025\/02\/Logo_upm-300x60.png 300w, https:\/\/webs.uab.cat\/airst-frame\/wp-content\/uploads\/sites\/647\/2025\/02\/Logo_upm-768x153.png 768w, https:\/\/webs.uab.cat\/airst-frame\/wp-content\/uploads\/sites\/647\/2025\/02\/Logo_upm-1536x306.png 1536w, https:\/\/webs.uab.cat\/airst-frame\/wp-content\/uploads\/sites\/647\/2025\/02\/Logo_upm-2048x408.png 2048w, https:\/\/webs.uab.cat\/airst-frame\/wp-content\/uploads\/sites\/647\/2025\/02\/Logo_upm-1200x239.png 1200w, https:\/\/webs.uab.cat\/airst-frame\/wp-content\/uploads\/sites\/647\/2025\/02\/Logo_upm-1980x394.png 1980w\" sizes=\"auto, (max-width: 1024px) 100vw, 1024px\" \/><\/figure>\n\n\n\n<p><\/p>\n","protected":false},"excerpt":{"rendered":"<p>Members of the Research Team Members of the Working Team<\/p>\n","protected":false},"author":3041,"featured_media":0,"parent":0,"menu_order":0,"comment_status":"closed","ping_status":"closed","template":"","meta":{"footnotes":""},"class_list":["post-20","page","type-page","status-publish","hentry"],"_links":{"self":[{"href":"https:\/\/webs.uab.cat\/airst-frame\/wp-json\/wp\/v2\/pages\/20","targetHints":{"allow":["GET"]}}],"collection":[{"href":"https:\/\/webs.uab.cat\/airst-frame\/wp-json\/wp\/v2\/pages"}],"about":[{"href":"https:\/\/webs.uab.cat\/airst-frame\/wp-json\/wp\/v2\/types\/page"}],"author":[{"embeddable":true,"href":"https:\/\/webs.uab.cat\/airst-frame\/wp-json\/wp\/v2\/users\/3041"}],"replies":[{"embeddable":true,"href":"https:\/\/webs.uab.cat\/airst-frame\/wp-json\/wp\/v2\/comments?post=20"}],"version-history":[{"count":2,"href":"https:\/\/webs.uab.cat\/airst-frame\/wp-json\/wp\/v2\/pages\/20\/revisions"}],"predecessor-version":[{"id":47,"href":"https:\/\/webs.uab.cat\/airst-frame\/wp-json\/wp\/v2\/pages\/20\/revisions\/47"}],"wp:attachment":[{"href":"https:\/\/webs.uab.cat\/airst-frame\/wp-json\/wp\/v2\/media?parent=20"}],"curies":[{"name":"wp","href":"https:\/\/api.w.org\/{rel}","templated":true}]}}