{"id":79,"date":"2025-06-03T00:16:07","date_gmt":"2025-06-02T22:16:07","guid":{"rendered":"https:\/\/webs.uab.cat\/alcom\/proyecto-alcom\/"},"modified":"2026-02-03T13:35:22","modified_gmt":"2026-02-03T11:35:22","slug":"proyecto-alcom","status":"publish","type":"page","link":"https:\/\/webs.uab.cat\/alcom\/","title":{"rendered":"Proyecto ALCOM"},"content":{"rendered":"\n<p><strong>PERCEPCI\u00d3N Y GENERACI\u00d3N DE CONOCIMIENTO SOBRE LOS ALGORITMOS DE PERSONALIZACI\u00d3N EN LAS PLATAFORMAS DIGITALES DE COMUNICACI\u00d3N<\/strong> (ALCOM)<\/p>\n\n\n\n<figure class=\"wp-block-image size-large\"><img loading=\"lazy\" decoding=\"async\" width=\"1024\" height=\"75\" src=\"https:\/\/webs.uab.cat\/alcom\/wp-content\/uploads\/sites\/658\/2025\/06\/image-1024x75.png\" alt=\"\" class=\"wp-image-12\" srcset=\"https:\/\/webs.uab.cat\/alcom\/wp-content\/uploads\/sites\/658\/2025\/06\/image-1024x75.png 1024w, https:\/\/webs.uab.cat\/alcom\/wp-content\/uploads\/sites\/658\/2025\/06\/image-300x22.png 300w, https:\/\/webs.uab.cat\/alcom\/wp-content\/uploads\/sites\/658\/2025\/06\/image-768x56.png 768w, https:\/\/webs.uab.cat\/alcom\/wp-content\/uploads\/sites\/658\/2025\/06\/image.png 1092w\" sizes=\"auto, (max-width: 1024px) 100vw, 1024px\" \/><\/figure>\n\n\n\n<figure class=\"wp-block-image size-full is-resized\"><img loading=\"lazy\" decoding=\"async\" width=\"543\" height=\"178\" src=\"https:\/\/webs.uab.cat\/alcom\/wp-content\/uploads\/sites\/658\/2025\/06\/logo-alcom-turquesa-1.png\" alt=\"\" class=\"wp-image-28\" style=\"width:295px;height:auto\" srcset=\"https:\/\/webs.uab.cat\/alcom\/wp-content\/uploads\/sites\/658\/2025\/06\/logo-alcom-turquesa-1.png 543w, https:\/\/webs.uab.cat\/alcom\/wp-content\/uploads\/sites\/658\/2025\/06\/logo-alcom-turquesa-1-300x98.png 300w\" sizes=\"auto, (max-width: 543px) 100vw, 543px\" \/><\/figure>\n\n\n\n<p class=\"has-text-align-left\">Los algoritmos de personalizaci\u00f3n se han convertido en un elemento sociocultural central en la selecci\u00f3n y consumo de contenidos en las redes sociales y los servicios audiovisuales bajo demanda (plataformas de comunicaci\u00f3n). Este proyecto Tipo A de investigaci\u00f3n orientada dentro del \u00e1rea de ciencias sociales y la sub\u00e1rea de comunicaci\u00f3n tiene como hip\u00f3tesis de partida que ser capaz de interactuar con los algoritmos de personalizaci\u00f3n de plataformas de comunicaci\u00f3n de forma consciente, cr\u00edtica y saber qu\u00e9 acciones se pueden tomar para tener mayor autonom\u00eda y evitar posibles sesgos debe ser una competencia generalizada en la sociedad. <\/p>\n\n\n\n<p class=\"has-text-align-left\">Entender la alfabetizaci\u00f3n algor\u00edtmica de la poblaci\u00f3n joven adulta, el segmento m\u00e1s activo en el uso de plataformas de comunicaci\u00f3n, detectar sus principales t\u00e1cticas, imaginarios y actitudes en su interacci\u00f3n con algoritmos de personalizaci\u00f3n resulta crucial para identificar posibles brechas digitales relacionadas con niveles preexistentes de desigualdades sociales y culturales que pueden manifestarse en la capacidad para aprovechar el uso de la tecnolog\u00eda. Por ello, este proyecto tiene los siguientes objetivos generales (OGs): <\/p>\n\n\n\n<p class=\"has-text-align-left\"><strong>1)<\/strong> Conocer la alfabetizaci\u00f3n algor\u00edtmica de la poblaci\u00f3n j\u00f3ven adulta espa\u00f1ola en relaci\u00f3n a los algoritmos de personalizaci\u00f3n de las plataformas de comunicaci\u00f3n teniendo en consideraci\u00f3n diferentes variables sociodemogr\u00e1ficos (g\u00e9nero, edad y nivel de estudios). <\/p>\n\n\n\n<p class=\"has-text-align-left\"><strong>2) <\/strong>Explorar las interacciones y pr\u00e1cticas de consumo en relaci\u00f3n a sus imaginarios algor\u00edtmicos<\/p>\n\n\n\n<p class=\"has-text-align-left\"><strong>3)<\/strong> Analizar la identificaci\u00f3n de sesgos de los algoritmos de personalizaci\u00f3n por parte de los j\u00f3venes adultos espa\u00f1oles. <\/p>\n\n\n\n<p class=\"has-text-align-left\"><strong>4)<\/strong> Impulsar el nivel de alfabetizaci\u00f3n algor\u00edtmica en relaci\u00f3n a las plataformas digitales de comunicaci\u00f3n y sus sistemas de personalizaci\u00f3n. <\/p>\n\n\n\n<p class=\"has-text-align-left\">El desarrollo de este proyecto se plantea en 2 fases principales. La primera <strong>(OGs 1, 2 y 3)<\/strong> analizar\u00e1 los niveles de alfabetizaci\u00f3n algor\u00edtmica, las interacciones y pr\u00e1cticas de consumo de las personas usuarias y los posibles sesgos utilizando una aproximaci\u00f3n metodol\u00f3gica mixta: <strong>a)<\/strong> encuesta con una muestra representativa de la poblaci\u00f3n joven-adulta (18 a 35 a\u00f1os) de todo el territorio espa\u00f1ol; <strong>b)<\/strong> an\u00e1lisis de contenido cualitativo para el estudio de la legislaci\u00f3n y los t\u00e9rminos y condiciones de uso; <strong>c) <\/strong>entrevistas en profundidad; y <strong>d)<\/strong> m\u00e9todos digitales para analizar los discursos p\u00fablicos sobre algoritmos de personalizaci\u00f3n. <\/p>\n\n\n\n<p class=\"has-text-align-left\">La segunda fase <strong>(OG4)<\/strong> se focalizar\u00e1 en potenciar la alfabetizaci\u00f3n algor\u00edtmica de la sociedad espa\u00f1ola generando materiales audiovisuales y un libro blanco creados a partir de talleres de codise\u00f1o con la poblaci\u00f3n estudiada para potenciar la transferencia de los resultados a la ciudadan\u00eda. <\/p>\n\n\n\n<p class=\"has-text-align-left\">Los resultados de esta investigaci\u00f3n, a parte de ser una aportaci\u00f3n relevante al conocimiento cient\u00edfico a nivel internacional, tendr\u00e1n un claro impacto sociocultural ayudando a las personas usuarias a garantizar unas interacciones m\u00e1s cr\u00edticas y conscientes con los algoritmos de personalizaci\u00f3n de las plataformas digitales de comunicaci\u00f3n. Cabe destacar que este proyecto est\u00e1 vinculado a la<strong> Prioridad Tem\u00e1tica 4 \u00abMundo Digital, Industria, Espacio y Defensa\u00bb<\/strong> del Plan Estatal de Investigaci\u00f3n Cient\u00edfica y T\u00e9cnica y de Innovaci\u00f3n (PEICTI 2021-2023). Con este planteamiento, este proyecto aumentar\u00e1 el conocimiento sobre el proceso de digitalizaci\u00f3n y los retos de la implementaci\u00f3n de la inteligencia artificial desde un punto de vista centrado en la ciudadan\u00eda.<\/p>\n","protected":false},"excerpt":{"rendered":"<p>PERCEPCI\u00d3N Y GENERACI\u00d3N DE CONOCIMIENTO SOBRE LOS ALGORITMOS DE PERSONALIZACI\u00d3N EN LAS PLATAFORMAS DIGITALES DE COMUNICACI\u00d3N (ALCOM) Los algoritmos de personalizaci\u00f3n se han convertido en un elemento sociocultural central en la selecci\u00f3n y consumo de contenidos en las redes sociales y los servicios audiovisuales bajo demanda (plataformas de comunicaci\u00f3n). Este proyecto Tipo A de investigaci\u00f3n [&hellip;]<\/p>\n","protected":false},"author":3063,"featured_media":0,"parent":0,"menu_order":0,"comment_status":"closed","ping_status":"closed","template":"","meta":{"footnotes":""},"class_list":["post-79","page","type-page","status-publish","hentry"],"_links":{"self":[{"href":"https:\/\/webs.uab.cat\/alcom\/wp-json\/wp\/v2\/pages\/79","targetHints":{"allow":["GET"]}}],"collection":[{"href":"https:\/\/webs.uab.cat\/alcom\/wp-json\/wp\/v2\/pages"}],"about":[{"href":"https:\/\/webs.uab.cat\/alcom\/wp-json\/wp\/v2\/types\/page"}],"author":[{"embeddable":true,"href":"https:\/\/webs.uab.cat\/alcom\/wp-json\/wp\/v2\/users\/3063"}],"replies":[{"embeddable":true,"href":"https:\/\/webs.uab.cat\/alcom\/wp-json\/wp\/v2\/comments?post=79"}],"version-history":[{"count":5,"href":"https:\/\/webs.uab.cat\/alcom\/wp-json\/wp\/v2\/pages\/79\/revisions"}],"predecessor-version":[{"id":298,"href":"https:\/\/webs.uab.cat\/alcom\/wp-json\/wp\/v2\/pages\/79\/revisions\/298"}],"wp:attachment":[{"href":"https:\/\/webs.uab.cat\/alcom\/wp-json\/wp\/v2\/media?parent=79"}],"curies":[{"name":"wp","href":"https:\/\/api.w.org\/{rel}","templated":true}]}}