{"id":118,"date":"2021-03-08T12:53:55","date_gmt":"2021-03-08T12:53:55","guid":{"rendered":"https:\/\/webs.uab.cat\/alma\/resultados\/"},"modified":"2022-09-28T07:48:26","modified_gmt":"2022-09-28T07:48:26","slug":"resultados","status":"publish","type":"page","link":"https:\/\/webs.uab.cat\/alma\/es\/resultados\/","title":{"rendered":"Resultados"},"content":{"rendered":"<ul>\n<li><span style=\"font-size: 16px\"><span style=\"font-family: verdana,geneva,sans-serif\">Seminario de presentaci\u00f3n de resultados de losproyectos europeos sobre accesibilidad: aplicaci\u00f3n <a href=\"https:\/\/kalliopesuite.com\/\">Kalliop\u00e9<\/a>, a cargo de La Fura des Baus; y el proyecto <a href=\"https:\/\/www.ccma.cat\/easytv\/\">Easy TV<\/a>, a cargo de la CCMA.<\/span><\/span><\/li>\n<li><span style=\"font-size: 16px\"><span style=\"font-family: verdana,geneva,sans-serif\">Ampliaci\u00f3n de entradas de la base de datos <a href=\"https:\/\/mapaccess.uab.cat\/\" target=\"_blank\" rel=\"noopener\">MAP<\/a>, que cuenta con una red internacional de colaboradores.\u00a0<\/span><\/span><\/li>\n<li><span style=\"font-size: 16px\"><span style=\"font-family: verdana,geneva,sans-serif\">Desarrollo de una aplicaci\u00f3n de detecci\u00f3n autom\u00e1tica de subt\u00edtulos en TV previamente iniciada en la UPV, incluyendo diversas mejoras que han sido identificadas por los grupos que forman la red y que ser\u00e1n de gran utilidad en sus investigaciones sobre subtitulaci\u00f3n de lenguas minoritarias.<\/span><\/span><\/li>\n<li><span style=\"font-size: 16px\"><span style=\"font-family: verdana,geneva,sans-serif\">Participaci\u00f3n en actividades de estandarizaci\u00f3n en ISO, ITU, ANEC y W3C. Participantes: Pilar Orero, Estel\u00b7la Oncins, Anna Matamala.<\/span><\/span><\/li>\n<li><span style=\"font-size: 16px\"><span style=\"font-family: verdana,geneva,sans-serif\">Inclusi\u00f3n de noticias relacionadas con la accesibilidad en la web: <a href=\"https:\/\/mapaccess.uab.cat\/news\" target=\"_blank\" rel=\"noopener\">https:\/\/mapaccess.uab.cat\/news<\/a><\/span><\/span><\/li>\n<\/ul>\n","protected":false},"excerpt":{"rendered":"<p>Seminario de presentaci\u00f3n de resultados de losproyectos europeos sobre accesibilidad: aplicaci\u00f3n Kalliop\u00e9, a cargo de La Fura des Baus; y el proyecto Easy TV, a cargo de la CCMA. Ampliaci\u00f3n de entradas de la base de datos MAP, que cuenta con una red internacional de colaboradores.\u00a0 Desarrollo de una aplicaci\u00f3n de detecci\u00f3n autom\u00e1tica de subt\u00edtulos [&hellip;]<\/p>\n","protected":false},"author":20,"featured_media":0,"parent":0,"menu_order":0,"comment_status":"closed","ping_status":"closed","template":"","meta":{"footnotes":""},"class_list":["post-118","page","type-page","status-publish","hentry"],"_links":{"self":[{"href":"https:\/\/webs.uab.cat\/alma\/es\/wp-json\/wp\/v2\/pages\/118","targetHints":{"allow":["GET"]}}],"collection":[{"href":"https:\/\/webs.uab.cat\/alma\/es\/wp-json\/wp\/v2\/pages"}],"about":[{"href":"https:\/\/webs.uab.cat\/alma\/es\/wp-json\/wp\/v2\/types\/page"}],"author":[{"embeddable":true,"href":"https:\/\/webs.uab.cat\/alma\/es\/wp-json\/wp\/v2\/users\/20"}],"replies":[{"embeddable":true,"href":"https:\/\/webs.uab.cat\/alma\/es\/wp-json\/wp\/v2\/comments?post=118"}],"version-history":[{"count":2,"href":"https:\/\/webs.uab.cat\/alma\/es\/wp-json\/wp\/v2\/pages\/118\/revisions"}],"predecessor-version":[{"id":325,"href":"https:\/\/webs.uab.cat\/alma\/es\/wp-json\/wp\/v2\/pages\/118\/revisions\/325"}],"wp:attachment":[{"href":"https:\/\/webs.uab.cat\/alma\/es\/wp-json\/wp\/v2\/media?parent=118"}],"curies":[{"name":"wp","href":"https:\/\/api.w.org\/{rel}","templated":true}]}}

<ul>
<li><span style="font-size: 16px"><span style="font-family: verdana,geneva,sans-serif">Seminario de presentación de resultados de losproyectos europeos sobre accesibilidad: aplicación <a href="https://kalliopesuite.com/">Kalliopé</a>, a cargo de La Fura des Baus; y el proyecto <a href="https://www.ccma.cat/easytv/">Easy TV</a>, a cargo de la CCMA.</span></span></li>
<li><span style="font-size: 16px"><span style="font-family: verdana,geneva,sans-serif">Ampliación de entradas de la base de datos <a href="https://mapaccess.uab.cat/" target="_blank" rel="noopener">MAP</a>, que cuenta con una red internacional de colaboradores. </span></span></li>
<li><span style="font-size: 16px"><span style="font-family: verdana,geneva,sans-serif">Desarrollo de una aplicación de detección automática de subtítulos en TV previamente iniciada en la UPV, incluyendo diversas mejoras que han sido identificadas por los grupos que forman la red y que serán de gran utilidad en sus investigaciones sobre subtitulación de lenguas minoritarias.</span></span></li>
<li><span style="font-size: 16px"><span style="font-family: verdana,geneva,sans-serif">Participación en actividades de estandarización en ISO, ITU, ANEC y W3C. Participantes: Pilar Orero, Estel·la Oncins, Anna Matamala.</span></span></li>
<li><span style="font-size: 16px"><span style="font-family: verdana,geneva,sans-serif">Inclusión de noticias relacionadas con la accesibilidad en la web: <a href="https://mapaccess.uab.cat/news" target="_blank" rel="noopener">https://mapaccess.uab.cat/news</a></span></span></li>
</ul>

<p>Seminario de presentación de resultados de losproyectos europeos sobre accesibilidad: aplicación Kalliopé, a cargo de La Fura des Baus; y el proyecto Easy TV, a cargo de la CCMA. Ampliación de entradas de la base de datos MAP, que cuenta con una red internacional de colaboradores.  Desarrollo de una aplicación de detección automática de subtítulos [&hellip;]</p>
