{"id":9,"date":"2024-02-20T14:48:14","date_gmt":"2024-02-20T12:48:14","guid":{"rendered":"https:\/\/webs.uab.cat\/amix-critix\/?page_id=9"},"modified":"2024-04-05T19:37:14","modified_gmt":"2024-04-05T17:37:14","slug":"sumat","status":"publish","type":"page","link":"https:\/\/webs.uab.cat\/amix-critix\/sumat\/","title":{"rendered":"Suma&#8217;t"},"content":{"rendered":"\n<p>T&#8217;agradaria unir-te a nosaltres? Hi ha diverses maneres, amb diferents grau de comprom\u00eds:<\/p>\n\n\n\n<p>1. <strong>Participar en el grup de Whatsapp d&#8217;Amix Cr\u00edtix<\/strong>: Hi recomanem recursos, compartim informaci\u00f3 sobre propers cursos, i ens fem consultes. Si vols apuntar-t&#8217;hi, escriu un correu a cecile.barbeito@uab.cat. <\/p>\n\n\n\n<p>2. <strong>Participar de les reunions d&#8217;intercanvi<\/strong>: Hi compartim experi\u00e8ncies d&#8217;aula, i ens fem feed-back o fem formacions sobre temes concrets. La majoria de vegades fem reunions online, perqu\u00e8 estem estesos des de Terres de l&#8217;Ebre fins a Girona, per\u00f2 de tant en tant ens trobem presencialment tamb\u00e9.  Les reunions solen ser mensuals durant el curs escolar.<\/p>\n\n\n\n<p>3. <strong>Aplicar a la teva aula i\/o al teu centre <\/strong>activitats de pensament cr\u00edtic amb enfocament global, partint dels recursos que compartim en aquest espai web.<\/p>\n\n\n\n<p>4. <strong>Dissenyar<\/strong>, conjuntament amb altres Amix Cr\u00edtix, projectes d&#8217;aula amb perspectiva de Just\u00edcia global.<\/p>\n","protected":false},"excerpt":{"rendered":"<p>T&#8217;agradaria unir-te a nosaltres? Hi ha diverses maneres, amb diferents grau de comprom\u00eds: 1. Participar en el grup de Whatsapp d&#8217;Amix Cr\u00edtix: Hi recomanem recursos, compartim informaci\u00f3 sobre propers cursos, i ens fem consultes. Si vols apuntar-t&#8217;hi, escriu un correu a cecile.barbeito@uab.cat. 2. Participar de les reunions d&#8217;intercanvi: Hi compartim experi\u00e8ncies d&#8217;aula, i ens fem [&hellip;]<\/p>\n","protected":false},"author":2859,"featured_media":0,"parent":0,"menu_order":3,"comment_status":"closed","ping_status":"closed","template":"sidebar.php","meta":{"footnotes":""},"class_list":["post-9","page","type-page","status-publish","hentry"],"_links":{"self":[{"href":"https:\/\/webs.uab.cat\/amix-critix\/wp-json\/wp\/v2\/pages\/9","targetHints":{"allow":["GET"]}}],"collection":[{"href":"https:\/\/webs.uab.cat\/amix-critix\/wp-json\/wp\/v2\/pages"}],"about":[{"href":"https:\/\/webs.uab.cat\/amix-critix\/wp-json\/wp\/v2\/types\/page"}],"author":[{"embeddable":true,"href":"https:\/\/webs.uab.cat\/amix-critix\/wp-json\/wp\/v2\/users\/2859"}],"replies":[{"embeddable":true,"href":"https:\/\/webs.uab.cat\/amix-critix\/wp-json\/wp\/v2\/comments?post=9"}],"version-history":[{"count":5,"href":"https:\/\/webs.uab.cat\/amix-critix\/wp-json\/wp\/v2\/pages\/9\/revisions"}],"predecessor-version":[{"id":93,"href":"https:\/\/webs.uab.cat\/amix-critix\/wp-json\/wp\/v2\/pages\/9\/revisions\/93"}],"wp:attachment":[{"href":"https:\/\/webs.uab.cat\/amix-critix\/wp-json\/wp\/v2\/media?parent=9"}],"curies":[{"name":"wp","href":"https:\/\/api.w.org\/{rel}","templated":true}]}}