{"id":2409,"date":"2023-11-07T14:13:35","date_gmt":"2023-11-07T12:13:35","guid":{"rendered":"https:\/\/webs.uab.cat\/jornades-investigacio-crue\/?page_id=2409"},"modified":"2023-11-07T14:13:35","modified_gmt":"2023-11-07T12:13:35","slug":"sostenibilitat","status":"publish","type":"page","link":"https:\/\/webs.uab.cat\/aniversari-cerec\/sostenibilitat\/","title":{"rendered":"Sostenibilitat"},"content":{"rendered":"\n<p><\/p>\n\n\n\n<p>El Campus Saludable i Sostenible (<a rel=\"noreferrer noopener\" href=\"https:\/\/www.uab.cat\/web\/coneix-la-uab-cei\/campus-sis-1345668302105.html\" target=\"_blank\"><strong>Campus SIS<\/strong><\/a>) \u00e9s un projecte que engloba dos plans, el Campus Saludable i el Campus Sostenible. Ambd\u00f3s van adre\u00e7ats a totes les persones que estudien i treballen a la Universitat. El Pla Campus Saludable s&#8217;inspira en els principis i els valors de la UAB, en les recomanacions de l\u2019Organitzaci\u00f3 Mundial de la Salut (OMS) i en la proposta d&#8217;actuaci\u00f3 de la Xarxa Catalana d&#8217;Universitats Saludables (US.CAT), a la qual es va adscriure la UAB el mar\u00e7 de 2010. Millorar la salut de la comunitat universit\u00e0ria i promoure entorns i h\u00e0bits d&#8217;estil de vida saludables s\u00f3n els objectius del Pla.<\/p>\n","protected":false},"excerpt":{"rendered":"<p>El Campus Saludable i Sostenible (Campus SIS) \u00e9s un projecte que engloba dos plans, el Campus Saludable i el Campus Sostenible. Ambd\u00f3s van adre\u00e7ats a totes les persones que estudien i treballen a la Universitat. El Pla Campus Saludable s&#8217;inspira en els principis i els valors de la UAB, en les recomanacions de l\u2019Organitzaci\u00f3 Mundial [&hellip;]<\/p>\n","protected":false},"author":2655,"featured_media":0,"parent":0,"menu_order":0,"comment_status":"closed","ping_status":"closed","template":"","meta":{"footnotes":""},"class_list":["post-2409","page","type-page","status-publish","hentry"],"_links":{"self":[{"href":"https:\/\/webs.uab.cat\/aniversari-cerec\/wp-json\/wp\/v2\/pages\/2409","targetHints":{"allow":["GET"]}}],"collection":[{"href":"https:\/\/webs.uab.cat\/aniversari-cerec\/wp-json\/wp\/v2\/pages"}],"about":[{"href":"https:\/\/webs.uab.cat\/aniversari-cerec\/wp-json\/wp\/v2\/types\/page"}],"author":[{"embeddable":true,"href":"https:\/\/webs.uab.cat\/aniversari-cerec\/wp-json\/wp\/v2\/users\/2655"}],"replies":[{"embeddable":true,"href":"https:\/\/webs.uab.cat\/aniversari-cerec\/wp-json\/wp\/v2\/comments?post=2409"}],"version-history":[{"count":0,"href":"https:\/\/webs.uab.cat\/aniversari-cerec\/wp-json\/wp\/v2\/pages\/2409\/revisions"}],"wp:attachment":[{"href":"https:\/\/webs.uab.cat\/aniversari-cerec\/wp-json\/wp\/v2\/media?parent=2409"}],"curies":[{"name":"wp","href":"https:\/\/api.w.org\/{rel}","templated":true}]}}

<p></p>



<p>El Campus Saludable i Sostenible (<a rel="noreferrer noopener" href="https://www.uab.cat/web/coneix-la-uab-cei/campus-sis-1345668302105.html" target="_blank"><strong>Campus SIS</strong></a>) és un projecte que engloba dos plans, el Campus Saludable i el Campus Sostenible. Ambdós van adreçats a totes les persones que estudien i treballen a la Universitat. El Pla Campus Saludable s&#8217;inspira en els principis i els valors de la UAB, en les recomanacions de l’Organització Mundial de la Salut (OMS) i en la proposta d&#8217;actuació de la Xarxa Catalana d&#8217;Universitats Saludables (US.CAT), a la qual es va adscriure la UAB el març de 2010. Millorar la salut de la comunitat universitària i promoure entorns i hàbits d&#8217;estil de vida saludables són els objectius del Pla.</p>

<p>El Campus Saludable i Sostenible (Campus SIS) és un projecte que engloba dos plans, el Campus Saludable i el Campus Sostenible. Ambdós van adreçats a totes les persones que estudien i treballen a la Universitat. El Pla Campus Saludable s&#8217;inspira en els principis i els valors de la UAB, en les recomanacions de l’Organització Mundial [&hellip;]</p>
