{"id":369,"date":"2023-06-14T13:16:20","date_gmt":"2023-06-14T11:16:20","guid":{"rendered":"https:\/\/webs.uab.cat\/jornades-investigacio-crue\/?page_id=369"},"modified":"2024-07-22T13:02:01","modified_gmt":"2024-07-22T11:02:01","slug":"campus-de-la-uab","status":"publish","type":"page","link":"https:\/\/webs.uab.cat\/aniversari-cerec\/campus-de-la-uab\/","title":{"rendered":"Campus de la UAB"},"content":{"rendered":"\n<h2 class=\"wp-block-heading alignwide\">Seu del 30\u00e8 Aniversari CERec<\/h2>\n\n\n\n<div class=\"wp-block-columns alignwide is-layout-flex wp-container-core-columns-is-layout-9d6595d7 wp-block-columns-is-layout-flex\">\n<div class=\"wp-block-column is-layout-flow wp-block-column-is-layout-flow\" style=\"flex-basis:300%\">\n<p>La Universitat Aut\u00f2noma de Barcelona acull la celebraci\u00f3 del&nbsp;<strong>30\u00e8 Aniversari CERec,&nbsp;<\/strong>que es dur\u00e0 a terme els dies 19 i 20 de setembre de 2024.<\/p>\n\n\n\n<p><\/p>\n\n\n\n<div class=\"wp-block-media-text is-stacked-on-mobile\" style=\"grid-template-columns:45% auto\"><figure class=\"wp-block-media-text__media\"><img loading=\"lazy\" decoding=\"async\" width=\"480\" height=\"270\" src=\"https:\/\/webs.uab.cat\/aniversari-cerec\/wp-content\/uploads\/sites\/564\/2024\/06\/rectoratweb.jpg\" alt=\"Rectorat UAB\" class=\"wp-image-3130 size-full\" srcset=\"https:\/\/webs.uab.cat\/aniversari-cerec\/wp-content\/uploads\/sites\/564\/2024\/06\/rectoratweb.jpg 480w, https:\/\/webs.uab.cat\/aniversari-cerec\/wp-content\/uploads\/sites\/564\/2024\/06\/rectoratweb-300x169.jpg 300w\" sizes=\"auto, (max-width: 480px) 100vw, 480px\" \/><\/figure><div class=\"wp-block-media-text__content\">\n<p>Aquesta trobada se celebrar\u00e0 a la Sala d\u2019Actes del\u00a0<a href=\"https:\/\/www.google.com\/maps\/place\/Rectorat.+Consell+Social.+Ger%C3%A8ncia\/@41.5029202,2.1019023,17z\/data=!3m1!5s0x12a4942a26ddd7a9:0x87d3103388898de1!4m6!3m5!1s0x12a49429889e5255:0xe78124968f663f1b!8m2!3d41.5036715!4d2.1001486!16s%2Fg%2F11xf8kg7c?entry=ttu\" target=\"_blank\" rel=\"noreferrer noopener\"><strong>Rectorat de la UAB<\/strong><\/a>:\u00a0<\/p>\n<\/div><\/div>\n<\/div>\n<\/div>\n\n\n\n<h2 class=\"wp-block-heading alignwide\">Com s&#8217;arriba al campus de la UAB<\/h2>\n\n\n\n<div class=\"wp-block-columns alignwide is-layout-flex wp-container-core-columns-is-layout-9d6595d7 wp-block-columns-is-layout-flex\">\n<div class=\"wp-block-column is-layout-flow wp-block-column-is-layout-flow\">\n<p><strong>Ferrocarrils de la Generalitat de Catalunya (FGC)<\/strong><br>Agafeu la l\u00ednia Barcelona-Sabadell (S2). Per arribar al centre del campus, baixeu a la parada Universitat Aut\u00f2noma.<br>Podeu consultar els horaris de la l\u00ednia al web dels FGC: <strong><a href=\"http:\/\/www.fgc.cat\" target=\"_blank\" rel=\"noreferrer noopener\">www.fgc.cat<\/a><\/strong>.<\/p>\n<\/div>\n\n\n\n<div class=\"wp-block-column is-layout-flow wp-block-column-is-layout-flow\">\n<p><strong>RENFE<\/strong>&nbsp;<br>La l\u00ednia R7 us dur\u00e0 a l\u2019estaci\u00f3 Cerdanyola Universitat. Consulteu-ne els horaris a  <a rel=\"noreferrer noopener\" href=\"http:\/\/rodalies.gencat.cat\" target=\"_blank\"><strong>rodalies.gencat.cat<\/strong><\/a>.<\/p>\n\n\n\n<p>Des de l&#8217;estaci\u00f3 Cerdanyola-Universitat hi ha un <a rel=\"noreferrer noopener\" href=\"http:\/\/appbuses.accessibilitat-transports.uab.cat\/\" target=\"_blank\"><strong>servei gratu\u00eft d&#8217;autobusos<\/strong><\/a> (nom\u00e9s en dies laborables) que comunica amb els diferents edificis del campus.<br><\/p>\n<\/div>\n\n\n\n<div class=\"wp-block-column is-layout-flow wp-block-column-is-layout-flow\">\n<p><strong>En cotxe<\/strong><br>Autopista <strong>AP-7<\/strong>. En sentit  Girona-Fran\u00e7a, sortida <em>Universitat  Aut\u00f2noma &#8211; Cerdanyola<\/em>. En sentit Barcelona, sortida 7.<\/p>\n\n\n\n<p>Autopista <strong>C-58. <\/strong>En sentit<strong> <\/strong>Barcelona, sortida 11. En sentit Sabadell-Terrassa, sortida 9.<\/p>\n<\/div>\n\n\n\n<div class=\"wp-block-column is-layout-flow wp-block-column-is-layout-flow\">\n<p><strong>En bus<\/strong><br>Des de Barcelona:<br>L&#8217;empresa SARBUS ofereix un servei des de Fabra i Puig cada 30 minuts. Per a m\u00e9s informaci\u00f3, <a href=\"http:\/\/www.sarbus.com\"><strong>www.sarbus.com<\/strong><\/a><\/p>\n<\/div>\n<\/div>\n\n\n\n<div class=\"wp-block-buttons alignwide is-layout-flex wp-block-buttons-is-layout-flex\">\n<div class=\"wp-block-button has-custom-width wp-block-button__width-100 has-custom-font-size is-style-outline has-larger-font-size is-style-outline--1\"><a class=\"wp-block-button__link has-verd-tropic-color has-blanc-coco-background-color has-text-color has-background wp-element-button\" href=\"https:\/\/webs.uab.cat\/jornades-investigacio-crue\/abonaments-de-transport\/\" target=\"_blank\" rel=\"noreferrer noopener\"><strong>Informaci\u00f3 sobre abonaments de transport integrat<\/strong><\/a><\/div>\n<\/div>\n\n\n\n<p class=\"has-drop-cap has-gris-londres-background-color has-background\"><em>\u2193 <em>Utilitzeu les etiquetes <\/em><strong>#30\u00e8CERec_UAB2024<\/strong><em> i compartiu les vostres experi\u00e8ncies durant les Jornades.<\/em><\/em><\/p>\n","protected":false},"excerpt":{"rendered":"<p>Seu del 30\u00e8 Aniversari CERec La Universitat Aut\u00f2noma de Barcelona acull la celebraci\u00f3 del&nbsp;30\u00e8 Aniversari CERec,&nbsp;que es dur\u00e0 a terme els dies 19 i 20 de setembre de 2024. Aquesta trobada se celebrar\u00e0 a la Sala d\u2019Actes del\u00a0Rectorat de la UAB:\u00a0 Com s&#8217;arriba al campus de la UAB Ferrocarrils de la Generalitat de Catalunya (FGC)Agafeu [&hellip;]<\/p>\n","protected":false},"author":2655,"featured_media":0,"parent":0,"menu_order":0,"comment_status":"closed","ping_status":"closed","template":"","meta":{"footnotes":""},"class_list":["post-369","page","type-page","status-publish","hentry"],"_links":{"self":[{"href":"https:\/\/webs.uab.cat\/aniversari-cerec\/wp-json\/wp\/v2\/pages\/369","targetHints":{"allow":["GET"]}}],"collection":[{"href":"https:\/\/webs.uab.cat\/aniversari-cerec\/wp-json\/wp\/v2\/pages"}],"about":[{"href":"https:\/\/webs.uab.cat\/aniversari-cerec\/wp-json\/wp\/v2\/types\/page"}],"author":[{"embeddable":true,"href":"https:\/\/webs.uab.cat\/aniversari-cerec\/wp-json\/wp\/v2\/users\/2655"}],"replies":[{"embeddable":true,"href":"https:\/\/webs.uab.cat\/aniversari-cerec\/wp-json\/wp\/v2\/comments?post=369"}],"version-history":[{"count":9,"href":"https:\/\/webs.uab.cat\/aniversari-cerec\/wp-json\/wp\/v2\/pages\/369\/revisions"}],"predecessor-version":[{"id":3234,"href":"https:\/\/webs.uab.cat\/aniversari-cerec\/wp-json\/wp\/v2\/pages\/369\/revisions\/3234"}],"wp:attachment":[{"href":"https:\/\/webs.uab.cat\/aniversari-cerec\/wp-json\/wp\/v2\/media?parent=369"}],"curies":[{"name":"wp","href":"https:\/\/api.w.org\/{rel}","templated":true}]}}