{"id":113,"date":"2024-04-03T11:18:57","date_gmt":"2024-04-03T09:18:57","guid":{"rendered":"https:\/\/webs.uab.cat\/antena-cipa\/?page_id=113"},"modified":"2024-04-29T12:29:26","modified_gmt":"2024-04-29T10:29:26","slug":"actualite","status":"publish","type":"page","link":"https:\/\/webs.uab.cat\/antena-cipa\/","title":{"rendered":"SITE D&rsquo;ACCUEIL"},"content":{"rendered":"\n<div class=\"wp-block-query is-layout-flow wp-block-query-is-layout-flow\"><ul class=\"wp-block-post-template is-layout-flow wp-block-post-template-is-layout-flow\"><li class=\"wp-block-post post-881 post type-post status-publish format-standard hentry category-non-classifiee\">\n<h2 class=\"wp-block-post-title\"><a href=\"https:\/\/webs.uab.cat\/antena-cipa\/lenseignement-apprentissage-plurilingue-dans-lunion-europeenne\/\" target=\"_self\" >L\u2019Enseignement-Apprentissage plurilingue dans l\u2019Union Europ\u00e9enne 13 novembre 2024 Sala de Graus Facultat de Lletres (UAB)<\/a><\/h2>\n\n<div class=\"wp-block-post-excerpt\"><p class=\"wp-block-post-excerpt__excerpt\">Le plurilinguisme est actuellement une exigence socio-\u00e9conomique et un projet institutionnel de l\u2019Union Europ\u00e9enne (cf. Recommandation de la Commission \u201cMultilinguisme : un atout pour l\u2019Europe et un engagement partag\u00e9\u201d [COM(2008)566 final) qui pr\u00e9conise que le citoyen europ\u00e9en poss\u00e8de deux langues en plus de sa(ses) langue(s) de base. Ainsi envisag\u00e9, le projet de g\u00e9n\u00e9ralisation du plurilinguisme\u2026 <\/p><\/div>\n\n\n<hr class=\"wp-block-separator has-css-opacity\" \/>\n\n\n<div class=\"wp-block-post-date\"><time datetime=\"2024-11-05T18:59:19+02:00\">5 de novembre de 2024<\/time><\/div>\n<\/li><li class=\"wp-block-post post-521 post type-post status-publish format-standard hentry category-non-classifiee\">\n<h2 class=\"wp-block-post-title\"><a href=\"https:\/\/webs.uab.cat\/antena-cipa\/conference-de-srgi-belbel-2023\/\" target=\"_self\" >CONF\u00c9RENCE DE SERGI BELBEL 2023<\/a><\/h2>\n\n<div class=\"wp-block-post-excerpt\"><p class=\"wp-block-post-excerpt__excerpt\">Le 10 octobre prochain, le dramaturge Sergi Belbel, ancien \u00e9tudiant du D\u00e9partement de philologie fran\u00e7aise et romane de notre universit\u00e9, donnera une conf\u00e9rence intitul\u00e9e Multilinguisme vivant : langues affectives et langues efficaces. L&rsquo;\u00e9v\u00e9nement, organis\u00e9 par la branche barcelonaise du Centre International de Fon\u00e9tique Appliqu\u00e9e (CIPA) en collaboration avec le D\u00e9partement de Philologie fran\u00e7aise et romane,\u2026 <\/p><\/div>\n\n\n<hr class=\"wp-block-separator has-css-opacity\" \/>\n\n\n<div class=\"wp-block-post-date\"><time datetime=\"2024-04-24T12:57:46+02:00\">24 de avril de 2024<\/time><\/div>\n<\/li><li class=\"wp-block-post post-511 post type-post status-publish format-standard hentry category-non-classifiee\">\n<h2 class=\"wp-block-post-title\"><a href=\"https:\/\/webs.uab.cat\/antena-cipa\/atelier-francophonie-2022\/\" target=\"_self\" >ATELIER \u00ab\u00a0FRANCOPHONIE\u00a0\u00bb 2022<\/a><\/h2>\n\n<div class=\"wp-block-post-excerpt\"><p class=\"wp-block-post-excerpt__excerpt\">LA FRANCOPHONIE AUJOURD\u2019HUI Lorem ipsum dolor sit amet, consectetur adipiscing elit. Nunc eget faucibus felis. Phasellus felis nisl, porttitor sed mi vitae, scelerisque pulvinar arcu. Sed id facilisis sem, sit amet mollis arcu. Cras consectetur feugiat lacinia. Quisque feugiat, velit vitae pharetra mattis, lectus justo ullamcorper turpis, sed ornare ante eros vel sapien. Praesent rutrum,\u2026 <\/p><\/div>\n\n\n<hr class=\"wp-block-separator has-css-opacity\" \/>\n\n\n<div class=\"wp-block-post-date\"><time datetime=\"2024-04-24T11:59:03+02:00\">24 de avril de 2024<\/time><\/div>\n<\/li><li class=\"wp-block-post post-505 post type-post status-publish format-standard hentry category-non-classifiee\">\n<h2 class=\"wp-block-post-title\"><a href=\"https:\/\/webs.uab.cat\/antena-cipa\/seminaire-projet-colindante-2021\/\" target=\"_self\" >S\u00c9MINAIRE &#8211; PROJET COLINDANTE 2021<\/a><\/h2>\n\n<div class=\"wp-block-post-excerpt\"><p class=\"wp-block-post-excerpt__excerpt\">Collocations Intensives de l\u2019ancien fran\u00e7ais et leurs traductions \u00e0 l\u2019espagnol. (Humanit\u00e9s num\u00e9rique) Lorem ipsum dolor sit amet, consectetur adipiscing elit. Integer porttitor ante eu erat rutrum volutpat. Quisque ac risus risus. Mauris iaculis ipsum in augue tincidunt, eu blandit eros tincidunt. Suspendisse dapibus hendrerit quam, non mollis tortor. Vestibulum magna ex, rhoncus et sollicitudin ac,\u2026 <\/p><\/div>\n\n\n<hr class=\"wp-block-separator has-css-opacity\" \/>\n\n\n<div class=\"wp-block-post-date\"><time datetime=\"2024-04-24T11:52:30+02:00\">24 de avril de 2024<\/time><\/div>\n<\/li><\/ul><\/div>\n","protected":false},"excerpt":{"rendered":"","protected":false},"author":2855,"featured_media":0,"parent":0,"menu_order":0,"comment_status":"closed","ping_status":"closed","template":"sidebar.php","meta":{"footnotes":""},"class_list":["post-113","page","type-page","status-publish","hentry"],"_links":{"self":[{"href":"https:\/\/webs.uab.cat\/antena-cipa\/wp-json\/wp\/v2\/pages\/113","targetHints":{"allow":["GET"]}}],"collection":[{"href":"https:\/\/webs.uab.cat\/antena-cipa\/wp-json\/wp\/v2\/pages"}],"about":[{"href":"https:\/\/webs.uab.cat\/antena-cipa\/wp-json\/wp\/v2\/types\/page"}],"author":[{"embeddable":true,"href":"https:\/\/webs.uab.cat\/antena-cipa\/wp-json\/wp\/v2\/users\/2855"}],"replies":[{"embeddable":true,"href":"https:\/\/webs.uab.cat\/antena-cipa\/wp-json\/wp\/v2\/comments?post=113"}],"version-history":[{"count":7,"href":"https:\/\/webs.uab.cat\/antena-cipa\/wp-json\/wp\/v2\/pages\/113\/revisions"}],"predecessor-version":[{"id":556,"href":"https:\/\/webs.uab.cat\/antena-cipa\/wp-json\/wp\/v2\/pages\/113\/revisions\/556"}],"wp:attachment":[{"href":"https:\/\/webs.uab.cat\/antena-cipa\/wp-json\/wp\/v2\/media?parent=113"}],"curies":[{"name":"wp","href":"https:\/\/api.w.org\/{rel}","templated":true}]}}

<div class="wp-block-query is-layout-flow wp-block-query-is-layout-flow"><ul class="wp-block-post-template is-layout-flow wp-block-post-template-is-layout-flow"><li class="wp-block-post post-881 post type-post status-publish format-standard hentry category-non-classifiee">
<h2 class="wp-block-post-title"><a href="https://webs.uab.cat/antena-cipa/lenseignement-apprentissage-plurilingue-dans-lunion-europeenne/" target="_self" >L’Enseignement-Apprentissage plurilingue dans l’Union Européenne 13 novembre 2024 Sala de Graus Facultat de Lletres (UAB)</a></h2>

<div class="wp-block-post-excerpt"><p class="wp-block-post-excerpt__excerpt">Le plurilinguisme est actuellement une exigence socio-économique et un projet institutionnel de l’Union Européenne (cf. Recommandation de la Commission “Multilinguisme : un atout pour l’Europe et un engagement partagé” [COM(2008)566 final) qui préconise que le citoyen européen possède deux langues en plus de sa(ses) langue(s) de base. Ainsi envisagé, le projet de généralisation du plurilinguisme… </p></div>


<hr class="wp-block-separator has-css-opacity" />


<div class="wp-block-post-date"><time datetime="2024-11-05T18:59:19+02:00">5 de novembre de 2024</time></div>
</li><li class="wp-block-post post-521 post type-post status-publish format-standard hentry category-non-classifiee">
<h2 class="wp-block-post-title"><a href="https://webs.uab.cat/antena-cipa/conference-de-srgi-belbel-2023/" target="_self" >CONFÉRENCE DE SERGI BELBEL 2023</a></h2>

<div class="wp-block-post-excerpt"><p class="wp-block-post-excerpt__excerpt">Le 10 octobre prochain, le dramaturge Sergi Belbel, ancien étudiant du Département de philologie française et romane de notre université, donnera une conférence intitulée Multilinguisme vivant : langues affectives et langues efficaces. L&rsquo;événement, organisé par la branche barcelonaise du Centre International de Fonétique Appliquée (CIPA) en collaboration avec le Département de Philologie française et romane,… </p></div>


<hr class="wp-block-separator has-css-opacity" />


<div class="wp-block-post-date"><time datetime="2024-04-24T12:57:46+02:00">24 de avril de 2024</time></div>
</li><li class="wp-block-post post-511 post type-post status-publish format-standard hentry category-non-classifiee">
<h2 class="wp-block-post-title"><a href="https://webs.uab.cat/antena-cipa/atelier-francophonie-2022/" target="_self" >ATELIER « FRANCOPHONIE » 2022</a></h2>

<div class="wp-block-post-excerpt"><p class="wp-block-post-excerpt__excerpt">LA FRANCOPHONIE AUJOURD’HUI Lorem ipsum dolor sit amet, consectetur adipiscing elit. Nunc eget faucibus felis. Phasellus felis nisl, porttitor sed mi vitae, scelerisque pulvinar arcu. Sed id facilisis sem, sit amet mollis arcu. Cras consectetur feugiat lacinia. Quisque feugiat, velit vitae pharetra mattis, lectus justo ullamcorper turpis, sed ornare ante eros vel sapien. Praesent rutrum,… </p></div>


<hr class="wp-block-separator has-css-opacity" />


<div class="wp-block-post-date"><time datetime="2024-04-24T11:59:03+02:00">24 de avril de 2024</time></div>
</li><li class="wp-block-post post-505 post type-post status-publish format-standard hentry category-non-classifiee">
<h2 class="wp-block-post-title"><a href="https://webs.uab.cat/antena-cipa/seminaire-projet-colindante-2021/" target="_self" >SÉMINAIRE &#8211; PROJET COLINDANTE 2021</a></h2>

<div class="wp-block-post-excerpt"><p class="wp-block-post-excerpt__excerpt">Collocations Intensives de l’ancien français et leurs traductions à l’espagnol. (Humanités numérique) Lorem ipsum dolor sit amet, consectetur adipiscing elit. Integer porttitor ante eu erat rutrum volutpat. Quisque ac risus risus. Mauris iaculis ipsum in augue tincidunt, eu blandit eros tincidunt. Suspendisse dapibus hendrerit quam, non mollis tortor. Vestibulum magna ex, rhoncus et sollicitudin ac,… </p></div>


<hr class="wp-block-separator has-css-opacity" />


<div class="wp-block-post-date"><time datetime="2024-04-24T11:52:30+02:00">24 de avril de 2024</time></div>
</li></ul></div>
