{"id":191,"date":"2024-04-03T14:48:25","date_gmt":"2024-04-03T12:48:25","guid":{"rendered":"https:\/\/webs.uab.cat\/antena-cipa\/?page_id=191"},"modified":"2024-05-13T11:18:57","modified_gmt":"2024-05-13T09:18:57","slug":"correspondance","status":"publish","type":"page","link":"https:\/\/webs.uab.cat\/antena-cipa\/correspondance\/","title":{"rendered":"R\u00c9SEAU DE CORRESPONDANT(E)S"},"content":{"rendered":"\n<p>Les Correspondant(e)s de l\u2019Antenne de Barcelone du CIPA \u0153uvrent dans le<br>domaine de la Didactique des Langues et des Cultures ou de la Pathologie de<br>la Parole (Enseignement, Logop\u00e9die et Orthophonie, Traduction, Industries<br>de la langue et Communication, \u201cFormation de Formateurs\u201d, D\u00e9cideurs et<br>Responsables dans lesdits domaines\u2026). Ils\/Elles agissent en particulier pour<br>donner r\u00e9ponse aux probl\u00e9matiques de la diversit\u00e9 linguistique et socioculturelle. Ils\/Elles structurent leurs relations sous forme de R\u00c9SEAU afin de<br>coordonner, d\u00e9velopper et assurer les fonctions ci-apr\u00e8s.<\/p>\n","protected":false},"excerpt":{"rendered":"<p>Les Correspondant(e)s de l\u2019Antenne de Barcelone du CIPA \u0153uvrent dans ledomaine de la Didactique des Langues et des Cultures ou de la Pathologie dela Parole (Enseignement, Logop\u00e9die et Orthophonie, Traduction, Industriesde la langue et Communication, \u201cFormation de Formateurs\u201d, D\u00e9cideurs etResponsables dans lesdits domaines\u2026). Ils\/Elles agissent en particulier pourdonner r\u00e9ponse aux probl\u00e9matiques de la diversit\u00e9 linguistique [&hellip;]<\/p>\n","protected":false},"author":2855,"featured_media":0,"parent":0,"menu_order":0,"comment_status":"closed","ping_status":"closed","template":"sidebar.php","meta":{"footnotes":""},"class_list":["post-191","page","type-page","status-publish","hentry"],"_links":{"self":[{"href":"https:\/\/webs.uab.cat\/antena-cipa\/wp-json\/wp\/v2\/pages\/191","targetHints":{"allow":["GET"]}}],"collection":[{"href":"https:\/\/webs.uab.cat\/antena-cipa\/wp-json\/wp\/v2\/pages"}],"about":[{"href":"https:\/\/webs.uab.cat\/antena-cipa\/wp-json\/wp\/v2\/types\/page"}],"author":[{"embeddable":true,"href":"https:\/\/webs.uab.cat\/antena-cipa\/wp-json\/wp\/v2\/users\/2855"}],"replies":[{"embeddable":true,"href":"https:\/\/webs.uab.cat\/antena-cipa\/wp-json\/wp\/v2\/comments?post=191"}],"version-history":[{"count":3,"href":"https:\/\/webs.uab.cat\/antena-cipa\/wp-json\/wp\/v2\/pages\/191\/revisions"}],"predecessor-version":[{"id":607,"href":"https:\/\/webs.uab.cat\/antena-cipa\/wp-json\/wp\/v2\/pages\/191\/revisions\/607"}],"wp:attachment":[{"href":"https:\/\/webs.uab.cat\/antena-cipa\/wp-json\/wp\/v2\/media?parent=191"}],"curies":[{"name":"wp","href":"https:\/\/api.w.org\/{rel}","templated":true}]}}