{"id":196,"date":"2024-04-03T15:13:52","date_gmt":"2024-04-03T13:13:52","guid":{"rendered":"https:\/\/webs.uab.cat\/antena-cipa\/?page_id=196"},"modified":"2024-04-10T12:26:10","modified_gmt":"2024-04-10T10:26:10","slug":"services","status":"publish","type":"page","link":"https:\/\/webs.uab.cat\/antena-cipa\/services\/","title":{"rendered":"SERVICES"},"content":{"rendered":"\n<p>Les Correspondant(e)s peuvent consulter \u2013 in situ ou en pr\u00eat\u2014 les ouvrages<br>du fonds bibliographique de l\u2019Antenne, sp\u00e9cialis\u00e9 en Didactique des Langues,<br>Troubles de la Parole et de l\u2019audition et\/ou R\u00e9alisations d\u00e9viantes de la parole<br>(ortho\u00e9pie, diction, enseignement des langues, dyslexie, etc.).<br><\/p>\n\n\n\n<p>L\u2019Antenne r\u00e9unit les informations communiqu\u00e9es par les Correspondant(e)s<br>et, apr\u00e8s accord, les diffuse aupr\u00e8s du R\u00e9seau et le cas \u00e9ch\u00e9ant, les publie.<br><\/p>\n\n\n\n<p>L\u2019Antenne transmet aux membres du R\u00e9seau les informations d\u2019actualit\u00e9<br>(programmes, sommaires de revues, nouveaut\u00e9s \u00e9ditoriales, \u00e9v\u00e9nements, \u2026)<br>concernant les domaines d\u2019activit\u00e9s mentionn\u00e9s ci-dessus, en particulier \u00e0<br>travers la publication p\u00e9riodique du bulletin NOTITIA.<br><\/p>\n\n\n\n<p>Les Correspondant(e)s ont acc\u00e8s \u00e0 la salle de visioconf\u00e9rence pour la<br>r\u00e9alisation d\u2019Ateliers pr\u00e9sentiels ou t\u00e9l\u00e9matiques.<br><\/p>\n\n\n\n<p>L\u2019Antenne promeut la cr\u00e9ation de Groupes de travail \u00e0 vis\u00e9e didactique, de<br>recherche ou de \u00abdiffusion des connaissances\u00bb: organisation de S\u00e9minaires,<br>Journ\u00e9es d\u2019\u00c9tude, Stages, etc. sur des probl\u00e9matiques sp\u00e9cifiques (grammaire,<br>\u00e9criture, bi-plurilinguisme, litt\u00e9rature, probl\u00e9matiques soci\u00e9tales, etc.).<br><\/p>\n\n\n\n<p>Les Correspondant(e)s re\u00e7oivent une Attestation qui fait foi de leur<br>participation au R\u00e9seau et de leur contribution aux actions r\u00e9alis\u00e9es.<br><\/p>\n\n\n\n<p>Dans le cadre des relations internationales qu\u2019elle entretient et promeut,<br>l\u2019Antenne de Barcelona du CIPA stimule, appuie et encourage les contacts, les<br>\u00e9changes et l\u2019interlocution entre les enseignants et chercheurs qui \u0153uvrent<br>dans les domaines susmentionn\u00e9s<\/p>\n","protected":false},"excerpt":{"rendered":"<p>Les Correspondant(e)s peuvent consulter \u2013 in situ ou en pr\u00eat\u2014 les ouvragesdu fonds bibliographique de l\u2019Antenne, sp\u00e9cialis\u00e9 en Didactique des Langues,Troubles de la Parole et de l\u2019audition et\/ou R\u00e9alisations d\u00e9viantes de la parole(ortho\u00e9pie, diction, enseignement des langues, dyslexie, etc.). L\u2019Antenne r\u00e9unit les informations communiqu\u00e9es par les Correspondant(e)set, apr\u00e8s accord, les diffuse aupr\u00e8s du R\u00e9seau et [&hellip;]<\/p>\n","protected":false},"author":2855,"featured_media":0,"parent":0,"menu_order":0,"comment_status":"closed","ping_status":"closed","template":"sidebar.php","meta":{"footnotes":""},"class_list":["post-196","page","type-page","status-publish","hentry"],"_links":{"self":[{"href":"https:\/\/webs.uab.cat\/antena-cipa\/wp-json\/wp\/v2\/pages\/196","targetHints":{"allow":["GET"]}}],"collection":[{"href":"https:\/\/webs.uab.cat\/antena-cipa\/wp-json\/wp\/v2\/pages"}],"about":[{"href":"https:\/\/webs.uab.cat\/antena-cipa\/wp-json\/wp\/v2\/types\/page"}],"author":[{"embeddable":true,"href":"https:\/\/webs.uab.cat\/antena-cipa\/wp-json\/wp\/v2\/users\/2855"}],"replies":[{"embeddable":true,"href":"https:\/\/webs.uab.cat\/antena-cipa\/wp-json\/wp\/v2\/comments?post=196"}],"version-history":[{"count":2,"href":"https:\/\/webs.uab.cat\/antena-cipa\/wp-json\/wp\/v2\/pages\/196\/revisions"}],"predecessor-version":[{"id":211,"href":"https:\/\/webs.uab.cat\/antena-cipa\/wp-json\/wp\/v2\/pages\/196\/revisions\/211"}],"wp:attachment":[{"href":"https:\/\/webs.uab.cat\/antena-cipa\/wp-json\/wp\/v2\/media?parent=196"}],"curies":[{"name":"wp","href":"https:\/\/api.w.org\/{rel}","templated":true}]}}

<p>Les Correspondant(e)s peuvent consulter – in situ ou en prêt— les ouvrages<br>du fonds bibliographique de l’Antenne, spécialisé en Didactique des Langues,<br>Troubles de la Parole et de l’audition et/ou Réalisations déviantes de la parole<br>(orthoépie, diction, enseignement des langues, dyslexie, etc.).<br></p>



<p>L’Antenne réunit les informations communiquées par les Correspondant(e)s<br>et, après accord, les diffuse auprès du Réseau et le cas échéant, les publie.<br></p>



<p>L’Antenne transmet aux membres du Réseau les informations d’actualité<br>(programmes, sommaires de revues, nouveautés éditoriales, événements, …)<br>concernant les domaines d’activités mentionnés ci-dessus, en particulier à<br>travers la publication périodique du bulletin NOTITIA.<br></p>



<p>Les Correspondant(e)s ont accès à la salle de visioconférence pour la<br>réalisation d’Ateliers présentiels ou télématiques.<br></p>



<p>L’Antenne promeut la création de Groupes de travail à visée didactique, de<br>recherche ou de «diffusion des connaissances»: organisation de Séminaires,<br>Journées d’Étude, Stages, etc. sur des problématiques spécifiques (grammaire,<br>écriture, bi-plurilinguisme, littérature, problématiques sociétales, etc.).<br></p>



<p>Les Correspondant(e)s reçoivent une Attestation qui fait foi de leur<br>participation au Réseau et de leur contribution aux actions réalisées.<br></p>



<p>Dans le cadre des relations internationales qu’elle entretient et promeut,<br>l’Antenne de Barcelona du CIPA stimule, appuie et encourage les contacts, les<br>échanges et l’interlocution entre les enseignants et chercheurs qui œuvrent<br>dans les domaines susmentionnés</p>

<p>Les Correspondant(e)s peuvent consulter – in situ ou en prêt— les ouvragesdu fonds bibliographique de l’Antenne, spécialisé en Didactique des Langues,Troubles de la Parole et de l’audition et/ou Réalisations déviantes de la parole(orthoépie, diction, enseignement des langues, dyslexie, etc.). L’Antenne réunit les informations communiquées par les Correspondant(e)set, après accord, les diffuse auprès du Réseau et [&hellip;]</p>
