{"id":2,"date":"2025-01-14T13:04:36","date_gmt":"2025-01-14T11:04:36","guid":{"rendered":"https:\/\/webs.uab.cat\/antigona\/?page_id=2"},"modified":"2025-01-17T09:47:34","modified_gmt":"2025-01-17T07:47:34","slug":"presentacio","status":"publish","type":"page","link":"https:\/\/webs.uab.cat\/antigona\/presentacio\/","title":{"rendered":"Presentaci\u00f3"},"content":{"rendered":"\n<p>El&nbsp;<em><strong>Grup de recerca Ant\u00edgona, drets i societat amb perspectiva de g\u00e8nere<\/strong><\/em>&nbsp;(SGR2017_1775) \u00e9s un grup de recerca que es va constituir a l\u2019any 2000 dins del Departament de Ci\u00e8ncia Pol\u00edtica i Dret P\u00fablic de la Universitat Aut\u00f2noma de Barcelona (UAB) ubicada a Catalunya, Espanya. Ant\u00edgona va ser reconegut a l\u2019any 2005 com a grup de recerca emergent (GRE) per l\u2019Ag\u00e8ncia de Gesti\u00f3 d\u2019Ajuts Universitaris i de Recerca (AGAUR) de la Generalitat de Catalunya, i reconegut a l\u2019any 2009 (SGR2009-570) i 2014 (SGR2014-519) com a grup de recerca consolidat (GRC).<\/p>\n\n\n\n<p>L\u2019objectiu general del Grup Ant\u00edgona \u00e9s analitzar el desenvolupament dels drets de les dones en perspectiva de g\u00e8nere. La legislaci\u00f3 i les pol\u00edtiques p\u00fabliques a Espanya s\u2019estan construint sobre diferents definicions que \u00e9s necessari aclarir i concretar, aix\u00f3 com les caracter\u00edstiques i continguts dels drets de les dones del nostre pa\u00eds. A m\u00e9s a m\u00e9s, \u00e9s necessari adoptar una perspectiva de g\u00e8nere enfront al Dret i fer una revisi\u00f3 de les categories jur\u00eddiques que possibiliti mostrar les seves defici\u00e8ncies.<\/p>\n\n\n\n<p>El Grup d\u2019Investigaci\u00f3 Ant\u00edgona desenvolupa les seg\u00fcents l\u00ednees de recerca:<\/p>\n\n\n\n<ul class=\"wp-block-list\">\n<li>Assetjament sexual i assetjament per ra\u00f3 de sexe<\/li>\n\n\n\n<li>Aplicaci\u00f3 de la llei d\u2019igualtat<\/li>\n\n\n\n<li>Bio\u00e8tica i Drets Sexuals i Reproductius<\/li>\n\n\n\n<li>Cust\u00f2dia Compartida<\/li>\n\n\n\n<li>Dret i G\u00e8nere<\/li>\n\n\n\n<li>Dones i viol\u00e8ncia: aspectes socio-jur\u00eddics<\/li>\n\n\n\n<li>Dones i acc\u00e9s a la just\u00edcia<\/li>\n\n\n\n<li>Mutilacions genitals femenines i matrimonis for\u00e7ats<\/li>\n\n\n\n<li>Pol\u00edtiques d\u2019igualtat de g\u00e8nere<\/li>\n\n\n\n<li>Prostituci\u00f3 i treball sexual<\/li>\n\n\n\n<li>Sistema de Just\u00edcia Penal i G\u00e8nere<\/li>\n\n\n\n<li>Plans d\u2019igualtat a les empreses y a les administracions p\u00fabliques<\/li>\n<\/ul>\n\n\n\n<p>Per Ant\u00edgona \u00e9s clau entendre i explicar en perspectiva de g\u00e8nere el contingut, les definicions, els criteris i par\u00e0metres des dels quals s\u2019estan construint els drets de les dones en els \u00e0mbits legislatius, de la jusrisprud\u00e8ncia i en les pol\u00edtiques p\u00fabliques en els nivells local, comunitari i nacional. D\u2019aquesta manera, la investigaci\u00f3 del grup s\u2019orienta de forma espec\u00edfica a analitzar els mecanismes utilitzats per a crear una perspectiva de g\u00e8nere en l\u2019\u00e0mbit jur\u00eddic, identificar les pr\u00e0ctiques que estan generant espais jur\u00eddics i socials, aix\u00ed com descriure el proc\u00e9s de creaci\u00f3 i desenvolupament de les pol\u00edtiques p\u00fabliques de g\u00e8nere a Espanya.<\/p>\n\n\n\n<p>Per aconseguir aquests objectius s\u2019analitzen, per una banda, les pol\u00edtiques p\u00fabliques de g\u00e8nere on ja existeix un clar desenvolupament de diverses pr\u00e0ctiques per a crear espais socials i jur\u00eddics amb perspectiva de g\u00e8nere, com \u00e9s el cas de la viol\u00e8ncia de g\u00e8nere. Per altra banda, aquells espais on encara no hi ha un clar desenvolupament jur\u00eddic amb perspectiva de g\u00e8nere, com \u00e9s l\u2019\u00e0mbit de la salut i el medi ambient.<\/p>\n\n\n\n<p>Els projectes del Grup Ant\u00edgona tenen com objectius generals:<\/p>\n\n\n\n<ul class=\"wp-block-list\">\n<li>Aprofundir en l\u2019estudi del dret des de les aportacions de les teories jur\u00eddiques feministes.<\/li>\n\n\n\n<li>Impulsar i refor\u00e7ar el debat dels drets de les dones des d\u2019una perspectiva de g\u00e8nere i de drets fonamentals.<\/li>\n\n\n\n<li>Promoure un an\u00e0lisi de g\u00e8nere de les pol\u00edtiques p\u00fabliques.<\/li>\n<\/ul>\n\n\n\n<p>L\u2019orientaci\u00f3 metodol\u00f2gica i de recerca que fa Ant\u00edgona ha perm\u00e8s al grup una important tasca de col\u00b7laboraci\u00f3 amb diverses entitats educatives, institucionals i associacions que desenvolupen activitats i\/o mesures vinculades amb els drets de les dones. Entre aquestes col\u00b7laboracions destaquen les realitzades amb centres docents d\u2019abast comunitari i de l\u2019estat espanyol, aix\u00ed com de l\u2019estranger; alguns municipis catalans, ONG\u2019s i sindicats. Algunes de les m\u00e9s rellevants s\u00f3n: la Diputaci\u00f3 de Barcelona, l\u2019Institut Catal\u00e0 de les Dones (ICD), l\u2019Ajuntament de Barcelona, l\u2019Ajuntament de Terrassa; Comissions Obreres (CC.OO.); la Universidad Aut\u00f3noma Metropolitana (M\u00e8xic) i el Centro de Investigaciones y Estudios Superiores en Antropolog\u00eda Social (CIESAS, M\u00e8xic). Tamb\u00e9 destaquen associacions com: TAMAIA, Creaci\u00f3n Positiva, l\u2019Associaci\u00f3 SURT o Dones Juristes. Entre els grups de recerca amb qui es t\u00e9 una \u00e0mplia col\u00b7laboraci\u00f3 destaquen el Grup Copolis. Benestar, comunitat i control social; l\u2019Observatori del Sistema Penal i els Drets Humans (OSPDH), tots dos de la Universitat de Barcelona (UB); el Laboratorio de Sociolog\u00eda Jur\u00eddica (LSJ) de la Universidad de Zaragoza; i L\u2019Institut Interuniversitari d\u2019Estudis de Dones i G\u00e8nere (iiEDG).<\/p>\n","protected":false},"excerpt":{"rendered":"<p>El&nbsp;Grup de recerca Ant\u00edgona, drets i societat amb perspectiva de g\u00e8nere&nbsp;(SGR2017_1775) \u00e9s un grup de recerca que es va constituir a l\u2019any 2000 dins del Departament de Ci\u00e8ncia Pol\u00edtica i Dret P\u00fablic de la Universitat Aut\u00f2noma de Barcelona (UAB) ubicada a Catalunya, Espanya. Ant\u00edgona va ser reconegut a l\u2019any 2005 com a grup de recerca [&hellip;]<\/p>\n","protected":false},"author":1385,"featured_media":0,"parent":0,"menu_order":0,"comment_status":"closed","ping_status":"open","template":"","meta":{"footnotes":""},"class_list":["post-2","page","type-page","status-publish","hentry"],"_links":{"self":[{"href":"https:\/\/webs.uab.cat\/antigona\/wp-json\/wp\/v2\/pages\/2","targetHints":{"allow":["GET"]}}],"collection":[{"href":"https:\/\/webs.uab.cat\/antigona\/wp-json\/wp\/v2\/pages"}],"about":[{"href":"https:\/\/webs.uab.cat\/antigona\/wp-json\/wp\/v2\/types\/page"}],"author":[{"embeddable":true,"href":"https:\/\/webs.uab.cat\/antigona\/wp-json\/wp\/v2\/users\/1385"}],"replies":[{"embeddable":true,"href":"https:\/\/webs.uab.cat\/antigona\/wp-json\/wp\/v2\/comments?post=2"}],"version-history":[{"count":5,"href":"https:\/\/webs.uab.cat\/antigona\/wp-json\/wp\/v2\/pages\/2\/revisions"}],"predecessor-version":[{"id":130,"href":"https:\/\/webs.uab.cat\/antigona\/wp-json\/wp\/v2\/pages\/2\/revisions\/130"}],"wp:attachment":[{"href":"https:\/\/webs.uab.cat\/antigona\/wp-json\/wp\/v2\/media?parent=2"}],"curies":[{"name":"wp","href":"https:\/\/api.w.org\/{rel}","templated":true}]}}