{"id":43,"date":"2025-01-15T13:28:16","date_gmt":"2025-01-15T11:28:16","guid":{"rendered":"https:\/\/webs.uab.cat\/antigona\/?page_id=43"},"modified":"2025-12-12T12:56:17","modified_gmt":"2025-12-12T10:56:17","slug":"projectes-en-curs","status":"publish","type":"page","link":"https:\/\/webs.uab.cat\/antigona\/projectes-en-curs\/","title":{"rendered":"Projectes en curs"},"content":{"rendered":"\n<ul class=\"wp-block-list\">\n<li>T\u00edtol del projecte:<strong> Les agressions sexuals comeses en grup a Catalunya: an\u00e0lisi de l\u2019atenci\u00f3 i resposta a les v\u00edctimes des d\u2019una perspectiva de g\u00e8nere i interseccional i propostes de millora<\/strong>\n<ul class=\"wp-block-list\">\n<li>Entitat finan\u00e7adora: Departament de Igualtat i Feminisme, Generalitat de Catalunya<\/li>\n\n\n\n<li>Refer\u00e8ncia de la concessi\u00f3: IFE038\/24\/000012<\/li>\n\n\n\n<li>Import concedit: 49.200 \u20ac<\/li>\n\n\n\n<li>Durada: des de 2025 fins a 2026<\/li>\n\n\n\n<li>Investigador\/a principal: Dra. Maria Barcons Campmaj\u00f3<\/li>\n\n\n\n<li>Investigadoras: Dra. Elena Garrido Gait\u00e1n (UAB); Dra. Cristina Vasilescu (UdG); Sra. Nahxeli Beas (AADAS)<\/li>\n<\/ul>\n<\/li>\n<\/ul>\n\n\n\n<ul class=\"wp-block-list\">\n<li>T\u00edtol del projecte: <strong>Viol\u00e8ncies institucionals per ra\u00f3 de g\u00e8nere. Estrat\u00e8gies, eines i mecanismes des dels feminismes jur\u00eddics<\/strong>.\n<ul class=\"wp-block-list\">\n<li>Entitat finan\u00e7adora: Fundaci\u00f3 Aut\u00f2noma Solid\u00e0ria (FAS) Universitat Aut\u00f2noma de Barcelona<\/li>\n\n\n\n<li>Refer\u00e8ncia de la concessi\u00f3: FSXLII-04<\/li>\n\n\n\n<li>Import concedit: 6.402,42\u20ac<\/li>\n\n\n\n<li>Durada: 2025-2026<\/li>\n\n\n\n<li>Investigadora principal: Dra. Patricia Gonzalez Prado<\/li>\n\n\n\n<li>Equipo de Investigaci\u00f3n: Dra. Encarna Bodel\u00f3n Gonz\u00e1lez (UAB); Dra. Noelia Igareda Gonz\u00e1lez (UAB); Dra. Mar\u00eda Barcons Campaj\u00f3 (UAB), Prof. Lorena Garrido Jim\u00e9nez (UAB); Dr. Juan Marco Vaggione (UNC\u00f3rdoba), Dra. Mariela Puga (UNC\u00f3rdoba).<\/li>\n<\/ul>\n<\/li>\n<\/ul>\n\n\n\n<ul class=\"wp-block-list\">\n<li>T\u00edtulo del proyecte: <a href=\"https:\/\/portalrecerca.uab.cat\/ca\/projects\/creaci%C3%B3-duna-eina-de-mesura-del-risc-de-retractaci%C3%B3-en-menors-v%C3%ADc\/\"><strong>Creaci\u00f3 d&#8217;una eina de mesura del risc de retractaci\u00f3 en menors v\u00edctimes de viol\u00e8ncia sexual<\/strong><\/a>\n<ul class=\"wp-block-list\">\n<li>Entitat finan\u00e7adora :Universitat Aut\u00f2noma de Barcelona (UAB)<\/li>\n\n\n\n<li>Importe concedido: 14.000 \u20ac<\/li>\n\n\n\n<li>Durada: 30\/10\/25&nbsp;\u2192&nbsp;29\/10\/26<\/li>\n\n\n\n<li>Investigadora principal: Elena Garrido Gait\u00e1n<\/li>\n\n\n\n<li>Equipo investigador: Elena Garrido, Maria Barcons, Roc\u00edo Pina R\u00edos.<\/li>\n<\/ul>\n<\/li>\n<\/ul>\n\n\n\n<p><\/p>\n","protected":false},"excerpt":{"rendered":"","protected":false},"author":1385,"featured_media":0,"parent":0,"menu_order":0,"comment_status":"closed","ping_status":"closed","template":"","meta":{"footnotes":""},"class_list":["post-43","page","type-page","status-publish","hentry"],"_links":{"self":[{"href":"https:\/\/webs.uab.cat\/antigona\/wp-json\/wp\/v2\/pages\/43","targetHints":{"allow":["GET"]}}],"collection":[{"href":"https:\/\/webs.uab.cat\/antigona\/wp-json\/wp\/v2\/pages"}],"about":[{"href":"https:\/\/webs.uab.cat\/antigona\/wp-json\/wp\/v2\/types\/page"}],"author":[{"embeddable":true,"href":"https:\/\/webs.uab.cat\/antigona\/wp-json\/wp\/v2\/users\/1385"}],"replies":[{"embeddable":true,"href":"https:\/\/webs.uab.cat\/antigona\/wp-json\/wp\/v2\/comments?post=43"}],"version-history":[{"count":5,"href":"https:\/\/webs.uab.cat\/antigona\/wp-json\/wp\/v2\/pages\/43\/revisions"}],"predecessor-version":[{"id":409,"href":"https:\/\/webs.uab.cat\/antigona\/wp-json\/wp\/v2\/pages\/43\/revisions\/409"}],"wp:attachment":[{"href":"https:\/\/webs.uab.cat\/antigona\/wp-json\/wp\/v2\/media?parent=43"}],"curies":[{"name":"wp","href":"https:\/\/api.w.org\/{rel}","templated":true}]}}