{"id":53,"date":"2025-01-15T13:31:14","date_gmt":"2025-01-15T11:31:14","guid":{"rendered":"https:\/\/webs.uab.cat\/antigona\/?page_id=53"},"modified":"2025-04-08T13:02:37","modified_gmt":"2025-04-08T11:02:37","slug":"projectes-autonomics-rd-competitius","status":"publish","type":"page","link":"https:\/\/webs.uab.cat\/antigona\/projectes-autonomics-rd-competitius\/","title":{"rendered":"Projectes auton\u00f2mics R+D competitius"},"content":{"rendered":"\n<ul class=\"wp-block-list\">\n<li>T\u00edtol del projecte:\u00a0<strong>Les agressions sexuals comeses en grup a Catalunya: an\u00e0lisi de l\u2019atenci\u00f3 i resposta a les v\u00edctimes des d\u2019una perspectiva de g\u00e8nere i interseccional i propostes de millora<\/strong>\n<ul class=\"wp-block-list\">\n<li>Entitat finan\u00e7adora: Departament de Igualtat i Feminisme, Generalitat de Catalunya<\/li>\n\n\n\n<li>Refer\u00e8ncia de la concessi\u00f3: IFE038\/24\/000012<\/li>\n\n\n\n<li>Import concedit: 49.200 \u20ac<\/li>\n\n\n\n<li>Durada: des de 2025 fins a 2026<\/li>\n\n\n\n<li>Investigador\/a principal: Dra. Maria Barcons Campmaj\u00f3<\/li>\n\n\n\n<li>Investigadoras: Dra. Elena Garrido Gait\u00e1n (UAB); Dra. Cristina Vasilescu (UdG); Sra. Nahxeli Beas (AADAS)<\/li>\n<\/ul>\n<\/li>\n\n\n\n<li><strong>Beca de recerca. Finalitat:<\/strong> Dur a terme la investigaci\u00f3 titulada \u201cViol\u00e8ncia masclista digital: an\u00e0lisis de l\u2019atenci\u00f3 i respostes a les v\u00edctimes\u201d.\n<ul class=\"wp-block-list\">\n<li>Import de la beca d\u2019investigaci\u00f3: 8.000\u20ac. <\/li>\n\n\n\n<li>Equip: Cristina Vasilescu (IP), Maria Barcons Campmaj\u00f3, Noelia Igareda Gonz\u00e1lez.<\/li>\n\n\n\n<li>Entitat finan\u00e7adora: Centre d\u2019Estudis Jur\u00eddics i Formaci\u00f3 Especialitzada (CEJFE), Departament de Just\u00edcia, Generalitat de Catalunya<\/li>\n\n\n\n<li>Durada: 12 mesos (per\u00edode 11\/11\/2022 a 30\/11\/2023)<\/li>\n\n\n\n<li>Instituci\u00f3: Centre d\u2019Estudis Jur\u00eddics i Formaci\u00f3 Especialitzada (CEJFE), Departament de Just\u00edcia, Generalitat de Catalunya<\/li>\n<\/ul>\n<\/li>\n\n\n\n<li>T\u00edtol del projecte:&nbsp;<strong>Les mesures de protecci\u00f3 contra la viol\u00e8ncia de g\u00e8nere: construint una protecci\u00f3 multidisciplinar<\/strong>\n<ul class=\"wp-block-list\">\n<li>Refer\u00e8ncia: 2020 INDOV 00013<\/li>\n\n\n\n<li>Entitat finan\u00e7adora: Ag\u00e8ncia de Gesti\u00f3 d\u2019Ajuts Universitaris i de Recerca (AGAUR)<\/li>\n\n\n\n<li>Per\u00edode: 2021-2022<\/li>\n\n\n\n<li>Investigadora principal: Dra. Encarna Bodel\u00f3n Gonz\u00e1lez<\/li>\n\n\n\n<li>Equip investigador: Dra. Encarna Bodel\u00f3n Gonz\u00e1lez (IP), Dra. S\u00edlvia Daniela Heim (Universidad Nacional de R\u00edo Negro-UNRN \u2013 Argentina), Dra. Gl\u00f2ria Casas Vila (Universit\u00e9 de Toulouse Jean Jaur\u00e8s \u2013 Fran\u00e7a), Luc\u00eda Ortiz Amaro (UAB), Paula Arce Becerra (UAB), Dra. Cristina Vasilescu (UdG\/UAB).<\/li>\n<\/ul>\n<\/li>\n\n\n\n<li>T\u00edtol del projecte:&nbsp;<strong><a href=\"http:\/\/dones.gencat.cat\/ca\/ambits\/centre_documentacio\/publicacions\/informes_estudis_avaluacions\">L\u2019abordatge de les viol\u00e8ncies sexuals a Catalunya<\/a><\/strong>\n<ul class=\"wp-block-list\">\n<li>Entitat finan\u00e7adora: Institut Catal\u00e0 de les Dones (ICD)<\/li>\n\n\n\n<li>Per\u00edode: 2016<\/li>\n<\/ul>\n<\/li>\n\n\n\n<li>T\u00edtol del projecte:&nbsp;<strong><a href=\"http:\/\/dones.gencat.cat\/ca\/ambits\/centre_documentacio\/publicacions\/informes_estudis_avaluacions\/\">Diagnosi per a la Xarxa d\u2019Atenci\u00f3 i Recuperaci\u00f3 Integral per a les dones en situaci\u00f3 de viol\u00e8ncia masclista \u2013 Resum<\/a><\/strong>\n<ul class=\"wp-block-list\">\n<li>Entitat finan\u00e7adora: Institut Catal\u00e0 de les Dones (ICD)<\/li>\n\n\n\n<li>Per\u00edode: 2016<\/li>\n<\/ul>\n<\/li>\n\n\n\n<li>T\u00edtol del projecte:<strong>&nbsp;Les mutilacions genitals i els matrimonis for\u00e7ats com noves formes de vulneracions dels drets de les dones a Catalunya<\/strong>\n<ul class=\"wp-block-list\">\n<li>Entitat finan\u00e7adora: Departamento de Interior, Relaciones Institucionales y Participaci\u00f3n. Oficina de Promoci\u00f3n de los Derechos Humanos<\/li>\n\n\n\n<li>Per\u00edode: 2010-2011<\/li>\n<\/ul>\n<\/li>\n\n\n\n<li>T\u00edtol del projecte:&nbsp;<strong>L\u2019acc\u00e9s a la just\u00edcia i la llei 5\/2008 del dret de les dones a eradicar la viol\u00e8ncia masclista: l\u2019impacte en la xarxa d\u2019atenci\u00f3 i recuperaci\u00f3 integral per a les dones que pateixen viol\u00e8ncia en les seves relacions de (ex)parella<\/strong>\n<ul class=\"wp-block-list\">\n<li>Entitat finan\u00e7adora: Institut Catal\u00e0 de les Dones<\/li>\n\n\n\n<li>Per\u00edode: 2010-2011<\/li>\n<\/ul>\n<\/li>\n\n\n\n<li>T\u00edtol del projecte:&nbsp;<strong>VIII y IX Jornadas de Mujeres y Derecho en el marco de la celebraci\u00f3n del 8 de marzo. D\u00eda Internacional de la Dona<\/strong>\n<ul class=\"wp-block-list\">\n<li>Entitat finan\u00e7adora: Institut Catal\u00e0 de les Dones (ICD)<\/li>\n\n\n\n<li>Per\u00edode: 2010-2011<\/li>\n<\/ul>\n<\/li>\n\n\n\n<li>T\u00edtol del projecte:&nbsp;<strong>Anuario de los derechos humanos de las mujeres<\/strong><br>Entitat finan\u00e7adora: Departament d\u2019Interior, Relacions Institucionals i Participaci\u00f3. Oficina de Promoci\u00f3 dels Drets Humans<br>Per\u00edode: 2010<\/li>\n\n\n\n<li>T\u00edtol del projecte:<strong>&nbsp;Els drets de les dones en les pol\u00edtiques p\u00fabliques catalanes. Noves definicions jur\u00eddiques dels drets de les dones<\/strong><br>Entitat finan\u00e7adora: Institut Catal\u00e0 de les Dones (ICD)<br>Per\u00edode: 2008-2009<\/li>\n\n\n\n<li>T\u00edtol del projecte:<strong>&nbsp;An\u00e1lisis sobre los derechos de las mujeres. Actividades en marco de la celebraci\u00f3n del 8 de marzo<\/strong><br>Entitat finan\u00e7adora: Institut Catal\u00e0 de les Dones (ICD)<br>Per\u00edode: 2008-2009<\/li>\n\n\n\n<li>T\u00edtol del projecte:&nbsp;<strong>VI i VII Jornades de Dones i Dret en el marc de la celebraci\u00f3 del 8 de mar\u00e7. Dia Internacional de la Dona<\/strong><br>Entitat finan\u00e7adora: Institut Catal\u00e0 de les Dones (ICD)<br>Per\u00edode: 2008-2009<\/li>\n\n\n\n<li>T\u00edtol del projecte:&nbsp;<strong>Estudi comparatiu de la legislaci\u00f3 en mat\u00e8ria d\u2019igualtat i desenvolupament dels drets de les dones<\/strong><br>Entitat finan\u00e7adora: Institut Catal\u00e0 de les Dones (ICD)<br>Per\u00edode: 2006<\/li>\n\n\n\n<li>T\u00edtol del projecte:<strong>&nbsp;Centre virtual d\u2019observaci\u00f3, recursos i iniciatives sobre dones i drets. Centre Ant\u00edgona<\/strong><br>Entitat finan\u00e7adora: Institut Catal\u00e0 de les Dones (ICD)<br>Per\u00edode: 2006-2007<\/li>\n<\/ul>\n","protected":false},"excerpt":{"rendered":"","protected":false},"author":1385,"featured_media":0,"parent":0,"menu_order":0,"comment_status":"closed","ping_status":"closed","template":"","meta":{"footnotes":""},"class_list":["post-53","page","type-page","status-publish","hentry"],"_links":{"self":[{"href":"https:\/\/webs.uab.cat\/antigona\/wp-json\/wp\/v2\/pages\/53","targetHints":{"allow":["GET"]}}],"collection":[{"href":"https:\/\/webs.uab.cat\/antigona\/wp-json\/wp\/v2\/pages"}],"about":[{"href":"https:\/\/webs.uab.cat\/antigona\/wp-json\/wp\/v2\/types\/page"}],"author":[{"embeddable":true,"href":"https:\/\/webs.uab.cat\/antigona\/wp-json\/wp\/v2\/users\/1385"}],"replies":[{"embeddable":true,"href":"https:\/\/webs.uab.cat\/antigona\/wp-json\/wp\/v2\/comments?post=53"}],"version-history":[{"count":9,"href":"https:\/\/webs.uab.cat\/antigona\/wp-json\/wp\/v2\/pages\/53\/revisions"}],"predecessor-version":[{"id":274,"href":"https:\/\/webs.uab.cat\/antigona\/wp-json\/wp\/v2\/pages\/53\/revisions\/274"}],"wp:attachment":[{"href":"https:\/\/webs.uab.cat\/antigona\/wp-json\/wp\/v2\/media?parent=53"}],"curies":[{"name":"wp","href":"https:\/\/api.w.org\/{rel}","templated":true}]}}

Projectes autonòmics R+D competitius

<ul class="wp-block-list">
<li>Títol del projecte: <strong>Les agressions sexuals comeses en grup a Catalunya: anàlisi de l’atenció i resposta a les víctimes des d’una perspectiva de gènere i interseccional i propostes de millora</strong>
<ul class="wp-block-list">
<li>Entitat finançadora: Departament de Igualtat i Feminisme, Generalitat de Catalunya</li>



<li>Referència de la concessió: IFE038/24/000012</li>



<li>Import concedit: 49.200 €</li>



<li>Durada: des de 2025 fins a 2026</li>



<li>Investigador/a principal: Dra. Maria Barcons Campmajó</li>



<li>Investigadoras: Dra. Elena Garrido Gaitán (UAB); Dra. Cristina Vasilescu (UdG); Sra. Nahxeli Beas (AADAS)</li>
</ul>
</li>



<li><strong>Beca de recerca. Finalitat:</strong> Dur a terme la investigació titulada “Violència masclista digital: anàlisis de l’atenció i respostes a les víctimes”.
<ul class="wp-block-list">
<li>Import de la beca d’investigació: 8.000€. </li>



<li>Equip: Cristina Vasilescu (IP), Maria Barcons Campmajó, Noelia Igareda González.</li>



<li>Entitat finançadora: Centre d’Estudis Jurídics i Formació Especialitzada (CEJFE), Departament de Justícia, Generalitat de Catalunya</li>



<li>Durada: 12 mesos (període 11/11/2022 a 30/11/2023)</li>



<li>Institució: Centre d’Estudis Jurídics i Formació Especialitzada (CEJFE), Departament de Justícia, Generalitat de Catalunya</li>
</ul>
</li>



<li>Títol del projecte:&nbsp;<strong>Les mesures de protecció contra la violència de gènere: construint una protecció multidisciplinar</strong>
<ul class="wp-block-list">
<li>Referència: 2020 INDOV 00013</li>



<li>Entitat finançadora: Agència de Gestió d’Ajuts Universitaris i de Recerca (AGAUR)</li>



<li>Període: 2021-2022</li>



<li>Investigadora principal: Dra. Encarna Bodelón González</li>



<li>Equip investigador: Dra. Encarna Bodelón González (IP), Dra. Sílvia Daniela Heim (Universidad Nacional de Río Negro-UNRN – Argentina), Dra. Glòria Casas Vila (Université de Toulouse Jean Jaurès – França), Lucía Ortiz Amaro (UAB), Paula Arce Becerra (UAB), Dra. Cristina Vasilescu (UdG/UAB).</li>
</ul>
</li>



<li>Títol del projecte:&nbsp;<strong><a href="http://dones.gencat.cat/ca/ambits/centre_documentacio/publicacions/informes_estudis_avaluacions">L’abordatge de les violències sexuals a Catalunya</a></strong>
<ul class="wp-block-list">
<li>Entitat finançadora: Institut Català de les Dones (ICD)</li>



<li>Període: 2016</li>
</ul>
</li>



<li>Títol del projecte:&nbsp;<strong><a href="http://dones.gencat.cat/ca/ambits/centre_documentacio/publicacions/informes_estudis_avaluacions/">Diagnosi per a la Xarxa d’Atenció i Recuperació Integral per a les dones en situació de violència masclista – Resum</a></strong>
<ul class="wp-block-list">
<li>Entitat finançadora: Institut Català de les Dones (ICD)</li>



<li>Període: 2016</li>
</ul>
</li>



<li>Títol del projecte:<strong>&nbsp;Les mutilacions genitals i els matrimonis forçats com noves formes de vulneracions dels drets de les dones a Catalunya</strong>
<ul class="wp-block-list">
<li>Entitat finançadora: Departamento de Interior, Relaciones Institucionales y Participación. Oficina de Promoción de los Derechos Humanos</li>



<li>Període: 2010-2011</li>
</ul>
</li>



<li>Títol del projecte:&nbsp;<strong>L’accés a la justícia i la llei 5/2008 del dret de les dones a eradicar la violència masclista: l’impacte en la xarxa d’atenció i recuperació integral per a les dones que pateixen violència en les seves relacions de (ex)parella</strong>
<ul class="wp-block-list">
<li>Entitat finançadora: Institut Català de les Dones</li>



<li>Període: 2010-2011</li>
</ul>
</li>



<li>Títol del projecte:&nbsp;<strong>VIII y IX Jornadas de Mujeres y Derecho en el marco de la celebración del 8 de marzo. Día Internacional de la Dona</strong>
<ul class="wp-block-list">
<li>Entitat finançadora: Institut Català de les Dones (ICD)</li>



<li>Període: 2010-2011</li>
</ul>
</li>



<li>Títol del projecte:&nbsp;<strong>Anuario de los derechos humanos de las mujeres</strong><br>Entitat finançadora: Departament d’Interior, Relacions Institucionals i Participació. Oficina de Promoció dels Drets Humans<br>Període: 2010</li>



<li>Títol del projecte:<strong>&nbsp;Els drets de les dones en les polítiques públiques catalanes. Noves definicions jurídiques dels drets de les dones</strong><br>Entitat finançadora: Institut Català de les Dones (ICD)<br>Període: 2008-2009</li>



<li>Títol del projecte:<strong>&nbsp;Análisis sobre los derechos de las mujeres. Actividades en marco de la celebración del 8 de marzo</strong><br>Entitat finançadora: Institut Català de les Dones (ICD)<br>Període: 2008-2009</li>



<li>Títol del projecte:&nbsp;<strong>VI i VII Jornades de Dones i Dret en el marc de la celebració del 8 de març. Dia Internacional de la Dona</strong><br>Entitat finançadora: Institut Català de les Dones (ICD)<br>Període: 2008-2009</li>



<li>Títol del projecte:&nbsp;<strong>Estudi comparatiu de la legislació en matèria d’igualtat i desenvolupament dels drets de les dones</strong><br>Entitat finançadora: Institut Català de les Dones (ICD)<br>Període: 2006</li>



<li>Títol del projecte:<strong>&nbsp;Centre virtual d’observació, recursos i iniciatives sobre dones i drets. Centre Antígona</strong><br>Entitat finançadora: Institut Català de les Dones (ICD)<br>Període: 2006-2007</li>
</ul>
