{"id":181,"date":"2014-02-13T12:53:58","date_gmt":"2014-02-13T10:53:58","guid":{"rendered":"https:\/\/webs.uab.cat\/araem\/linies-de-recerca\/"},"modified":"2026-02-19T09:45:32","modified_gmt":"2026-02-19T07:45:32","slug":"linies-de-recerca","status":"publish","type":"page","link":"https:\/\/webs.uab.cat\/araem\/linies-de-recerca\/","title":{"rendered":"L\u00ednies de recerca"},"content":{"rendered":"\n<p>&nbsp;<\/p>\n\n\n\n<p>\u2022 Arqueologia de la ciutat andalusina: excavacions a la ciutat de Mad\u00eena Balagh\u00ed (Balaguer, Lleida)<br>\u2022 Estudi d\u2019espais agraris andalusins a la Catalunya Nova, Pa\u00eds Valenci\u00e0, Balears i Andalusia<br>\u2022 Formes de producci\u00f3, consum i distribuci\u00f3 de la cer\u00e0mica andalusina<br>\u2022 Agricultures, conquestes i colonitzacions medievals i modernes: Catalunya Nova, Pa\u00eds Valenci\u00e0, Illes Balears, Andalusia oriental, Illes Can\u00e0ries, Argentina.<br>\u2022 La transici\u00f3 entre la Tardo-Antiguitat i l\u2019alta Edat Mitjana, segles V-VIII a la Vall de l\u2019Ebre (Santa Coloma d\u2019\u00c0ger)<br>\u2022 Arqueologia funer\u00e0ria i antropologia f\u00edsica<\/p>\n\n\n\n<figure class=\"wp-block-image size-large\"><img loading=\"lazy\" decoding=\"async\" width=\"1024\" height=\"603\" src=\"https:\/\/webs.uab.cat\/araem\/wp-content\/uploads\/sites\/230\/2026\/02\/Diseno-sin-titulo-1-1024x603.jpg\" alt=\"\" class=\"wp-image-665\" srcset=\"https:\/\/webs.uab.cat\/araem\/wp-content\/uploads\/sites\/230\/2026\/02\/Diseno-sin-titulo-1-1024x603.jpg 1024w, https:\/\/webs.uab.cat\/araem\/wp-content\/uploads\/sites\/230\/2026\/02\/Diseno-sin-titulo-1-300x177.jpg 300w, https:\/\/webs.uab.cat\/araem\/wp-content\/uploads\/sites\/230\/2026\/02\/Diseno-sin-titulo-1-768x453.jpg 768w, https:\/\/webs.uab.cat\/araem\/wp-content\/uploads\/sites\/230\/2026\/02\/Diseno-sin-titulo-1-1536x905.jpg 1536w, https:\/\/webs.uab.cat\/araem\/wp-content\/uploads\/sites\/230\/2026\/02\/Diseno-sin-titulo-1-1200x707.jpg 1200w, https:\/\/webs.uab.cat\/araem\/wp-content\/uploads\/sites\/230\/2026\/02\/Diseno-sin-titulo-1.jpg 1831w\" sizes=\"auto, (max-width: 1024px) 100vw, 1024px\" \/><\/figure>\n\n\n\n<p class=\"has-small-font-size\">Fotografia \u00e0rea durant l&#8217;excavaci\u00f3 d&#8217;una casa al jaciment arqueol\u00f2gic del Pla d&#8217;Almat\u00e0 (Balaguer) feta per Guillem Alcolea.<\/p>\n\n\n\n<figure class=\"wp-block-image size-large\"><img loading=\"lazy\" decoding=\"async\" width=\"1024\" height=\"576\" src=\"https:\/\/webs.uab.cat\/araem\/wp-content\/uploads\/sites\/230\/2026\/02\/Expo_UK_2_page-0001-1024x576.jpg\" alt=\"\" class=\"wp-image-679\" srcset=\"https:\/\/webs.uab.cat\/araem\/wp-content\/uploads\/sites\/230\/2026\/02\/Expo_UK_2_page-0001-1024x576.jpg 1024w, https:\/\/webs.uab.cat\/araem\/wp-content\/uploads\/sites\/230\/2026\/02\/Expo_UK_2_page-0001-300x169.jpg 300w, https:\/\/webs.uab.cat\/araem\/wp-content\/uploads\/sites\/230\/2026\/02\/Expo_UK_2_page-0001-768x432.jpg 768w, https:\/\/webs.uab.cat\/araem\/wp-content\/uploads\/sites\/230\/2026\/02\/Expo_UK_2_page-0001-1536x864.jpg 1536w, https:\/\/webs.uab.cat\/araem\/wp-content\/uploads\/sites\/230\/2026\/02\/Expo_UK_2_page-0001-2048x1152.jpg 2048w, https:\/\/webs.uab.cat\/araem\/wp-content\/uploads\/sites\/230\/2026\/02\/Expo_UK_2_page-0001-1200x675.jpg 1200w, https:\/\/webs.uab.cat\/araem\/wp-content\/uploads\/sites\/230\/2026\/02\/Expo_UK_2_page-0001-1980x1114.jpg 1980w\" sizes=\"auto, (max-width: 1024px) 100vw, 1024px\" \/><\/figure>\n\n\n\n<p class=\"has-small-font-size\">Ortofotografia del jaciment arqueol\u00f2gic de Santa Coloma (\u00c0ger) feta per \u00c0ngela Gonz\u00e1lez i Jes\u00fas Brufal.<\/p>\n\n\n\n<figure class=\"wp-block-image size-large\"><img loading=\"lazy\" decoding=\"async\" width=\"1024\" height=\"556\" src=\"https:\/\/webs.uab.cat\/araem\/wp-content\/uploads\/sites\/230\/2026\/02\/IMG_0046-1024x556.jpg\" alt=\"\" class=\"wp-image-702\" srcset=\"https:\/\/webs.uab.cat\/araem\/wp-content\/uploads\/sites\/230\/2026\/02\/IMG_0046-1024x556.jpg 1024w, https:\/\/webs.uab.cat\/araem\/wp-content\/uploads\/sites\/230\/2026\/02\/IMG_0046-300x163.jpg 300w, https:\/\/webs.uab.cat\/araem\/wp-content\/uploads\/sites\/230\/2026\/02\/IMG_0046-768x417.jpg 768w, https:\/\/webs.uab.cat\/araem\/wp-content\/uploads\/sites\/230\/2026\/02\/IMG_0046-1536x834.jpg 1536w, https:\/\/webs.uab.cat\/araem\/wp-content\/uploads\/sites\/230\/2026\/02\/IMG_0046-2048x1111.jpg 2048w, https:\/\/webs.uab.cat\/araem\/wp-content\/uploads\/sites\/230\/2026\/02\/IMG_0046-1200x651.jpg 1200w, https:\/\/webs.uab.cat\/araem\/wp-content\/uploads\/sites\/230\/2026\/02\/IMG_0046-1980x1075.jpg 1980w\" sizes=\"auto, (max-width: 1024px) 100vw, 1024px\" \/><\/figure>\n\n\n\n<p class=\"has-small-font-size\">Excavaci\u00f3 a Tabigasta 5 (El Alto, Catamarca, Argentina) feta per F\u00e8lix Retamero.<\/p>\n\n\n\n<p><\/p>\n","protected":false},"excerpt":{"rendered":"<p>&nbsp; \u2022 Arqueologia de la ciutat andalusina: excavacions a la ciutat de Mad\u00eena Balagh\u00ed (Balaguer, Lleida)\u2022 Estudi d\u2019espais agraris andalusins a la Catalunya Nova, Pa\u00eds Valenci\u00e0, Balears i Andalusia\u2022 Formes de producci\u00f3, consum i distribuci\u00f3 de la cer\u00e0mica andalusina\u2022 Agricultures, conquestes i colonitzacions medievals i modernes: Catalunya Nova, Pa\u00eds Valenci\u00e0, Illes Balears, Andalusia oriental, Illes [&hellip;]<\/p>\n","protected":false},"author":20,"featured_media":0,"parent":0,"menu_order":0,"comment_status":"closed","ping_status":"closed","template":"","meta":{"footnotes":""},"class_list":["post-181","page","type-page","status-publish","hentry"],"_links":{"self":[{"href":"https:\/\/webs.uab.cat\/araem\/wp-json\/wp\/v2\/pages\/181","targetHints":{"allow":["GET"]}}],"collection":[{"href":"https:\/\/webs.uab.cat\/araem\/wp-json\/wp\/v2\/pages"}],"about":[{"href":"https:\/\/webs.uab.cat\/araem\/wp-json\/wp\/v2\/types\/page"}],"author":[{"embeddable":true,"href":"https:\/\/webs.uab.cat\/araem\/wp-json\/wp\/v2\/users\/20"}],"replies":[{"embeddable":true,"href":"https:\/\/webs.uab.cat\/araem\/wp-json\/wp\/v2\/comments?post=181"}],"version-history":[{"count":6,"href":"https:\/\/webs.uab.cat\/araem\/wp-json\/wp\/v2\/pages\/181\/revisions"}],"predecessor-version":[{"id":705,"href":"https:\/\/webs.uab.cat\/araem\/wp-json\/wp\/v2\/pages\/181\/revisions\/705"}],"wp:attachment":[{"href":"https:\/\/webs.uab.cat\/araem\/wp-json\/wp\/v2\/media?parent=181"}],"curies":[{"name":"wp","href":"https:\/\/api.w.org\/{rel}","templated":true}]}}

Línies de recerca

<p>&nbsp;</p>



<p>• Arqueologia de la ciutat andalusina: excavacions a la ciutat de Madîna Balaghí (Balaguer, Lleida)<br>• Estudi d’espais agraris andalusins a la Catalunya Nova, País Valencià, Balears i Andalusia<br>• Formes de producció, consum i distribució de la ceràmica andalusina<br>• Agricultures, conquestes i colonitzacions medievals i modernes: Catalunya Nova, País Valencià, Illes Balears, Andalusia oriental, Illes Canàries, Argentina.<br>• La transició entre la Tardo-Antiguitat i l’alta Edat Mitjana, segles V-VIII a la Vall de l’Ebre (Santa Coloma d’Àger)<br>• Arqueologia funerària i antropologia física</p>



<figure class="wp-block-image size-large"><img loading="lazy" decoding="async" width="1024" height="603" src="https://webs.uab.cat/araem/wp-content/uploads/sites/230/2026/02/Diseno-sin-titulo-1-1024x603.jpg" alt="" class="wp-image-665" srcset="https://webs.uab.cat/araem/wp-content/uploads/sites/230/2026/02/Diseno-sin-titulo-1-1024x603.jpg 1024w, https://webs.uab.cat/araem/wp-content/uploads/sites/230/2026/02/Diseno-sin-titulo-1-300x177.jpg 300w, https://webs.uab.cat/araem/wp-content/uploads/sites/230/2026/02/Diseno-sin-titulo-1-768x453.jpg 768w, https://webs.uab.cat/araem/wp-content/uploads/sites/230/2026/02/Diseno-sin-titulo-1-1536x905.jpg 1536w, https://webs.uab.cat/araem/wp-content/uploads/sites/230/2026/02/Diseno-sin-titulo-1-1200x707.jpg 1200w, https://webs.uab.cat/araem/wp-content/uploads/sites/230/2026/02/Diseno-sin-titulo-1.jpg 1831w" sizes="auto, (max-width: 1024px) 100vw, 1024px" /></figure>



<p class="has-small-font-size">Fotografia àrea durant l&#8217;excavació d&#8217;una casa al jaciment arqueològic del Pla d&#8217;Almatà (Balaguer) feta per Guillem Alcolea.</p>



<figure class="wp-block-image size-large"><img loading="lazy" decoding="async" width="1024" height="576" src="https://webs.uab.cat/araem/wp-content/uploads/sites/230/2026/02/Expo_UK_2_page-0001-1024x576.jpg" alt="" class="wp-image-679" srcset="https://webs.uab.cat/araem/wp-content/uploads/sites/230/2026/02/Expo_UK_2_page-0001-1024x576.jpg 1024w, https://webs.uab.cat/araem/wp-content/uploads/sites/230/2026/02/Expo_UK_2_page-0001-300x169.jpg 300w, https://webs.uab.cat/araem/wp-content/uploads/sites/230/2026/02/Expo_UK_2_page-0001-768x432.jpg 768w, https://webs.uab.cat/araem/wp-content/uploads/sites/230/2026/02/Expo_UK_2_page-0001-1536x864.jpg 1536w, https://webs.uab.cat/araem/wp-content/uploads/sites/230/2026/02/Expo_UK_2_page-0001-2048x1152.jpg 2048w, https://webs.uab.cat/araem/wp-content/uploads/sites/230/2026/02/Expo_UK_2_page-0001-1200x675.jpg 1200w, https://webs.uab.cat/araem/wp-content/uploads/sites/230/2026/02/Expo_UK_2_page-0001-1980x1114.jpg 1980w" sizes="auto, (max-width: 1024px) 100vw, 1024px" /></figure>



<p class="has-small-font-size">Ortofotografia del jaciment arqueològic de Santa Coloma (Àger) feta per Àngela González i Jesús Brufal.</p>



<figure class="wp-block-image size-large"><img loading="lazy" decoding="async" width="1024" height="556" src="https://webs.uab.cat/araem/wp-content/uploads/sites/230/2026/02/IMG_0046-1024x556.jpg" alt="" class="wp-image-702" srcset="https://webs.uab.cat/araem/wp-content/uploads/sites/230/2026/02/IMG_0046-1024x556.jpg 1024w, https://webs.uab.cat/araem/wp-content/uploads/sites/230/2026/02/IMG_0046-300x163.jpg 300w, https://webs.uab.cat/araem/wp-content/uploads/sites/230/2026/02/IMG_0046-768x417.jpg 768w, https://webs.uab.cat/araem/wp-content/uploads/sites/230/2026/02/IMG_0046-1536x834.jpg 1536w, https://webs.uab.cat/araem/wp-content/uploads/sites/230/2026/02/IMG_0046-2048x1111.jpg 2048w, https://webs.uab.cat/araem/wp-content/uploads/sites/230/2026/02/IMG_0046-1200x651.jpg 1200w, https://webs.uab.cat/araem/wp-content/uploads/sites/230/2026/02/IMG_0046-1980x1075.jpg 1980w" sizes="auto, (max-width: 1024px) 100vw, 1024px" /></figure>



<p class="has-small-font-size">Excavació a Tabigasta 5 (El Alto, Catamarca, Argentina) feta per Fèlix Retamero.</p>



<p></p>

<p>&nbsp; • Arqueologia de la ciutat andalusina: excavacions a la ciutat de Madîna Balaghí (Balaguer, Lleida)• Estudi d’espais agraris andalusins a la Catalunya Nova, País Valencià, Balears i Andalusia• Formes de producció, consum i distribució de la ceràmica andalusina• Agricultures, conquestes i colonitzacions medievals i modernes: Catalunya Nova, País Valencià, Illes Balears, Andalusia oriental, Illes [&hellip;]</p>
