{"id":24,"date":"2014-02-13T18:36:32","date_gmt":"2014-02-13T18:36:32","guid":{"rendered":"http:\/\/blogs.uab.cat\/arag\/?page_id=24"},"modified":"2014-02-13T18:36:32","modified_gmt":"2014-02-13T18:36:32","slug":"jornades-arag","status":"publish","type":"page","link":"https:\/\/webs.uab.cat\/arag\/jornades-arag\/","title":{"rendered":"Jornades ARAG"},"content":{"rendered":"<p>ARAG organitza peri\u00f2dicament seminaris, jornades i debats sobre diversos temes. Fins ara s&#8217;han dut a terme les seg\u00fcents jornades:<\/p>\n<ul>\n<li><strong>La globalitzaci\u00f3 i l&#8217;alimentaci\u00f3 a Catalunya al segle XXI<\/strong> (05-05-2009)\n<ul>\n<li>Aquesta jornada va estar organitzada en col\u00b7laboraci\u00f3 amb la Fundaci\u00f3 del M\u00f3n Rural.<\/li>\n<\/ul>\n<\/li>\n<\/ul>\n<ul>\n<li><strong>I Jornada sobre Recerca i Sobirania Aliment\u00e0ria<\/strong> (17-12-2010) [<a href=\"http:\/\/www.ent.cat\/arag\/htdocs\/modules\/content\/index.php?id=49\" target=\"_blank\" rel=\"noopener\">contingut i programa<\/a>]\n<ul>\n<li><a href=\"http:\/\/www.ent.cat\/arag\/htdocs\/modules\/content\/index.php?id=49\" target=\"_blank\" rel=\"noopener\">Castellano<\/a><\/li>\n<li><a href=\"http:\/\/www.ent.cat\/arag\/htdocs\/modules\/content\/index.php?id=50\" target=\"_blank\" rel=\"noopener\">English<\/a><\/li>\n<li><a href=\"http:\/\/www.ent.cat\/arag\/htdocs\/modules\/content\/index.php?id=51\" target=\"_blank\" rel=\"noopener\">French<\/a><\/li>\n<\/ul>\n<\/li>\n<\/ul>\n<ul>\n<li><strong>El futur de l&#8217;alimentaci\u00f3 en risc. De la crisi energ\u00e8tica a la crisi aliment\u00e0ria<\/strong>. (11-12-2011)\n<ul>\n<li><a href=\"http:\/\/www.ent.cat\/arag\/htdocs\/modules\/content\/index.php?id=52\" target=\"_blank\" rel=\"noopener\">Contingut i programa<\/a><\/li>\n<\/ul>\n<\/li>\n<\/ul>\n<ul>\n<li><strong>Sobirania aliment\u00e0ria a la Universitat: Somni o realitat?<\/strong> (15-16 de novembre de 2013)\n<ul>\n<li><a href=\"http:\/\/universitatdelaterra.wordpress.com\/\" target=\"_blank\" rel=\"noopener\">Continguts i programa<\/a><\/li>\n<li><a href=\"http:\/\/ambientcritic.blogspot.com.es\/2013\/12\/cronica-de-les-jornades-de-sobirania.html\" target=\"_blank\" rel=\"noopener\">Cr\u00f2nica de la jornada<\/a> (per Ambient Cr\u00edtic)<\/li>\n<li>Aquesta jornada es va organitzar conjuntament amb els col\u00b7lectius d&#8217;estudiants L&#8217;Hortet i Ambient Cr\u00edtic, i amb el suport de la Fundaci\u00f3 Aut\u00f2noma Solid\u00e0ria i la revista Soberania Alimentaria, Biodiversidad y Culturas.<\/li>\n<\/ul>\n<\/li>\n<\/ul>\n<p>&nbsp;<\/p>\n<p>&nbsp;<\/p>\n<p>&nbsp;<\/p>\n","protected":false},"excerpt":{"rendered":"<p>ARAG organitza peri\u00f2dicament seminaris, jornades i debats sobre diversos temes. Fins ara s&#8217;han dut a terme les seg\u00fcents jornades: La globalitzaci\u00f3 i l&#8217;alimentaci\u00f3 a Catalunya al segle XXI (05-05-2009) Aquesta jornada va estar organitzada en col\u00b7laboraci\u00f3 amb la Fundaci\u00f3 del M\u00f3n Rural. I Jornada sobre Recerca i Sobirania Aliment\u00e0ria (17-12-2010) [contingut i programa] Castellano English [&hellip;]<\/p>\n","protected":false},"author":561,"featured_media":0,"parent":0,"menu_order":0,"comment_status":"open","ping_status":"open","template":"","meta":{"footnotes":""},"class_list":["post-24","page","type-page","status-publish","hentry"],"_links":{"self":[{"href":"https:\/\/webs.uab.cat\/arag\/wp-json\/wp\/v2\/pages\/24","targetHints":{"allow":["GET"]}}],"collection":[{"href":"https:\/\/webs.uab.cat\/arag\/wp-json\/wp\/v2\/pages"}],"about":[{"href":"https:\/\/webs.uab.cat\/arag\/wp-json\/wp\/v2\/types\/page"}],"author":[{"embeddable":true,"href":"https:\/\/webs.uab.cat\/arag\/wp-json\/wp\/v2\/users\/561"}],"replies":[{"embeddable":true,"href":"https:\/\/webs.uab.cat\/arag\/wp-json\/wp\/v2\/comments?post=24"}],"version-history":[{"count":0,"href":"https:\/\/webs.uab.cat\/arag\/wp-json\/wp\/v2\/pages\/24\/revisions"}],"wp:attachment":[{"href":"https:\/\/webs.uab.cat\/arag\/wp-json\/wp\/v2\/media?parent=24"}],"curies":[{"name":"wp","href":"https:\/\/api.w.org\/{rel}","templated":true}]}}