{"id":24,"date":"2020-10-15T11:04:03","date_gmt":"2020-10-15T09:04:03","guid":{"rendered":"https:\/\/blogs.uab.cat\/arcon\/?page_id=24"},"modified":"2020-10-15T11:04:03","modified_gmt":"2020-10-15T09:04:03","slug":"antecedentes","status":"publish","type":"page","link":"https:\/\/webs.uab.cat\/arcon\/antecedentes\/","title":{"rendered":"Antecedentes"},"content":{"rendered":"<p>Partimos de dos proyectos coordinados con los t\u00edtulos \u201c<em>Arqueolog\u00eda de la conquista e implantaci\u00f3n romana en Hispania<\/em>\u201d HAR2012 37003-C03-00 (2012-5) y \u201c<em>Consolidaci\u00f3n del poder militar romano en Hispania. Tipolog\u00eda, funci\u00f3n y log\u00edstica en tres zonas peninsulares (siglos II-I aC)<\/em>\u201d\u00a0 HAR2015 64601-C03-1R (2016-9), en los que hemos trabajado conjuntamente con los equipos de la Universidad de Alicante (dirigido por el Dr. Ignacio Grau) y el equipo del Instituto de Arqueolog\u00eda de M\u00e9rida (IAM-CSIC) (dirigido por el Dr. Victorino Mayoral).<\/p>\n<figure id=\"attachment_68\" aria-describedby=\"caption-attachment-68\" style=\"width: 447px\" class=\"wp-caption aligncenter\"><a href=\"https:\/\/webs.uab.cat\/arcon\/wp-content\/uploads\/sites\/75\/2020\/10\/merchanas.jpg\"><img loading=\"lazy\" decoding=\"async\" class=\"wp-image-68\" src=\"https:\/\/webs.uab.cat\/arcon\/wp-content\/uploads\/sites\/75\/2020\/10\/merchanas-300x176.jpg\" alt=\"Yacimiento de Merchanas\" width=\"447\" height=\"268\" \/><\/a><figcaption id=\"caption-attachment-68\" class=\"wp-caption-text\">Yacimiento de Merchanas<\/figcaption><\/figure>\n<p>Conjuntamente hemos analizado el primer siglo de la conquista romana (siglo II y principios I a.C.) en tres territorios peninsulares (La Serena, \u00e1rea sudoriental de la Citerior y el NE de la Citerior) focalizando el estudio en los cambios documentados en <em>oppida<\/em> iberos, presencia de campamentos militares romanos, <em>castella<\/em> y establecimientos rurales diversos; aplicando tecnolog\u00edas de teledetecci\u00f3n (p.e. LIDAR, dron) y geof\u00edsica (GPR, electromagnetismo de inducci\u00f3n, magnetometr\u00eda, resistividad). A lo largo de este tiempo, cada equipo de investigaci\u00f3n se ha centrado en su \u00e1rea de estudio, unos territorios con caracter\u00edsticas geogr\u00e1ficas diferentes y con un grado distinto de presencia de poblaciones pre-romanas. Por \u00a0ello hemos cre\u00eddo necesario participar en esta nueva convocatoria de forma independiente de manera que cada equipo profundice en su territorio y en fases cronol\u00f3gicas m\u00e1s amplias.<\/p>\n<p>La experiencia de nuestro grupo de investigaci\u00f3n de la UAB, centrado en el estudio de la ciudad y el paisaje antiguo, cuenta con muchos a\u00f1os de tradici\u00f3n bajo la direcci\u00f3n del profesor Josep Guitart, se ha centrado en los \u00faltimos a\u00f1os en el estudio de la interacci\u00f3n del nuevo poder romano con los n\u00facleos ib\u00e9ricos que abre otro escenario de relaciones, tal como nos muestran los asentamientos romanos de Ca l\u2019Arnau y Burriac (Cabrera de Mar); otro de los ejemplos estudiados directamente por nuestro equipo es Can Tac\u00f3 (Montorn\u00e9s-Montmel\u00f3) que muestra una nueva concepci\u00f3n de c\u00f3mo se llev\u00f3 a cabo este proceso de implantaci\u00f3n territorial romana.<\/p>\n<figure id=\"attachment_65\" aria-describedby=\"caption-attachment-65\" style=\"width: 434px\" class=\"wp-caption aligncenter\"><a href=\"https:\/\/webs.uab.cat\/arcon\/wp-content\/uploads\/sites\/75\/2020\/10\/Can_Taco_1.jpg\"><img loading=\"lazy\" decoding=\"async\" class=\"wp-image-65\" src=\"https:\/\/webs.uab.cat\/arcon\/wp-content\/uploads\/sites\/75\/2020\/10\/Can_Taco_1-300x220.jpg\" alt=\"Vista \u00e1rea de Can Tac\u00f3\" width=\"434\" height=\"321\" \/><\/a><figcaption id=\"caption-attachment-65\" class=\"wp-caption-text\">Vista \u00e1rea de Can Tac\u00f3<\/figcaption><\/figure>\n<p>En los \u00faltimos a\u00f1os, nuestro trabajo se ha focalizado en la antigua regi\u00f3n de la Lacetania (Catalu\u00f1a interior), con numerosas novedades que han permitido generar hip\u00f3tesis sobre c\u00f3mo y cu\u00e1ndo se consolid\u00f3 el modelo de ciudad romana en la zona del interior; sirvan de ejemplo los niveles fundacionales de la ciudad de <em>Iesso<\/em> y su relaci\u00f3n directa con el <em>castellum<\/em> romano de Puig Castellar (Biosca); estos estudios ponen en cuesti\u00f3n el modelo cl\u00e1sico basado en que el substrato ind\u00edgena ib\u00e9rico de la zona tuvo un protagonismo destacado. El nuevo paradigma, fruto de nuestros \u00faltimos trabajos, indica que en esta zona del interior de Catalu\u00f1a el modelo romano se implant\u00f3 sin demasiada influencia de las comunidades ind\u00edgenas locales a diferencia de la zona costera mucho m\u00e1s iberizada. Como resultado de esta experiencia planteamos este nuevo proyecto de investigaci\u00f3n para incidir en nuevos aspectos no contemplados en el anterior y poder finalizar algunas de las investigaciones arqueol\u00f3gicas aun en curso, como son las derivadas de los trabajos de excavaci\u00f3n intensiva en estos yacimientos.<\/p>\n<p>De manera simult\u00e1nea a los trabajos arqueol\u00f3gicos, nuestro equipo ha liderado el programa de musealizaci\u00f3n y puesta en valor de los restos arqueol\u00f3gicos del municipio romano de <em>Iesso<\/em>, proyecto impulsado por el Ayuntamiento de Guissona con la ayuda de un proyecto Feder de la Uni\u00f3n Europea; haciendo realidad la apertura de estos equipamientos, el Museo de Guissona y del Parque Arqueol\u00f3gico de la Ciudad Romana de <em>Iesso<\/em>. Igualmente en colaboraci\u00f3n con los ayuntamientos de Montmel\u00f3 y de Montorn\u00e9s, hemos gestionado toda la parte cient\u00edfica de un Feder\u00a0 destinado a la convertir el yacimiento de Can Tac\u00f3 en un gran centro de interpretaci\u00f3n de los primeros a\u00f1os de la presencia romana en <em>Hispania<\/em> \u2013Proyecto: Mons-Observans. Asimismo con el \u00faltimo proyecto DGYCIT se ha iniciado la musealizaci\u00f3n del yacimiento de Puig Castellar (Biosca)<\/p>\n<p>&nbsp;<\/p>\n<p><strong>Antecedentes: Breve Bibliografia<\/strong><\/p>\n<p>Adroher, A. (2014) \u201cFortificaciones republicanas entre la Citerior y la Ulterior: en las tierras de la Bastetania\u201d. <em>Las guerras civiles romanas en Hispania. Una revisi\u00f3n desde la Contestania<\/em>. Sala, F. Moratalla, J. (eds.) pp. 169-182. Universidad de Alicante<\/p>\n<p>Adroher, A.;\u00a0 Carreras, C.; De Almeida, R.; Fern\u00e1ndez, A.; Molina, J.; Viegas, C. (2016) \u201c<a href=\"https:\/\/revistas.usal.es\/index.php\/0514-7336\/article\/view\/zephyrus20167887110\/0\" target=\"_blank\" rel=\"noopener noreferrer\">Registro para la cuantificaci\u00f3n de cer\u00e1mica arqueol\u00f3gica: estado de la cuesti\u00f3n y una nueva propuesta. Protocolo de Sevilla (prcs\/14)<\/a>\u201d. <em>Zephyrus<\/em> 78, julio-diciembre, pp.87-110.<\/p>\n<p>Carreras, C. (2016) \u201c<a href=\"https:\/\/www.academia.edu\/30071328\/ANEJOS_DE_AEspA_LXXV_La_revalorizaci%C3%B3n_de_zonas_arqueol%C3%B3gicas_mediante_el_empleo_de_t%C3%A9cnicas_no_destructivas_Victorino_Mayoral_Herrera_coord_\" target=\"_blank\" rel=\"noopener noreferrer\">Geof\u00edsica adaptada a diferentes entornos: experiencias del equipo ICAC-UAB<\/a>\u201d. En V.Mayoral (ed.) <em>La revalorizaci\u00f3n de zonas arqueol\u00f3gicas mediante el empleo de t\u00e9cnicas no descructivas. A\u00f1ejos del Archivo Espa\u00f1ol de Arqueolog\u00eda<\/em> LXXV, pp.133-147.<\/p>\n<p>Carreras, C.; De Soto, P.; Mu\u00f1oz, A. (2019) \u201c<a href=\"https:\/\/www.sciencedirect.com\/science\/article\/abs\/pii\/S2352409X19301312\" target=\"_blank\" rel=\"noopener noreferrer\">Land transport in mountainous regions in the Roman Empire: Network analysis in the case of the Alps and Pyrenees<\/a>\u201d. <em>Journal of Archaeological Science: Reports<\/em>, vol. 25, Issue June 2019, pp.280-293.<\/p>\n<p>Carreras, C.; Mart\u00edn, A.; Pera, J.; Rodrigo, E. (2016) \u201c<a href=\"https:\/\/ojs.uv.es\/index.php\/saguntum\/article\/view\/7671\" target=\"_blank\" rel=\"noopener noreferrer\">Las \u00e1nforas de Brindisi en la <em>Hispania Citerior<\/em>. Pautas de distribuci\u00f3n y consumo<\/a>\u201d en <em>Saguntum<\/em>, 48, pp. 103-128.<\/p>\n<p>Colomines, L.;\u00a0 Evin, A.; Burch, J.; Campmaj\u00f3, P.; Casa, J.; Castanyer, P.; Carreras, C.; Gu\u00e0rdia, J.; Olesti, O.; Pons, E.; Tremoleda, J.; Palet, J.M. (2019) \u201c<a href=\"https:\/\/link.springer.com\/article\/10.1007\/s12520-019-00837-0\" target=\"_blank\" rel=\"noopener noreferrer\">Behind the steps of ancient sheeps mobility in Iberia: new insights from geometric morphometic approach<\/a>\u201d. <em>Archaeological and anthropological Sciences<\/em><\/p>\n<p>Fabiao, C. (2002) \u201cOs chamados castella do sudoeste: arquitectura, cronolog\u00eda e fun\u00e7oes\u201d. <em>Archivo Espa\u00f1ol de Arqueolog\u00eda<\/em> 75:177-193.<\/p>\n<p>Grau Mira, I y Molina, J. (2013) \u201cDiversit\u00e9 territoriale et mod\u00e8les de exploitation aux paysages ruraux du Sud de la Tarraconense (ss. II av.-II apr.)\u201d, En Fiches, J-L., Planas R. y F., Revilla, V. <em>Paysages ruraux et territoires dans les cit\u00e9s de l\u2019Occident romain<\/em>. <em>Ager IX<\/em>, Montpellier.<\/p>\n<p>Grau Mira, I. (2014): \u201c<a href=\"https:\/\/www.academia.edu\/8240078\/Grau_Mira_I_2014_The_rural_landscape_of_the_Valley_of_Alcoi_in_the_eastern_Iberian_Iron_Age_agricultural_intensification_and_sociopolitical_dynamics_Journal_of_Field_Archaeology_39_2_124_133\" target=\"_blank\" rel=\"noopener noreferrer\">The rural landscape of the Valley of Alcoi in the eastern Iberian Iron Age: agricultural intensification and sociopolitical dynamics<\/a>\u201d, <em>Journal of Field Archaeology, <\/em>39.2, 124-133.<\/p>\n<p>Gu\u00e0rdia, J.; Carreras, C.; De Soto, P. (2017) \u201c<a href=\"https:\/\/repositori.udl.cat\/handle\/10459.1\/62393\" target=\"_blank\" rel=\"noopener noreferrer\">Circuits comercials a <em>Iulia Lybica <\/em>(Ll\u00edvia): visions a partir de les cer\u00e0miques i els marbres<\/a>\u201d. <em>Revista d\u2019Arqueologia de Ponent <strong>27<\/strong><\/em><strong>, 2017<\/strong>, pp.11-34.<\/p>\n<p>Gu\u00e0rdia, J.; Carreras, C.; Guitart, J.; Olesti, O. (2017) \u201c<a href=\"https:\/\/revistes.uab.cat\/treballsarqueologia\/article\/view\/v21-guardia-carreras-guitar-etal\" target=\"_blank\" rel=\"noopener noreferrer\">El F\u00f2rum de Iulia Libica i la capitalitat ceretana en \u00e8poca altimperial. Novetats arqueol\u00f2giques<\/a>\u201d. <em>Treballs d\u2019Arqueologia<\/em>, 2017, n\u00fam. 21, pp.181-204<\/p>\n<p>Mayoral Herrera, V., Pulido, J., Walid Sbeinati, S., Bustamante \u00c1lvarez, M., Pizzo, A.Sevillano Perea, L. (2014) &#8220;<a href=\"https:\/\/www.academia.edu\/22249348\/EL_CASTEJ%C3%93N_DE_LAS_MERCHANAS_DON_BENITO_BADAJOZ_UN_RECINTO_FORTIFICADO_TARDORREPUBLICANO_ENTRE_LA_SERENA_Y_LA_VEGA_DEL_GUADIANA\" target=\"_blank\" rel=\"noopener noreferrer\">El Castej\u00f3n de las Merchanas (Don Benito, Badajoz): un recinto fortificado tardo-republicano entre La Serena y la Vega del Guadiana<\/a>&#8220;, R. Mataloto, V. Mayoral, y C. Roque. (Eds), <em>La gestaci\u00f3n de los paisajes rurales entre la protohistoria y el per\u00edodo romano. Formas de asentamiento y procesos de implantaci\u00f3n, <\/em>Madrid, 66-88<\/p>\n<p>Pera, J. (2016) <em>Els or\u00edgens de Iesso<\/em>. Guissona<\/p>\n<p>Pera, J.; Carreras, C.; Rodrigo, E.; Roman\u00ed, N.; Padr\u00f3s, N.; Ros, J.; Guitart, J. (2014) \u00abEl proceso previo a la fundaci\u00f3n de las ciudades romanas en el NE de la Hispania Citerior: los ejemplos de Can Tac\u00f3 i Puig Castellar\u00bb<em>IV Convegno Internazionale di Studi Veleiati, organitzat per Universit\u00e0 di Bologna, Universit\u00e0 di Padova, Comune di Lugagnano<\/em>, <em>Atti del IV Convegno Internazionale di Studi Veleiati<\/em>, 405-418<\/p>\n<p>Pera, J.; Vidal, J. (eds.)(2016).\u00a0 <em>Fortificaciones y control del territorio en la Hispania republicana<\/em>.\u00a0 Libros P\u00f3rtico. Zaragoza 2016. Reimpresi\u00f3n 2017<\/p>\n<p>Rodrigo, E.; Carreras, C.; Pera, J.; Guitart, J.(2014)\u00a0 \u00ab<a href=\"https:\/\/www.academia.edu\/11185690\/E_Rodrigo_C_Carreras_J_Pera_J_Guitart_2014_La_presencia_romana_en_el_NE_de_la_provincia_Citerior_durante_el_siglo_II_aC_Aproximaci%C3%B3n_arqueol%C3%B3gica_a_partir_de_los_yacimientos_de_Can_Tac%C3%B3_Montmel%C3%B3_Barcelona_y_Puig_Castellar_Biosca_Lleida_\" target=\"_blank\" rel=\"noopener noreferrer\">La presencia romana en el NE de la Provincia Citerior durante el siglo II a.C. Aproximaci\u00f3n arqueol\u00f3gica a partir de los yacimientos de Can Tac\u00f3 (Montmel\u00f3, Barcelona) y Puig Castellar (Biosca, Lleida)<\/a>\u00bb <em>Anejos Archivo Espa\u00f1ol de Arqueolog\u00eda<\/em>, LXX, 191-209<\/p>\n<p>Sala F.; Moratalla, J. (eds.) (2014): <em>Las guerras civiles romanas en Hispania. <\/em><em>Una revisi\u00f3n desde la Contestania<\/em>. Universidad de Alicante<\/p>\n<p>Sinner, A.G.; Carreras, C. (2019) \u201c<a href=\"https:\/\/onlinelibrary.wiley.com\/doi\/abs\/10.1111\/ojoa.12175?af=R\" target=\"_blank\" rel=\"noopener noreferrer\">Methods of palaeodemography: the case of the Iberian oppida and the Roman cities of North-East Spain<\/a>\u201d. <em>Oxford Journal of Archaeology<\/em> vol. 38, issue 3, pp.302-324.<\/p>\n","protected":false},"excerpt":{"rendered":"<p>Partimos de dos proyectos coordinados con los t\u00edtulos \u201cArqueolog\u00eda de la conquista e implantaci\u00f3n romana en Hispania\u201d HAR2012 37003-C03-00 (2012-5) y \u201cConsolidaci\u00f3n del poder militar romano en Hispania. Tipolog\u00eda, funci\u00f3n y log\u00edstica en tres zonas peninsulares (siglos II-I aC)\u201d\u00a0 HAR2015 64601-C03-1R (2016-9), en los que hemos trabajado conjuntamente con los equipos de la Universidad de [&hellip;]<\/p>\n","protected":false},"author":55,"featured_media":0,"parent":0,"menu_order":0,"comment_status":"closed","ping_status":"closed","template":"","meta":{"footnotes":""},"class_list":["post-24","page","type-page","status-publish","hentry"],"_links":{"self":[{"href":"https:\/\/webs.uab.cat\/arcon\/wp-json\/wp\/v2\/pages\/24","targetHints":{"allow":["GET"]}}],"collection":[{"href":"https:\/\/webs.uab.cat\/arcon\/wp-json\/wp\/v2\/pages"}],"about":[{"href":"https:\/\/webs.uab.cat\/arcon\/wp-json\/wp\/v2\/types\/page"}],"author":[{"embeddable":true,"href":"https:\/\/webs.uab.cat\/arcon\/wp-json\/wp\/v2\/users\/55"}],"replies":[{"embeddable":true,"href":"https:\/\/webs.uab.cat\/arcon\/wp-json\/wp\/v2\/comments?post=24"}],"version-history":[{"count":0,"href":"https:\/\/webs.uab.cat\/arcon\/wp-json\/wp\/v2\/pages\/24\/revisions"}],"wp:attachment":[{"href":"https:\/\/webs.uab.cat\/arcon\/wp-json\/wp\/v2\/media?parent=24"}],"curies":[{"name":"wp","href":"https:\/\/api.w.org\/{rel}","templated":true}]}}