{"id":51,"date":"2020-10-15T12:14:06","date_gmt":"2020-10-15T10:14:06","guid":{"rendered":"https:\/\/blogs.uab.cat\/arcon\/?page_id=51"},"modified":"2020-10-15T12:14:06","modified_gmt":"2020-10-15T10:14:06","slug":"monografias","status":"publish","type":"page","link":"https:\/\/webs.uab.cat\/arcon\/monografias\/","title":{"rendered":"Monograf\u00edas"},"content":{"rendered":"<p>Este apartado incluye todos aquellos temas que constituyen trabajos independientes dentro del proyecto. Algunos de ellos ya se hab\u00edan iniciado en el pasado, y en este nuevo proyecto continuaran su curso. Otros son novedosos tras el hallazgo de estructuras o materiales que merecen una especial atenci\u00f3n.<\/p>\n<p>Al ser estudios monogr\u00e1ficos espec\u00edficos generalmente est\u00e1n vinculados a investigadores concretos que son los verdaderos responsables de su realizaci\u00f3n. El proyecto es un marco amplio para que cada uno de los miembros pueda desarrollar sus capacidades y realizar sus investigadores, con el respaldo documental y metodol\u00f3gico de todo el equipo.<\/p>\n<p>Por lo tanto, la secci\u00f3n de monograf\u00edas siempre estar\u00e1 en constante construcci\u00f3n, en funci\u00f3n de los intereses actuales y futuros de sus miembros.<\/p>\n","protected":false},"excerpt":{"rendered":"<p>Este apartado incluye todos aquellos temas que constituyen trabajos independientes dentro del proyecto. Algunos de ellos ya se hab\u00edan iniciado en el pasado, y en este nuevo proyecto continuaran su curso. Otros son novedosos tras el hallazgo de estructuras o materiales que merecen una especial atenci\u00f3n. Al ser estudios monogr\u00e1ficos espec\u00edficos generalmente est\u00e1n vinculados a [&hellip;]<\/p>\n","protected":false},"author":55,"featured_media":0,"parent":0,"menu_order":0,"comment_status":"closed","ping_status":"closed","template":"","meta":{"footnotes":""},"class_list":["post-51","page","type-page","status-publish","hentry"],"_links":{"self":[{"href":"https:\/\/webs.uab.cat\/arcon\/wp-json\/wp\/v2\/pages\/51","targetHints":{"allow":["GET"]}}],"collection":[{"href":"https:\/\/webs.uab.cat\/arcon\/wp-json\/wp\/v2\/pages"}],"about":[{"href":"https:\/\/webs.uab.cat\/arcon\/wp-json\/wp\/v2\/types\/page"}],"author":[{"embeddable":true,"href":"https:\/\/webs.uab.cat\/arcon\/wp-json\/wp\/v2\/users\/55"}],"replies":[{"embeddable":true,"href":"https:\/\/webs.uab.cat\/arcon\/wp-json\/wp\/v2\/comments?post=51"}],"version-history":[{"count":0,"href":"https:\/\/webs.uab.cat\/arcon\/wp-json\/wp\/v2\/pages\/51\/revisions"}],"wp:attachment":[{"href":"https:\/\/webs.uab.cat\/arcon\/wp-json\/wp\/v2\/media?parent=51"}],"curies":[{"name":"wp","href":"https:\/\/api.w.org\/{rel}","templated":true}]}}