{"id":57,"date":"2020-10-15T12:14:26","date_gmt":"2020-10-15T10:14:26","guid":{"rendered":"https:\/\/blogs.uab.cat\/arcon\/?page_id=57"},"modified":"2020-10-15T12:14:26","modified_gmt":"2020-10-15T10:14:26","slug":"publicaciones","status":"publish","type":"page","link":"https:\/\/webs.uab.cat\/arcon\/publicaciones\/","title":{"rendered":"Publicaciones"},"content":{"rendered":"<p>Como en cualquier otro proyecto, la transferencia de conocimientos y divulgaci\u00f3n de los resultados es una parte fundamental del proyecto, y a partir de la cual se evaluar\u00e1 posteriormente. Esta secci\u00f3n pretende poner al d\u00eda los resultados provisionales que se van obteniendo y presentado en conferencias, a trav\u00e9s de publicaciones (art\u00edculos, cap\u00edtulos o libros) y por \u00faltimo, modelos sint\u00e9ticos gr\u00e1ficos (modelos 3D).<\/p>\n<p>Estos modelos 3D son hip\u00f3tesis de trabajo en todas nuestras excavaciones y pretenden entender la tercera dimensi\u00f3n de las estructuras que estamos excavando. El esfuerzo documental que supone interrelacionar materiales constructivos, juegos de luces, orientaciones, alturas y resistencias no ayudan a dar forma a edificios de los que en ocasiones s\u00f3lo se conservar los fundamentos.<\/p>\n<p>Creemos que estos modelos 3D se pueden considerar otra forma de divulgaci\u00f3n, cuyo resultado final puede aparecer en un museo o aplicaci\u00f3n de m\u00f3vil, pero que inicialmente fueron una sencilla hip\u00f3tesis de trabajo.<\/p>\n","protected":false},"excerpt":{"rendered":"<p>Como en cualquier otro proyecto, la transferencia de conocimientos y divulgaci\u00f3n de los resultados es una parte fundamental del proyecto, y a partir de la cual se evaluar\u00e1 posteriormente. Esta secci\u00f3n pretende poner al d\u00eda los resultados provisionales que se van obteniendo y presentado en conferencias, a trav\u00e9s de publicaciones (art\u00edculos, cap\u00edtulos o libros) y [&hellip;]<\/p>\n","protected":false},"author":55,"featured_media":0,"parent":0,"menu_order":0,"comment_status":"closed","ping_status":"closed","template":"","meta":{"footnotes":""},"class_list":["post-57","page","type-page","status-publish","hentry"],"_links":{"self":[{"href":"https:\/\/webs.uab.cat\/arcon\/wp-json\/wp\/v2\/pages\/57","targetHints":{"allow":["GET"]}}],"collection":[{"href":"https:\/\/webs.uab.cat\/arcon\/wp-json\/wp\/v2\/pages"}],"about":[{"href":"https:\/\/webs.uab.cat\/arcon\/wp-json\/wp\/v2\/types\/page"}],"author":[{"embeddable":true,"href":"https:\/\/webs.uab.cat\/arcon\/wp-json\/wp\/v2\/users\/55"}],"replies":[{"embeddable":true,"href":"https:\/\/webs.uab.cat\/arcon\/wp-json\/wp\/v2\/comments?post=57"}],"version-history":[{"count":0,"href":"https:\/\/webs.uab.cat\/arcon\/wp-json\/wp\/v2\/pages\/57\/revisions"}],"wp:attachment":[{"href":"https:\/\/webs.uab.cat\/arcon\/wp-json\/wp\/v2\/media?parent=57"}],"curies":[{"name":"wp","href":"https:\/\/api.w.org\/{rel}","templated":true}]}}