{"id":94,"date":"2020-10-15T16:37:28","date_gmt":"2020-10-15T14:37:28","guid":{"rendered":"https:\/\/blogs.uab.cat\/arcon\/?page_id=94"},"modified":"2020-10-15T16:37:28","modified_gmt":"2020-10-15T14:37:28","slug":"miembros","status":"publish","type":"page","link":"https:\/\/webs.uab.cat\/arcon\/pagina-exemple-2\/miembros\/","title":{"rendered":"Miembros"},"content":{"rendered":"<p><strong>IP: <a href=\"https:\/\/portalrecerca.csuc.cat\/orcid\/0000-0003-4300-9470\/publications.html?open=allpub&amp;sort_byallpub=2&amp;orderallpub=desc&amp;rppallpub=20&amp;etalallpub=-1&amp;startallpub=20\" target=\"_blank\" rel=\"noopener noreferrer\">C\u00e9sar Carreras Monfort<\/a><\/strong><br \/>\nProfesor titular de Arqueologia Cl\u00e1sica (UAB)<br \/>\nC\u00f3digo ORCID: 0000-0003-4300-9470<br \/>\nE-mail: <a href=\"mailto:cesar.carreras@uab.cat\" target=\"_blank\" rel=\"noopener noreferrer\">cesar.carreras@uab.cat<\/a><\/p>\n<p><a href=\"https:\/\/portalrecerca.csuc.cat\/orcid\/0000-0002-3659-4045\/publications.html?open=allpub&amp;sort_byallpub=2&amp;orderallpub=desc&amp;rppallpub=20&amp;etalallpub=-1&amp;startallpub=60&amp;locale=en\" target=\"_blank\" rel=\"noopener noreferrer\"><strong>Josep Guitart Duran<\/strong><\/a><br \/>\nInvestigador del ICAC<br \/>\nC\u00f3digo ORCID: 0000-0002-3659-4045<br \/>\nE-mail:<a href=\"mailto:jguitart@icac.cat\" target=\"_blank\" rel=\"noopener noreferrer\"> jguitart@icac.cat<\/a><\/p>\n<p><strong>Joaquim Pera Isern<\/strong><br \/>\nProfesor titular de Arqueologia Cl\u00e1sica (UAB)<br \/>\nC\u00f3digo ORCID:0000-0002-5360-5447<br \/>\nE-mail: <a href=\"mailto:joaquim.pera@uab.cat\" target=\"_blank\" rel=\"noopener noreferrer\">joaquim.pera@uab.cat<\/a><\/p>\n<p><strong>Esther Rodrigo Requena<\/strong><br \/>\nLectora en Arqueolog\u00eda Cl\u00e1sica (UAB)<br \/>\nC\u00f3digo ORCID: 0000-0003-4771-1216<br \/>\nE-mail. <a href=\"mailto:esther.rodrigo@uab.cat\" target=\"_blank\" rel=\"noopener noreferrer\">esther.rodrigo@uab.cat<\/a><\/p>\n<p><strong>Jordi Guardia Felip<\/strong><br \/>\nDoctor en Arqueolog\u00eda cl\u00e1sica<br \/>\nE-mail: <a href=\"mailto:canfanferri@gmail.com\" target=\"_blank\" rel=\"noopener noreferrer\">canfanferri@gmail.com<\/a><\/p>\n<p><a href=\"https:\/\/portalrecerca.csuc.cat\/orcid\/0000-0002-5942-6992\" target=\"_blank\" rel=\"noopener noreferrer\"><strong>N\u00faria Roman\u00ed Sala<\/strong><\/a><br \/>\nDoctora en Arqueolog\u00eda cl\u00e1sica<br \/>\nC\u00f3digo ORCID: 0000-0002-5942-6992<br \/>\nE-mail.<a href=\"mailto:nuria.romani@uab.cat\" target=\"_blank\" rel=\"noopener noreferrer\">nuria.romani@uab.cat<\/a><\/p>\n<p><strong>Pau De Soto Ca\u00f1amares<\/strong><br \/>\nDoctor en Arqueolog\u00eda cl\u00e1sica (ICAC)<br \/>\nC\u00f3digo ORCID: 0000-0002-7024-786X<br \/>\nE-mail.<a href=\"mailto:paudsoto@gmail.com\" target=\"_blank\" rel=\"noopener noreferrer\">paudsoto@gmail.com<\/a><\/p>\n<p><a href=\"https:\/\/portalrecerca.csuc.cat\/orcid\/0000-0001-7024-5407\" target=\"_blank\" rel=\"noopener noreferrer\"><strong>Ada Cort\u00e9s Vicente<\/strong><\/a><br \/>\nDoctora en Arqueolog\u00eda cl\u00e1sica (ICAC)<br \/>\nC\u00f3digo ORCID: 0000-0001-7068-5407<br \/>\nE-mail.<a href=\"mailto:adacortesv@gmail.com\" target=\"_blank\" rel=\"noopener noreferrer\">adacortesv@gmail.com<\/a><\/p>\n<p><strong>Josep Ros Mateu<\/strong><br \/>\nLicenciado en Historia<br \/>\nE-mail: <a href=\"mailto:joseprosmateu@gmail.com\" target=\"_blank\" rel=\"noopener noreferrer\">joseprosmateu@gmail.com<\/a><\/p>\n<p><strong>Gemma Del Sol\u00e0 G\u00f3mez<\/strong><br \/>\nLicenciada en Historia<br \/>\nE-mail: <a href=\"mailto:gemmadesola@gmail.com\" target=\"_blank\" rel=\"noopener noreferrer\">gemmadesola@gmail.com<\/a><\/p>\n<p><strong>Joan Mayoral Pe\u00f1alba<\/strong><br \/>\nM\u00e1ster en Arqueolog\u00eda subacu\u00e1tica<br \/>\nE-mail:<a href=\"mailto:joanmayoral@gmail.com\" target=\"_blank\" rel=\"noopener noreferrer\"> joanmayoral@gmail.com<\/a><\/p>\n<p><strong>Laia Catarineu Iglesias<\/strong><br \/>\nM\u00e1ster en Arqueolog\u00eda cl\u00e1sica<br \/>\nC\u00f3digo ORCID: 0000-0001-5195-3248<br \/>\nE-mail.<a href=\"mailto:laia.caterineu@uab.cat\" target=\"_blank\" rel=\"noopener noreferrer\">laia.caterineu@uab.cat<\/a><\/p>\n<p>&nbsp;<\/p>\n","protected":false},"excerpt":{"rendered":"<p>IP: C\u00e9sar Carreras Monfort Profesor titular de Arqueologia Cl\u00e1sica (UAB) C\u00f3digo ORCID: 0000-0003-4300-9470 E-mail: cesar.carreras@uab.cat Josep Guitart Duran Investigador del ICAC C\u00f3digo ORCID: 0000-0002-3659-4045 E-mail: jguitart@icac.cat Joaquim Pera Isern Profesor titular de Arqueologia Cl\u00e1sica (UAB) C\u00f3digo ORCID:0000-0002-5360-5447 E-mail: joaquim.pera@uab.cat Esther Rodrigo Requena Lectora en Arqueolog\u00eda Cl\u00e1sica (UAB) C\u00f3digo ORCID: 0000-0003-4771-1216 E-mail. esther.rodrigo@uab.cat Jordi Guardia Felip [&hellip;]<\/p>\n","protected":false},"author":55,"featured_media":0,"parent":204,"menu_order":0,"comment_status":"closed","ping_status":"closed","template":"","meta":{"footnotes":""},"class_list":["post-94","page","type-page","status-publish","hentry"],"_links":{"self":[{"href":"https:\/\/webs.uab.cat\/arcon\/wp-json\/wp\/v2\/pages\/94","targetHints":{"allow":["GET"]}}],"collection":[{"href":"https:\/\/webs.uab.cat\/arcon\/wp-json\/wp\/v2\/pages"}],"about":[{"href":"https:\/\/webs.uab.cat\/arcon\/wp-json\/wp\/v2\/types\/page"}],"author":[{"embeddable":true,"href":"https:\/\/webs.uab.cat\/arcon\/wp-json\/wp\/v2\/users\/55"}],"replies":[{"embeddable":true,"href":"https:\/\/webs.uab.cat\/arcon\/wp-json\/wp\/v2\/comments?post=94"}],"version-history":[{"count":0,"href":"https:\/\/webs.uab.cat\/arcon\/wp-json\/wp\/v2\/pages\/94\/revisions"}],"up":[{"embeddable":true,"href":"https:\/\/webs.uab.cat\/arcon\/wp-json\/wp\/v2\/pages\/204"}],"wp:attachment":[{"href":"https:\/\/webs.uab.cat\/arcon\/wp-json\/wp\/v2\/media?parent=94"}],"curies":[{"name":"wp","href":"https:\/\/api.w.org\/{rel}","templated":true}]}}