{"id":220,"date":"2013-11-10T21:54:16","date_gmt":"2013-11-10T21:54:16","guid":{"rendered":"https:\/\/webs.uab.cat\/arnau\/origens\/"},"modified":"2024-01-08T23:50:17","modified_gmt":"2024-01-08T23:50:17","slug":"origens","status":"publish","type":"page","link":"https:\/\/webs.uab.cat\/arnau\/es\/origens\/","title":{"rendered":"Los or\u00edgenes, de la oscuridad a la pol\u00e9mica"},"content":{"rendered":"\n<p>Arnau de Vilanova naci\u00f3 en torno a 1240. Su lugar de nacimiento ha sido objeto de discusi\u00f3n desde la edad media: Valencia, Catalu\u00f1a, el Languedoc y Provenza lo han reclamat como hijo durante siglos. Actualmente no hay duda alguna de que era originario de alguno de los reinos de la corona de Arag\u00f3n, dado que los testimonios contempor\u00e1neos le dan el apelativo de \u00abcatal\u00e1n\u00bb. La documentaci\u00f3n conservada muestra los estrechos v\u00ednculos de Arnau con la ciudad de Valencia, y, por tanto, este es su lugar de origen m\u00e1s probable, si bien una fuente posterior afirma que naci\u00f3 en Villanueva de Jiloca, en el reino de Arag\u00f3n.<\/p>\n\n\n\n<p>De los primeros a\u00f1os de su vida no sabemos gran cosa. Por lo que \u00e9l mismo explica, parece que estudi\u00f3 las primeras letras en un convento de los dominicos. Fue admitido en el estado clerical (\u00f3rdenes menores) en la di\u00f3cesis de Valencia, tal como demuestra que el papa Clemente V lo denominara \u00abcl\u00e9rigo de la di\u00f3cesis de Valencia\u00bb. Es probable que de los \u00e1rabes que quedaban en el reino aprendiera su lengua. A partir de 1260 estudi\u00f3 medicina en Montpellier hasta obtener el t\u00edtulo de <em>magister<\/em>. Aprovech\u00f3 la estancia en Montpellier para cursar un semestre de teolog\u00eda al convento de los dominicos de aquella ciudad. En Montpellier conoci\u00f3 a su esposa, Agn\u00e8s Blasi, con la que tendr\u00eda una hija, Maria.<\/p>\n\n\n\n<figure class=\"wp-block-image size-full is-resized\"><img loading=\"lazy\" decoding=\"async\" src=\"https:\/\/webs.uab.cat\/arnau\/wp-content\/uploads\/sites\/132\/2016\/10\/valencia.jpg\" alt=\"valencia\" class=\"wp-image-622\" width=\"596\" height=\"324\" srcset=\"https:\/\/webs.uab.cat\/arnau\/wp-content\/uploads\/sites\/132\/2016\/10\/valencia.jpg 596w, https:\/\/webs.uab.cat\/arnau\/wp-content\/uploads\/sites\/132\/2016\/10\/valencia-300x163.jpg 300w\" sizes=\"auto, (max-width: 596px) 100vw, 596px\" \/><figcaption class=\"wp-element-caption\">Ilustraci\u00f3n: entrada de Jaime I en Valencia despu\u00e9s de la conquista, pintura mural del castillo de Alca\u00f1iz. Arnau debi\u00f3 crecer en la Valencia reci\u00e9n tomada a los \u00e1rabes. Procedencia: <a rel=\"noreferrer noopener\" href=\"http:\/\/harcajmv.blogspot.com.es\/2012\/07\/els-codis-juridics-de-la-corona-darago.html\" target=\"_blank\">Harca.org<\/a>.<\/figcaption><\/figure>\n","protected":false},"excerpt":{"rendered":"<p>Arnau de Vilanova naci\u00f3 en torno a 1240. Su lugar de nacimiento ha sido objeto de discusi\u00f3n desde la edad media: Valencia, Catalu\u00f1a, el Languedoc y Provenza lo han reclamat como hijo durante siglos. Actualmente no hay duda alguna de que era originario de alguno de los reinos de la corona de Arag\u00f3n, dado que [&hellip;]<\/p>\n","protected":false},"author":20,"featured_media":0,"parent":0,"menu_order":0,"comment_status":"closed","ping_status":"closed","template":"","meta":{"footnotes":""},"class_list":["post-220","page","type-page","status-publish","hentry"],"_links":{"self":[{"href":"https:\/\/webs.uab.cat\/arnau\/es\/wp-json\/wp\/v2\/pages\/220","targetHints":{"allow":["GET"]}}],"collection":[{"href":"https:\/\/webs.uab.cat\/arnau\/es\/wp-json\/wp\/v2\/pages"}],"about":[{"href":"https:\/\/webs.uab.cat\/arnau\/es\/wp-json\/wp\/v2\/types\/page"}],"author":[{"embeddable":true,"href":"https:\/\/webs.uab.cat\/arnau\/es\/wp-json\/wp\/v2\/users\/20"}],"replies":[{"embeddable":true,"href":"https:\/\/webs.uab.cat\/arnau\/es\/wp-json\/wp\/v2\/comments?post=220"}],"version-history":[{"count":2,"href":"https:\/\/webs.uab.cat\/arnau\/es\/wp-json\/wp\/v2\/pages\/220\/revisions"}],"predecessor-version":[{"id":1622,"href":"https:\/\/webs.uab.cat\/arnau\/es\/wp-json\/wp\/v2\/pages\/220\/revisions\/1622"}],"wp:attachment":[{"href":"https:\/\/webs.uab.cat\/arnau\/es\/wp-json\/wp\/v2\/media?parent=220"}],"curies":[{"name":"wp","href":"https:\/\/api.w.org\/{rel}","templated":true}]}}

Los orígenes, de la oscuridad a la polémica

<p>Arnau de Vilanova nació en torno a 1240. Su lugar de nacimiento ha sido objeto de discusión desde la edad media: Valencia, Cataluña, el Languedoc y Provenza lo han reclamat como hijo durante siglos. Actualmente no hay duda alguna de que era originario de alguno de los reinos de la corona de Aragón, dado que los testimonios contemporáneos le dan el apelativo de «catalán». La documentación conservada muestra los estrechos vínculos de Arnau con la ciudad de Valencia, y, por tanto, este es su lugar de origen más probable, si bien una fuente posterior afirma que nació en Villanueva de Jiloca, en el reino de Aragón.</p>



<p>De los primeros años de su vida no sabemos gran cosa. Por lo que él mismo explica, parece que estudió las primeras letras en un convento de los dominicos. Fue admitido en el estado clerical (órdenes menores) en la diócesis de Valencia, tal como demuestra que el papa Clemente V lo denominara «clérigo de la diócesis de Valencia». Es probable que de los árabes que quedaban en el reino aprendiera su lengua. A partir de 1260 estudió medicina en Montpellier hasta obtener el título de <em>magister</em>. Aprovechó la estancia en Montpellier para cursar un semestre de teología al convento de los dominicos de aquella ciudad. En Montpellier conoció a su esposa, Agnès Blasi, con la que tendría una hija, Maria.</p>



<figure class="wp-block-image size-full is-resized"><img loading="lazy" decoding="async" src="https://webs.uab.cat/arnau/wp-content/uploads/sites/132/2016/10/valencia.jpg" alt="valencia" class="wp-image-622" width="596" height="324" srcset="https://webs.uab.cat/arnau/wp-content/uploads/sites/132/2016/10/valencia.jpg 596w, https://webs.uab.cat/arnau/wp-content/uploads/sites/132/2016/10/valencia-300x163.jpg 300w" sizes="auto, (max-width: 596px) 100vw, 596px" /><figcaption class="wp-element-caption">Ilustración: entrada de Jaime I en Valencia después de la conquista, pintura mural del castillo de Alcañiz. Arnau debió crecer en la Valencia recién tomada a los árabes. Procedencia: <a rel="noreferrer noopener" href="http://harcajmv.blogspot.com.es/2012/07/els-codis-juridics-de-la-corona-darago.html" target="_blank">Harca.org</a>.</figcaption></figure>

<p>Arnau de Vilanova nació en torno a 1240. Su lugar de nacimiento ha sido objeto de discusión desde la edad media: Valencia, Cataluña, el Languedoc y Provenza lo han reclamat como hijo durante siglos. Actualmente no hay duda alguna de que era originario de alguno de los reinos de la corona de Aragón, dado que [&hellip;]</p>
