{"id":231,"date":"2013-11-10T07:59:12","date_gmt":"2013-11-10T07:59:12","guid":{"rendered":"https:\/\/webs.uab.cat\/arnau\/catalana\/"},"modified":"2024-09-20T13:04:09","modified_gmt":"2024-09-20T13:04:09","slug":"catalana","status":"publish","type":"page","link":"https:\/\/webs.uab.cat\/arnau\/es\/catalana\/","title":{"rendered":"Obras, documentos y ep\u00edstolas en catal\u00e1n"},"content":{"rendered":"\n<ol class=\"wp-block-list\" start=\"41\">\n<li><em>Protesta al just\u00edcia de Val\u00e8ncia<\/em> (\u00abProtesta al justicia de Valencia\u00bb, Valencia, 20 de abril de 1300): documento relacionado con un pleito contra Berenguer Mercer.<\/li>\n\n\n\n<li><em>Confessi\u00f3 de Barcelona <\/em>(\u00abConfesi\u00f3n de Barcelona\u00bb, Barcelona, 11 de julio de 1305): confesi\u00f3n de las tesis prof\u00e9tico-apocal\u00edpticas, en sentido amplio, le\u00edda en el Palacio real ante el rey Jaime II y una asamblea distinguida. A partir de textos b\u00edblicos (Daniel XII, 11, Actos I, 7) y de revelaciones especiales (<em>Insurgent gentes<\/em>, <em>Cirilo<\/em>\u2026), Arnau de Vilanova argumenta que es posible, \u00fatil y necesario conocer los tiempos de la llegada (inminente) del Anticristo. La parte dedicada a los falsos religiosos es una traducci\u00f3n de la <em>Confessio Ilerdensis<\/em>.<\/li>\n\n\n\n<li><em>Lli\u00e7\u00f3 de Narbona<\/em> (\u00abLecci\u00f3n de Narbona\u00bb, entre el verano de 1305 y finales de 1308; quiz\u00e1 entre el 1 de mayo y el 27 de octubre de 1308): le\u00edda en Narbona, Arnau de Vilanova expone un programa espiritual para los beguinos. Contrapone el cristianismo superficial y de convivencia de su tiempo a la firmeza y convicci\u00f3n de los beguinos, que llevan grabado en su coraz\u00f3n el fundamento de la fe: la doctrina de Jesucristo.<\/li>\n\n\n\n<li><em>A la reina Blanca d&#8217;Anjou<\/em> (\u00abA la reina Blanca de Anjou\u00bb, Avi\u00f1\u00f3n, verano de 1309): Arnau informa a la reina Blanca de algunas gestiones realizadas.<\/li>\n\n\n\n<li><em>Raonament d&#8217;Aviny\u00f3<\/em> (\u00abRazonamiento de Avi\u00f1\u00f3n\u00bb, Almer\u00eda, enero de 1310): Arnau da cuenta ante el rey Jaime de las peticiones que hizo en Avi\u00f1\u00f3n ante el papa y cardenales, relacionadas con los planes de reforma. En el <em>Razonamiento<\/em> Arnau de Vilanova expone que, como \u00aba\u00f1afil\u00bb de Jesucristo ha anunciado que el mundo acabar\u00e1 en el siglo XIV, que el pueblo cristiano es de hecho el m\u00e1s falsario, y que la causa de ello es el mal ejemplo que dan los prelados, los pr\u00edncipes y los religiosos en general. Como correo de Jaime II y Federico de Sicilia, Arnau expone que Dios les ha inspirado a encabezar un plan para promover la verdad del cristianismo y que ya han empezado a llevarlo a cabo.<\/li>\n\n\n\n<li><em>Alia informatio beguinorum <\/em>(\u00abOtra informaci\u00f3n sobre los beguinos\u00bb, despu\u00e9s de la primavera de 1310): es una defensa y justificaci\u00f3n de las opciones de vida de los beguinos ante una posible (o real) encuesta inquisitorial: la mendicidad, la pobreza radical, la renuncia a la propiedad, el amor a Dios y el menosprecio del mundo, la marginaci\u00f3n social, el rechazo de la ciencia humana.<\/li>\n\n\n\n<li><em>Al rei Jaume II<\/em> (\u00abAl rey Jaime II\u00bb, Marsella, 17 de junio de 1310): Arnau informa al rey Jaime II sobre las gestiones que ha llevado a t\u00e9rmino.<\/li>\n\n\n\n<li><em>Informaci\u00f3 espiritual<\/em> (\u00abInformaci\u00f3n espiritual\u00bb, probablemente, Mesina, verano de 1310): Arnau informa al rey Federico III de Sicilia de lo que debe hacer en tanto que rey y en tanto que rey cristiano. Como rey cristiano, Federico ha de promover la verdad del cristianismo. Si el rey lleva a cabo dichas propuestas se derivar\u00e1n muchos bienes. De hecho las <em>Constituciones Regni Trinacriae <\/em>(n\u00fam. 38) se inspiraron en algunos consejos arnaldianos de la <em>Informaci\u00f3 espiritual<\/em>.<\/li>\n<\/ol>\n\n\n\n<figure class=\"wp-block-image size-full is-resized\"><img loading=\"lazy\" decoding=\"async\" width=\"550\" height=\"359\" src=\"https:\/\/webs.uab.cat\/arnau\/wp-content\/uploads\/sites\/132\/2016\/10\/geschi-beginen-gr.jpg\" alt=\"geschi-beginen-gr\" class=\"wp-image-556\" style=\"aspect-ratio:1.530701754385965;width:514px;height:auto\" srcset=\"https:\/\/webs.uab.cat\/arnau\/wp-content\/uploads\/sites\/132\/2016\/10\/geschi-beginen-gr.jpg 550w, https:\/\/webs.uab.cat\/arnau\/wp-content\/uploads\/sites\/132\/2016\/10\/geschi-beginen-gr-300x196.jpg 300w\" sizes=\"auto, (max-width: 550px) 100vw, 550px\" \/><figcaption class=\"wp-element-caption\">Fuente: <a rel=\"noreferrer noopener\" href=\"http:\/\/www.cellitinnen-osa.de\" target=\"_blank\">Genossenschaft der Cellitinnen<\/a>.<\/figcaption><\/figure>\n","protected":false},"excerpt":{"rendered":"","protected":false},"author":20,"featured_media":0,"parent":0,"menu_order":0,"comment_status":"closed","ping_status":"closed","template":"","meta":{"footnotes":""},"class_list":["post-231","page","type-page","status-publish","hentry"],"_links":{"self":[{"href":"https:\/\/webs.uab.cat\/arnau\/es\/wp-json\/wp\/v2\/pages\/231","targetHints":{"allow":["GET"]}}],"collection":[{"href":"https:\/\/webs.uab.cat\/arnau\/es\/wp-json\/wp\/v2\/pages"}],"about":[{"href":"https:\/\/webs.uab.cat\/arnau\/es\/wp-json\/wp\/v2\/types\/page"}],"author":[{"embeddable":true,"href":"https:\/\/webs.uab.cat\/arnau\/es\/wp-json\/wp\/v2\/users\/20"}],"replies":[{"embeddable":true,"href":"https:\/\/webs.uab.cat\/arnau\/es\/wp-json\/wp\/v2\/comments?post=231"}],"version-history":[{"count":2,"href":"https:\/\/webs.uab.cat\/arnau\/es\/wp-json\/wp\/v2\/pages\/231\/revisions"}],"predecessor-version":[{"id":2005,"href":"https:\/\/webs.uab.cat\/arnau\/es\/wp-json\/wp\/v2\/pages\/231\/revisions\/2005"}],"wp:attachment":[{"href":"https:\/\/webs.uab.cat\/arnau\/es\/wp-json\/wp\/v2\/media?parent=231"}],"curies":[{"name":"wp","href":"https:\/\/api.w.org\/{rel}","templated":true}]}}

Obras, documentos y epístolas en catalán

<ol class="wp-block-list" start="41">
<li><em>Protesta al justícia de València</em> («Protesta al justicia de Valencia», Valencia, 20 de abril de 1300): documento relacionado con un pleito contra Berenguer Mercer.</li>



<li><em>Confessió de Barcelona </em>(«Confesión de Barcelona», Barcelona, 11 de julio de 1305): confesión de las tesis profético-apocalípticas, en sentido amplio, leída en el Palacio real ante el rey Jaime II y una asamblea distinguida. A partir de textos bíblicos (Daniel XII, 11, Actos I, 7) y de revelaciones especiales (<em>Insurgent gentes</em>, <em>Cirilo</em>…), Arnau de Vilanova argumenta que es posible, útil y necesario conocer los tiempos de la llegada (inminente) del Anticristo. La parte dedicada a los falsos religiosos es una traducción de la <em>Confessio Ilerdensis</em>.</li>



<li><em>Lliçó de Narbona</em> («Lección de Narbona», entre el verano de 1305 y finales de 1308; quizá entre el 1 de mayo y el 27 de octubre de 1308): leída en Narbona, Arnau de Vilanova expone un programa espiritual para los beguinos. Contrapone el cristianismo superficial y de convivencia de su tiempo a la firmeza y convicción de los beguinos, que llevan grabado en su corazón el fundamento de la fe: la doctrina de Jesucristo.</li>



<li><em>A la reina Blanca d&#8217;Anjou</em> («A la reina Blanca de Anjou», Aviñón, verano de 1309): Arnau informa a la reina Blanca de algunas gestiones realizadas.</li>



<li><em>Raonament d&#8217;Avinyó</em> («Razonamiento de Aviñón», Almería, enero de 1310): Arnau da cuenta ante el rey Jaime de las peticiones que hizo en Aviñón ante el papa y cardenales, relacionadas con los planes de reforma. En el <em>Razonamiento</em> Arnau de Vilanova expone que, como «añafil» de Jesucristo ha anunciado que el mundo acabará en el siglo XIV, que el pueblo cristiano es de hecho el más falsario, y que la causa de ello es el mal ejemplo que dan los prelados, los príncipes y los religiosos en general. Como correo de Jaime II y Federico de Sicilia, Arnau expone que Dios les ha inspirado a encabezar un plan para promover la verdad del cristianismo y que ya han empezado a llevarlo a cabo.</li>



<li><em>Alia informatio beguinorum </em>(«Otra información sobre los beguinos», después de la primavera de 1310): es una defensa y justificación de las opciones de vida de los beguinos ante una posible (o real) encuesta inquisitorial: la mendicidad, la pobreza radical, la renuncia a la propiedad, el amor a Dios y el menosprecio del mundo, la marginación social, el rechazo de la ciencia humana.</li>



<li><em>Al rei Jaume II</em> («Al rey Jaime II», Marsella, 17 de junio de 1310): Arnau informa al rey Jaime II sobre las gestiones que ha llevado a término.</li>



<li><em>Informació espiritual</em> («Información espiritual», probablemente, Mesina, verano de 1310): Arnau informa al rey Federico III de Sicilia de lo que debe hacer en tanto que rey y en tanto que rey cristiano. Como rey cristiano, Federico ha de promover la verdad del cristianismo. Si el rey lleva a cabo dichas propuestas se derivarán muchos bienes. De hecho las <em>Constituciones Regni Trinacriae </em>(núm. 38) se inspiraron en algunos consejos arnaldianos de la <em>Informació espiritual</em>.</li>
</ol>



<figure class="wp-block-image size-full is-resized"><img loading="lazy" decoding="async" width="550" height="359" src="https://webs.uab.cat/arnau/wp-content/uploads/sites/132/2016/10/geschi-beginen-gr.jpg" alt="geschi-beginen-gr" class="wp-image-556" style="aspect-ratio:1.530701754385965;width:514px;height:auto" srcset="https://webs.uab.cat/arnau/wp-content/uploads/sites/132/2016/10/geschi-beginen-gr.jpg 550w, https://webs.uab.cat/arnau/wp-content/uploads/sites/132/2016/10/geschi-beginen-gr-300x196.jpg 300w" sizes="auto, (max-width: 550px) 100vw, 550px" /><figcaption class="wp-element-caption">Fuente: <a rel="noreferrer noopener" href="http://www.cellitinnen-osa.de" target="_blank">Genossenschaft der Cellitinnen</a>.</figcaption></figure>
