{"id":71,"date":"2010-01-22T11:03:03","date_gmt":"2010-01-22T11:03:03","guid":{"rendered":"https:\/\/webs.uab.cat\/arnau\/colaboraciones\/"},"modified":"2024-09-18T14:49:22","modified_gmt":"2024-09-18T14:49:22","slug":"colaboraciones","status":"publish","type":"page","link":"https:\/\/webs.uab.cat\/arnau\/es\/colaboraciones\/","title":{"rendered":"Colaboraciones"},"content":{"rendered":"\n<p>Arnau DB&nbsp; mantiene diferentes v\u00ednculos de relaci\u00f3n y colaboraci\u00f3n con proyectos, entidades y redes nacionales e internacionales con los cuales tiene afinidades, especialmente en relaci\u00f3n a la cultura y ciencia medievales, filolog\u00eda y humanidades digitales:<\/p>\n\n\n\n<figure class=\"wp-block-table\"><table><tbody><tr><td>Es un <a href=\"projectes\">proyecto coordinado<\/a> con el de <a href=\"http:\/\/sciencia.cat\" target=\"_blank\" rel=\"noopener\">Sciencia.cat<\/a>, dirigido por Llu\u00eds Cifuentes (UB), centrado en la ciencia catalana medieval y renacentista.<\/td><td><img loading=\"lazy\" decoding=\"async\" width=\"196\" height=\"60\" class=\"wp-image-722\" style=\"width: 150px\" src=\"https:\/\/webs.uab.cat\/arnau\/wp-content\/uploads\/sites\/132\/2016\/10\/scienciacat2.gif\" alt=\"scienciacat2\"><\/td><\/tr><tr><td>Participa en el Grup de Recerca Consolidat de Cultura i Literatura a la Baixa Edat Mitjana, 2014-2016 (2014 SGR 119), financiado por el Departament d&#8217;Economia i Coneixement de la Generalitat de Catalu\u00f1a y coordinado por Lola Badia (UB-UAB-UdG). Web: <a href=\"http:\/\/narpan.net\" target=\"_blank\" rel=\"noopener\">Narpan<\/a>.&nbsp;<\/td><td><img loading=\"lazy\" decoding=\"async\" width=\"407\" height=\"82\" class=\"wp-image-734\" style=\"width: 150px\" src=\"https:\/\/webs.uab.cat\/arnau\/wp-content\/uploads\/sites\/132\/2016\/10\/narpan.gif\" alt=\"narpan\"><\/td><\/tr><tr><td>Participa en <a href=\"http:\/\/www.cost.eu\/domains_actions\/isch\/Actions\/IS1005\" target=\"_blank\" rel=\"noopener\">SCH Action IS1005: Medieval Europe &#8211; Medieval Cultures and Technological Resources<\/a>, COST (European Cooperation in Science and Technology), 2011-2014, finaciado por la Comisi\u00f3n Europea.<\/td><td>\u00a0<img loading=\"lazy\" decoding=\"async\" width=\"418\" height=\"85\" class=\"wp-image-740\" style=\"width: 150px\" src=\"https:\/\/webs.uab.cat\/arnau\/wp-content\/uploads\/sites\/132\/2016\/10\/costmedieval.png\" alt=\"costmedieval\" srcset=\"https:\/\/webs.uab.cat\/arnau\/wp-content\/uploads\/sites\/132\/2016\/10\/costmedieval.png 418w, https:\/\/webs.uab.cat\/arnau\/wp-content\/uploads\/sites\/132\/2016\/10\/costmedieval-300x61.png 300w\" sizes=\"auto, (max-width: 418px) 100vw, 418px\" \/><\/td><\/tr><tr><td>Forma parte de la <a class=\"lNews\" style=\"line-height: 16px\" href=\"http:\/\/dfe.uab.cat\/lenguayciencia\" target=\"_blank\" rel=\"noopener\">Red Tem\u00e1tica Lengua y Ciencia<\/a> (junto con Sciencia.cat).<\/td><td><img loading=\"lazy\" decoding=\"async\" width=\"538\" height=\"74\" class=\"wp-image-728\" style=\"width: 150px\" src=\"https:\/\/webs.uab.cat\/arnau\/wp-content\/uploads\/sites\/132\/2016\/10\/lenguayciencia.png\" alt=\"lenguayciencia\" srcset=\"https:\/\/webs.uab.cat\/arnau\/wp-content\/uploads\/sites\/132\/2016\/10\/lenguayciencia.png 538w, https:\/\/webs.uab.cat\/arnau\/wp-content\/uploads\/sites\/132\/2016\/10\/lenguayciencia-300x41.png 300w\" sizes=\"auto, (max-width: 538px) 100vw, 538px\" \/><\/td><\/tr><tr><td>&nbsp;<\/td><td>&nbsp;<\/td><\/tr><\/tbody><\/table><\/figure>\n","protected":false},"excerpt":{"rendered":"<p>Arnau DB&nbsp; mantiene diferentes v\u00ednculos de relaci\u00f3n y colaboraci\u00f3n con proyectos, entidades y redes nacionales e internacionales con los cuales tiene afinidades, especialmente en relaci\u00f3n a la cultura y ciencia medievales, filolog\u00eda y humanidades digitales: Es un proyecto coordinado con el de Sciencia.cat, dirigido por Llu\u00eds Cifuentes (UB), centrado en la ciencia catalana medieval y [&hellip;]<\/p>\n","protected":false},"author":20,"featured_media":0,"parent":0,"menu_order":0,"comment_status":"closed","ping_status":"closed","template":"","meta":{"footnotes":""},"class_list":["post-71","page","type-page","status-publish","hentry"],"_links":{"self":[{"href":"https:\/\/webs.uab.cat\/arnau\/es\/wp-json\/wp\/v2\/pages\/71","targetHints":{"allow":["GET"]}}],"collection":[{"href":"https:\/\/webs.uab.cat\/arnau\/es\/wp-json\/wp\/v2\/pages"}],"about":[{"href":"https:\/\/webs.uab.cat\/arnau\/es\/wp-json\/wp\/v2\/types\/page"}],"author":[{"embeddable":true,"href":"https:\/\/webs.uab.cat\/arnau\/es\/wp-json\/wp\/v2\/users\/20"}],"replies":[{"embeddable":true,"href":"https:\/\/webs.uab.cat\/arnau\/es\/wp-json\/wp\/v2\/comments?post=71"}],"version-history":[{"count":2,"href":"https:\/\/webs.uab.cat\/arnau\/es\/wp-json\/wp\/v2\/pages\/71\/revisions"}],"predecessor-version":[{"id":1986,"href":"https:\/\/webs.uab.cat\/arnau\/es\/wp-json\/wp\/v2\/pages\/71\/revisions\/1986"}],"wp:attachment":[{"href":"https:\/\/webs.uab.cat\/arnau\/es\/wp-json\/wp\/v2\/media?parent=71"}],"curies":[{"name":"wp","href":"https:\/\/api.w.org\/{rel}","templated":true}]}}

<p>Arnau DB&nbsp; mantiene diferentes vínculos de relación y colaboración con proyectos, entidades y redes nacionales e internacionales con los cuales tiene afinidades, especialmente en relación a la cultura y ciencia medievales, filología y humanidades digitales:</p>



<figure class="wp-block-table"><table><tbody><tr><td>Es un <a href="projectes">proyecto coordinado</a> con el de <a href="http://sciencia.cat" target="_blank" rel="noopener">Sciencia.cat</a>, dirigido por Lluís Cifuentes (UB), centrado en la ciencia catalana medieval y renacentista.</td><td><img loading="lazy" decoding="async" width="196" height="60" class="wp-image-722" style="width: 150px" src="https://webs.uab.cat/arnau/wp-content/uploads/sites/132/2016/10/scienciacat2.gif" alt="scienciacat2"></td></tr><tr><td>Participa en el Grup de Recerca Consolidat de Cultura i Literatura a la Baixa Edat Mitjana, 2014-2016 (2014 SGR 119), financiado por el Departament d&#8217;Economia i Coneixement de la Generalitat de Cataluña y coordinado por Lola Badia (UB-UAB-UdG). Web: <a href="http://narpan.net" target="_blank" rel="noopener">Narpan</a>.&nbsp;</td><td><img loading="lazy" decoding="async" width="407" height="82" class="wp-image-734" style="width: 150px" src="https://webs.uab.cat/arnau/wp-content/uploads/sites/132/2016/10/narpan.gif" alt="narpan"></td></tr><tr><td>Participa en <a href="http://www.cost.eu/domains_actions/isch/Actions/IS1005" target="_blank" rel="noopener">SCH Action IS1005: Medieval Europe &#8211; Medieval Cultures and Technological Resources</a>, COST (European Cooperation in Science and Technology), 2011-2014, finaciado por la Comisión Europea.</td><td> <img loading="lazy" decoding="async" width="418" height="85" class="wp-image-740" style="width: 150px" src="https://webs.uab.cat/arnau/wp-content/uploads/sites/132/2016/10/costmedieval.png" alt="costmedieval" srcset="https://webs.uab.cat/arnau/wp-content/uploads/sites/132/2016/10/costmedieval.png 418w, https://webs.uab.cat/arnau/wp-content/uploads/sites/132/2016/10/costmedieval-300x61.png 300w" sizes="auto, (max-width: 418px) 100vw, 418px" /></td></tr><tr><td>Forma parte de la <a class="lNews" style="line-height: 16px" href="http://dfe.uab.cat/lenguayciencia" target="_blank" rel="noopener">Red Temática Lengua y Ciencia</a> (junto con Sciencia.cat).</td><td><img loading="lazy" decoding="async" width="538" height="74" class="wp-image-728" style="width: 150px" src="https://webs.uab.cat/arnau/wp-content/uploads/sites/132/2016/10/lenguayciencia.png" alt="lenguayciencia" srcset="https://webs.uab.cat/arnau/wp-content/uploads/sites/132/2016/10/lenguayciencia.png 538w, https://webs.uab.cat/arnau/wp-content/uploads/sites/132/2016/10/lenguayciencia-300x41.png 300w" sizes="auto, (max-width: 538px) 100vw, 538px" /></td></tr><tr><td>&nbsp;</td><td>&nbsp;</td></tr></tbody></table></figure>

<p>Arnau DB&nbsp; mantiene diferentes vínculos de relación y colaboración con proyectos, entidades y redes nacionales e internacionales con los cuales tiene afinidades, especialmente en relación a la cultura y ciencia medievales, filología y humanidades digitales: Es un proyecto coordinado con el de Sciencia.cat, dirigido por Lluís Cifuentes (UB), centrado en la ciencia catalana medieval y [&hellip;]</p>
