{"id":316,"date":"2013-11-11T23:14:18","date_gmt":"2013-11-11T23:14:18","guid":{"rendered":"https:\/\/webs.uab.cat\/arnau\/comentaris\/"},"modified":"2024-08-13T12:49:08","modified_gmt":"2024-08-13T12:49:08","slug":"comentaris","status":"publish","type":"page","link":"https:\/\/webs.uab.cat\/arnau\/fr\/comentaris\/","title":{"rendered":"Commentaires"},"content":{"rendered":"\n<p>Les commentaires d&rsquo;Arnau de Vilanova proviennent de ses ann\u00e9es d&rsquo;enseignement \u00e0 Montpellier. En effet, les cours m\u00e9di\u00e9vaux consistaient \u00e0 lire et \u00e0 commenter l&rsquo;\u0153uvre d&rsquo;une autorit\u00e9 (<em>lectio<\/em>), \u00e0 partir de laquelle le professeur posait des questions et y r\u00e9pondait (<em>quaestiones<\/em>). Ses commentaires d\u00e9montrent qu&rsquo;il s&rsquo;est concentr\u00e9 sur des textes traditionnels de l&rsquo;enseignement m\u00e9dical (Hippocrate), mais il en a \u00e9galement introduit d&rsquo;innovants. Effectivement, il commente d&rsquo;abord des \u0153uvres de Galien bien connues en Europe latine (le <em>Tegni<\/em>) et le <em>Regimen acutorum morborum<\/em> d&rsquo;Hippocrate, aujourd&rsquo;hui perdues. Toutefois, il porte ensuite son attention sur des \u0153uvres essentielles du nouveau Galien, telles que le <em>De ingenio&nbsp;sanitatis<\/em>, le&nbsp;<em>De morbo et accidenti<\/em>&nbsp;et&nbsp;le&nbsp;<em>De malicia complexionis diverse<\/em>.&nbsp;Sur les trois, le seul \u00e0 avoir \u00e9t\u00e9 conserv\u00e9 avec certitude est le dernier. Nous devons la conservation de certains de ses commentaires \u00e0 des copistes, probablement \u00e9tudiants, qui les retranscrivirent et les firent circuler, car Arnau \u00e9tait r\u00e9ticent \u00e0 l&rsquo;id\u00e9e de les rendre publics.<\/p>\n\n\n\n<ol class=\"wp-block-list\" start=\"6\">\n<li><em>Repetitio super Vita brevis<\/em> (\u00ab Le\u00e7on sur la vie br\u00e8ve \u00bb, 1301) : le premier aphorisme d&rsquo;Hippocrate, qui commence par <em>Ars longa,vita brevis<\/em> (L&rsquo;art est long, la vie est br\u00e8ve), n&rsquo;est que le point de d\u00e9part d&rsquo;une exposition personnelle visant \u00e0 d\u00e9fendre que l&rsquo;exp\u00e9rience m\u00e9dicale doive \u00eatre mise en parall\u00e8le avec la raison et les autorit\u00e9s afin de pouvoir approfondir les connaissances re\u00e7ues gr\u00e2ce aux r\u00e9sultats de sa propre recherche. Il semblerait qu&rsquo;il s&rsquo;agisse d&rsquo;une s\u00e9rie de le\u00e7ons recueillies, sans une r\u00e9vision finale, par un anonyme r\u00e9dacteur qui se d\u00e9nomme lui-m\u00eame <em>ego scriptor<\/em>.<\/li>\n\n\n\n<li><em>Tabula super Vita brevis<\/em> (\u00ab Tableau sur &lsquo;La vie br\u00e8ve&rsquo; \u00bb), \u00e9galement sur le premier aphorisme d&rsquo;Hippocrate, il s&rsquo;agit d&rsquo;un guide simple et tr\u00e8s utile sur le diagnostic et les soins aux patients.<\/li>\n\n\n\n<li><em>Expositio super isto amphorismo Ypocratis: in morbis minus&#8230; <\/em>Le commentaire du trente-quatri\u00e8me aphorisme (de la deuxi\u00e8me section) reprend celui que fit Galien, \u00ab&nbsp;le premier qui supprime l&rsquo;ambigu\u00eft\u00e9 et pr\u00e9cise l&rsquo;intention des paroles d&rsquo;Hippocrate&nbsp;\u00bb.<\/li>\n\n\n\n<li><em>Commentum super tractatum Galieni <\/em>\u201c<em>De malitia complexionis diversae\u201d <\/em>(entre 1292 et 1295), le commentaire du trait\u00e9 de Galien sur la complexion pathologique d\u00e9s\u00e9quilibr\u00e9e sert \u00e0 Arnau \u00e0 initier ses \u00e9tudiants au concept de complexion pathologique, un aspect central du gal\u00e9nisme. \u00c0 partir de cette notion, il poursuit avec la m\u00e9thode curative comme application pratique pour les futurs m\u00e9decins en donnant pour exemple l&rsquo;abc\u00e8s chaud (inflammation), comme processus localis\u00e9, et les fi\u00e8vres, comme processus g\u00e9n\u00e9ral.<\/li>\n\n\n\n<li><em>Commentum super <\/em><em>De morbo et accidenti<\/em>: Il est document\u00e9 qu&rsquo;il a comment\u00e9 cette \u0153uvre de Galien sur les maladies et les sympt\u00f4mes au cours de ses premi\u00e8res ann\u00e9es d&rsquo;enseignement \u00e0 Montpellier. Une copie d&rsquo;un commentaire attribu\u00e9 \u00e0 Arnau a \u00e9t\u00e9 conserv\u00e9. N\u00e9anmoins, l&rsquo;analyse du contenu n&rsquo;a \u00e0 ce jour pas permis d&rsquo;\u00e9tablir avec certitude qu&rsquo;il soit authentique ou qu&rsquo;il n&rsquo;ait pas \u00e9t\u00e9 r\u00e9\u00e9crit par un autre ma\u00eetre de Montpellier.<\/li>\n<\/ol>\n\n\n\n<figure class=\"wp-block-image size-full is-resized\"><img loading=\"lazy\" decoding=\"async\" width=\"467\" height=\"674\" src=\"https:\/\/webs.uab.cat\/arnau\/wp-content\/uploads\/sites\/132\/2016\/10\/vita-brevis.jpg\" alt=\"\" class=\"wp-image-457\" style=\"aspect-ratio:0.6926877470355731;width:443px;height:auto\" srcset=\"https:\/\/webs.uab.cat\/arnau\/wp-content\/uploads\/sites\/132\/2016\/10\/vita-brevis.jpg 467w, https:\/\/webs.uab.cat\/arnau\/wp-content\/uploads\/sites\/132\/2016\/10\/vita-brevis-208x300.jpg 208w\" sizes=\"auto, (max-width: 467px) 100vw, 467px\" \/><figcaption class=\"wp-element-caption\">Illustration : dans l&rsquo;initiale de <em>Vita brevis<\/em>,<em> ars vero longa est<\/em> l&rsquo;illustration d&rsquo;un professeur commentant les A<em>phorismes<\/em> d&rsquo;Hippocrate, <em>Isagoge<\/em>, NLM, HMD Collection, MS E 78, fol. 15b. Origine: <a rel=\"noreferrer noopener\" href=\"https:\/\/en.wikipedia.org\/wiki\/File:Illuminated_letter_U_between_1210_and_1230_..JPG\" target=\"_blank\">Wikimedia<\/a>.<\/figcaption><\/figure>\n","protected":false},"excerpt":{"rendered":"<p>Les commentaires d&rsquo;Arnau de Vilanova proviennent de ses ann\u00e9es d&rsquo;enseignement \u00e0 Montpellier. En effet, les cours m\u00e9di\u00e9vaux consistaient \u00e0 lire et \u00e0 commenter l&rsquo;\u0153uvre d&rsquo;une autorit\u00e9 (lectio), \u00e0 partir de laquelle le professeur posait des questions et y r\u00e9pondait (quaestiones). Ses commentaires d\u00e9montrent qu&rsquo;il s&rsquo;est concentr\u00e9 sur des textes traditionnels de l&rsquo;enseignement m\u00e9dical (Hippocrate), mais [&hellip;]<\/p>\n","protected":false},"author":20,"featured_media":0,"parent":0,"menu_order":0,"comment_status":"closed","ping_status":"closed","template":"","meta":{"footnotes":""},"class_list":["post-316","page","type-page","status-publish","hentry"],"_links":{"self":[{"href":"https:\/\/webs.uab.cat\/arnau\/fr\/wp-json\/wp\/v2\/pages\/316","targetHints":{"allow":["GET"]}}],"collection":[{"href":"https:\/\/webs.uab.cat\/arnau\/fr\/wp-json\/wp\/v2\/pages"}],"about":[{"href":"https:\/\/webs.uab.cat\/arnau\/fr\/wp-json\/wp\/v2\/types\/page"}],"author":[{"embeddable":true,"href":"https:\/\/webs.uab.cat\/arnau\/fr\/wp-json\/wp\/v2\/users\/20"}],"replies":[{"embeddable":true,"href":"https:\/\/webs.uab.cat\/arnau\/fr\/wp-json\/wp\/v2\/comments?post=316"}],"version-history":[{"count":2,"href":"https:\/\/webs.uab.cat\/arnau\/fr\/wp-json\/wp\/v2\/pages\/316\/revisions"}],"predecessor-version":[{"id":1878,"href":"https:\/\/webs.uab.cat\/arnau\/fr\/wp-json\/wp\/v2\/pages\/316\/revisions\/1878"}],"wp:attachment":[{"href":"https:\/\/webs.uab.cat\/arnau\/fr\/wp-json\/wp\/v2\/media?parent=316"}],"curies":[{"name":"wp","href":"https:\/\/api.w.org\/{rel}","templated":true}]}}

<p>Les commentaires d&rsquo;Arnau de Vilanova proviennent de ses années d&rsquo;enseignement à Montpellier. En effet, les cours médiévaux consistaient à lire et à commenter l&rsquo;œuvre d&rsquo;une autorité (<em>lectio</em>), à partir de laquelle le professeur posait des questions et y répondait (<em>quaestiones</em>). Ses commentaires démontrent qu&rsquo;il s&rsquo;est concentré sur des textes traditionnels de l&rsquo;enseignement médical (Hippocrate), mais il en a également introduit d&rsquo;innovants. Effectivement, il commente d&rsquo;abord des œuvres de Galien bien connues en Europe latine (le <em>Tegni</em>) et le <em>Regimen acutorum morborum</em> d&rsquo;Hippocrate, aujourd&rsquo;hui perdues. Toutefois, il porte ensuite son attention sur des œuvres essentielles du nouveau Galien, telles que le <em>De ingenio&nbsp;sanitatis</em>, le&nbsp;<em>De morbo et accidenti</em>&nbsp;et&nbsp;le&nbsp;<em>De malicia complexionis diverse</em>.&nbsp;Sur les trois, le seul à avoir été conservé avec certitude est le dernier. Nous devons la conservation de certains de ses commentaires à des copistes, probablement étudiants, qui les retranscrivirent et les firent circuler, car Arnau était réticent à l&rsquo;idée de les rendre publics.</p>



<ol class="wp-block-list" start="6">
<li><em>Repetitio super Vita brevis</em> (« Leçon sur la vie brève », 1301) : le premier aphorisme d&rsquo;Hippocrate, qui commence par <em>Ars longa,vita brevis</em> (L&rsquo;art est long, la vie est brève), n&rsquo;est que le point de départ d&rsquo;une exposition personnelle visant à défendre que l&rsquo;expérience médicale doive être mise en parallèle avec la raison et les autorités afin de pouvoir approfondir les connaissances reçues grâce aux résultats de sa propre recherche. Il semblerait qu&rsquo;il s&rsquo;agisse d&rsquo;une série de leçons recueillies, sans une révision finale, par un anonyme rédacteur qui se dénomme lui-même <em>ego scriptor</em>.</li>



<li><em>Tabula super Vita brevis</em> (« Tableau sur &lsquo;La vie brève&rsquo; »), également sur le premier aphorisme d&rsquo;Hippocrate, il s&rsquo;agit d&rsquo;un guide simple et très utile sur le diagnostic et les soins aux patients.</li>



<li><em>Expositio super isto amphorismo Ypocratis: in morbis minus&#8230; </em>Le commentaire du trente-quatrième aphorisme (de la deuxième section) reprend celui que fit Galien, «&nbsp;le premier qui supprime l&rsquo;ambiguïté et précise l&rsquo;intention des paroles d&rsquo;Hippocrate&nbsp;».</li>



<li><em>Commentum super tractatum Galieni </em>“<em>De malitia complexionis diversae” </em>(entre 1292 et 1295), le commentaire du traité de Galien sur la complexion pathologique déséquilibrée sert à Arnau à initier ses étudiants au concept de complexion pathologique, un aspect central du galénisme. À partir de cette notion, il poursuit avec la méthode curative comme application pratique pour les futurs médecins en donnant pour exemple l&rsquo;abcès chaud (inflammation), comme processus localisé, et les fièvres, comme processus général.</li>



<li><em>Commentum super </em><em>De morbo et accidenti</em>: Il est documenté qu&rsquo;il a commenté cette œuvre de Galien sur les maladies et les symptômes au cours de ses premières années d&rsquo;enseignement à Montpellier. Une copie d&rsquo;un commentaire attribué à Arnau a été conservé. Néanmoins, l&rsquo;analyse du contenu n&rsquo;a à ce jour pas permis d&rsquo;établir avec certitude qu&rsquo;il soit authentique ou qu&rsquo;il n&rsquo;ait pas été réécrit par un autre maître de Montpellier.</li>
</ol>



<figure class="wp-block-image size-full is-resized"><img loading="lazy" decoding="async" width="467" height="674" src="https://webs.uab.cat/arnau/wp-content/uploads/sites/132/2016/10/vita-brevis.jpg" alt="" class="wp-image-457" style="aspect-ratio:0.6926877470355731;width:443px;height:auto" srcset="https://webs.uab.cat/arnau/wp-content/uploads/sites/132/2016/10/vita-brevis.jpg 467w, https://webs.uab.cat/arnau/wp-content/uploads/sites/132/2016/10/vita-brevis-208x300.jpg 208w" sizes="auto, (max-width: 467px) 100vw, 467px" /><figcaption class="wp-element-caption">Illustration : dans l&rsquo;initiale de <em>Vita brevis</em>,<em> ars vero longa est</em> l&rsquo;illustration d&rsquo;un professeur commentant les A<em>phorismes</em> d&rsquo;Hippocrate, <em>Isagoge</em>, NLM, HMD Collection, MS E 78, fol. 15b. Origine: <a rel="noreferrer noopener" href="https://en.wikipedia.org/wiki/File:Illuminated_letter_U_between_1210_and_1230_..JPG" target="_blank">Wikimedia</a>.</figcaption></figure>

<p>Les commentaires d&rsquo;Arnau de Vilanova proviennent de ses années d&rsquo;enseignement à Montpellier. En effet, les cours médiévaux consistaient à lire et à commenter l&rsquo;œuvre d&rsquo;une autorité (lectio), à partir de laquelle le professeur posait des questions et y répondait (quaestiones). Ses commentaires démontrent qu&rsquo;il s&rsquo;est concentré sur des textes traditionnels de l&rsquo;enseignement médical (Hippocrate), mais [&hellip;]</p>
