{"id":328,"date":"2013-11-13T00:43:32","date_gmt":"2013-11-13T00:43:32","guid":{"rendered":"https:\/\/webs.uab.cat\/arnau\/pensament\/"},"modified":"2024-08-13T13:17:26","modified_gmt":"2024-08-13T13:17:26","slug":"pensament","status":"publish","type":"page","link":"https:\/\/webs.uab.cat\/arnau\/fr\/pensament\/","title":{"rendered":"Pens\u00e9e spirituelle"},"content":{"rendered":"\n<p>Les id\u00e9es th\u00e9ologiques d&rsquo;Arnau de Vilanova \u00e9voluent tout au long de sa vie. Il s&rsquo;\u00e9tait int\u00e9ress\u00e9 \u00e0 la th\u00e9ologie, il avait m\u00eame suivi un cours \u00e0 l&rsquo;\u00e9cole des Dominicains de Montpellier et avait \u00e9tudi\u00e9 avec Raymond Martin \u00e0 Barcelone, mais son int\u00e9r\u00eat n&rsquo;\u00e9tait pas all\u00e9 au-del\u00e0. Lorsque ma\u00eetre Arnau \u00e9crit sa premi\u00e8re \u0153uvre th\u00e9ologique, il a plus de cinquante ans. Lui-m\u00eame explique qu&rsquo;il e\u00fbt une profonde exp\u00e9rience spirituelle. \u00c0 partir de ce moment, les pr\u00e9occupations religieuses et leurs cons\u00e9quences passeront au premier plan dans sa vie.<\/p>\n\n\n\n<p>Quatre \u00e9tapes de l&rsquo;\u00e9volution de la pens\u00e9e religieuse d&rsquo;Arnau peuvent \u00eatre distingu\u00e9es :<\/p>\n\n\n\n<ol class=\"wp-block-list\">\n<li><a href=\"preespiritual\">Pr\u00e9spirituelle<\/a>,<\/li>\n\n\n\n<li><a href=\"protoespiritual\">Protospirituelle<\/a>,<\/li>\n\n\n\n<li><a href=\"espiritualescatologica\">Spirituelle et eschatologique <\/a>,<\/li>\n\n\n\n<li><a href=\"propiament-espiritual\">Proprement spirituelle<\/a>.<\/li>\n<\/ol>\n\n\n\n<figure class=\"wp-block-image size-full is-resized\"><img loading=\"lazy\" decoding=\"async\" width=\"638\" height=\"480\" src=\"https:\/\/webs.uab.cat\/arnau\/wp-content\/uploads\/sites\/132\/2016\/10\/Pugio.png\" alt=\"\" class=\"wp-image-577\" style=\"aspect-ratio:1.3295454545454546;width:473px;height:auto\" srcset=\"https:\/\/webs.uab.cat\/arnau\/wp-content\/uploads\/sites\/132\/2016\/10\/Pugio.png 638w, https:\/\/webs.uab.cat\/arnau\/wp-content\/uploads\/sites\/132\/2016\/10\/Pugio-300x226.png 300w\" sizes=\"auto, (max-width: 638px) 100vw, 638px\" \/><figcaption class=\"wp-element-caption\">Illustration : <em>Pugio fidei<\/em>, l&rsquo;\u0153uvre essentielle de Ramon Mart\u00ed, avec qui Arnau de Vilanova se forma.&nbsp;Leipzig, 1687. Origine : <a href=\"http:\/\/commons.wikimedia.org\/wiki\/File:Pugio.png\">Wikimedia<\/a>.<\/figcaption><\/figure>\n\n\n\n<p><\/p>\n","protected":false},"excerpt":{"rendered":"<p>Les id\u00e9es th\u00e9ologiques d&rsquo;Arnau de Vilanova \u00e9voluent tout au long de sa vie. Il s&rsquo;\u00e9tait int\u00e9ress\u00e9 \u00e0 la th\u00e9ologie, il avait m\u00eame suivi un cours \u00e0 l&rsquo;\u00e9cole des Dominicains de Montpellier et avait \u00e9tudi\u00e9 avec Raymond Martin \u00e0 Barcelone, mais son int\u00e9r\u00eat n&rsquo;\u00e9tait pas all\u00e9 au-del\u00e0. Lorsque ma\u00eetre Arnau \u00e9crit sa premi\u00e8re \u0153uvre th\u00e9ologique, il [&hellip;]<\/p>\n","protected":false},"author":20,"featured_media":0,"parent":0,"menu_order":0,"comment_status":"closed","ping_status":"closed","template":"","meta":{"footnotes":""},"class_list":["post-328","page","type-page","status-publish","hentry"],"_links":{"self":[{"href":"https:\/\/webs.uab.cat\/arnau\/fr\/wp-json\/wp\/v2\/pages\/328","targetHints":{"allow":["GET"]}}],"collection":[{"href":"https:\/\/webs.uab.cat\/arnau\/fr\/wp-json\/wp\/v2\/pages"}],"about":[{"href":"https:\/\/webs.uab.cat\/arnau\/fr\/wp-json\/wp\/v2\/types\/page"}],"author":[{"embeddable":true,"href":"https:\/\/webs.uab.cat\/arnau\/fr\/wp-json\/wp\/v2\/users\/20"}],"replies":[{"embeddable":true,"href":"https:\/\/webs.uab.cat\/arnau\/fr\/wp-json\/wp\/v2\/comments?post=328"}],"version-history":[{"count":2,"href":"https:\/\/webs.uab.cat\/arnau\/fr\/wp-json\/wp\/v2\/pages\/328\/revisions"}],"predecessor-version":[{"id":1894,"href":"https:\/\/webs.uab.cat\/arnau\/fr\/wp-json\/wp\/v2\/pages\/328\/revisions\/1894"}],"wp:attachment":[{"href":"https:\/\/webs.uab.cat\/arnau\/fr\/wp-json\/wp\/v2\/media?parent=328"}],"curies":[{"name":"wp","href":"https:\/\/api.w.org\/{rel}","templated":true}]}}

Pensée spirituelle

<p>Les idées théologiques d&rsquo;Arnau de Vilanova évoluent tout au long de sa vie. Il s&rsquo;était intéressé à la théologie, il avait même suivi un cours à l&rsquo;école des Dominicains de Montpellier et avait étudié avec Raymond Martin à Barcelone, mais son intérêt n&rsquo;était pas allé au-delà. Lorsque maître Arnau écrit sa première œuvre théologique, il a plus de cinquante ans. Lui-même explique qu&rsquo;il eût une profonde expérience spirituelle. À partir de ce moment, les préoccupations religieuses et leurs conséquences passeront au premier plan dans sa vie.</p>



<p>Quatre étapes de l&rsquo;évolution de la pensée religieuse d&rsquo;Arnau peuvent être distinguées :</p>



<ol class="wp-block-list">
<li><a href="preespiritual">Préspirituelle</a>,</li>



<li><a href="protoespiritual">Protospirituelle</a>,</li>



<li><a href="espiritualescatologica">Spirituelle et eschatologique </a>,</li>



<li><a href="propiament-espiritual">Proprement spirituelle</a>.</li>
</ol>



<figure class="wp-block-image size-full is-resized"><img loading="lazy" decoding="async" width="638" height="480" src="https://webs.uab.cat/arnau/wp-content/uploads/sites/132/2016/10/Pugio.png" alt="" class="wp-image-577" style="aspect-ratio:1.3295454545454546;width:473px;height:auto" srcset="https://webs.uab.cat/arnau/wp-content/uploads/sites/132/2016/10/Pugio.png 638w, https://webs.uab.cat/arnau/wp-content/uploads/sites/132/2016/10/Pugio-300x226.png 300w" sizes="auto, (max-width: 638px) 100vw, 638px" /><figcaption class="wp-element-caption">Illustration : <em>Pugio fidei</em>, l&rsquo;œuvre essentielle de Ramon Martí, avec qui Arnau de Vilanova se forma.&nbsp;Leipzig, 1687. Origine : <a href="http://commons.wikimedia.org/wiki/File:Pugio.png">Wikimedia</a>.</figcaption></figure>



<p></p>

<p>Les idées théologiques d&rsquo;Arnau de Vilanova évoluent tout au long de sa vie. Il s&rsquo;était intéressé à la théologie, il avait même suivi un cours à l&rsquo;école des Dominicains de Montpellier et avait étudié avec Raymond Martin à Barcelone, mais son intérêt n&rsquo;était pas allé au-delà. Lorsque maître Arnau écrit sa première œuvre théologique, il [&hellip;]</p>
