{"id":349,"date":"2013-11-21T14:13:59","date_gmt":"2013-11-21T14:13:59","guid":{"rendered":"https:\/\/webs.uab.cat\/arnau\/arnaudevilanova-2\/"},"modified":"2024-08-19T12:50:37","modified_gmt":"2024-08-19T12:50:37","slug":"arnaudevilanova-2","status":"publish","type":"page","link":"https:\/\/webs.uab.cat\/arnau\/it\/arnaudevilanova-2\/","title":{"rendered":"Chi \u00e8 Arnau de Vilanova"},"content":{"rendered":"<p>Arnau de Vilanova \u00e8 indubbiamente uno dei personaggi pi\u00f9 affascinanti della nostra storia, sia per meriti propri che per il trattamento che gli \u00e8 stato riservato postumo. \u00c8 stato uno dei medici pi\u00f9 importanti del suo tempo per la sua opera, il suo lavoro universitario e la sua attivit\u00e0 professionale. \u00c8 stato anche un teologo controverso, denigrato e perseguito dai teologi professionisti, ma apprezzato e seguito dalle correnti pi\u00f9 riformiste. I re e i papi del tempo si contendevano i suoi servizi medici e gli incaricavano missioni diplomatiche. Dopo la sua morte, una sentenza ecclesiastica ha condannato alcune delle sue tesi teologiche che sono andate perdute nell\u2019oblio. Invece, la sua fama di medico non ha smesso di crescere con il passare del tempo e la sua figura \u00e8 stata avvolta da un velo di leggenda. Ancora oggi persiste questa immagine leggendaria di Arnau de Vilanova formata a partire dalla deformazione del suo ricordo e dai numerosi scritti che gli sono stati falsamente attribuiti: troppo spesso si continua a riprodurre la visione tradizionale di alchimista, astrologo, medico, empirico o inventore della distillazione dell\u2019alcool, nonostante la ricerca degli ultimi decenni abbia smentito queste falsit\u00e0 e ci abbia restituito la sua vera personalit\u00e0 storica. In queste pagine vogliamo offrire una visione sulla figura e sull\u2019opera, breve ma rigorosa e aggiornata in base alle ultime ricerche, per contribuire a farla conoscere, senza il velo mitico che ne ha avvolto la posterit\u00e0..<\/p>\n<p>&#8220;Chi \u00e8 Arnau de Vilanova&#8221; (2013) \u00e8 a cura di Sebasti\u00e0 Giralt (medicina, alchimia, sopravvivenza) e Jaume Mensa (biografia, cronologia e teologia).<\/p>\n<table style=\"height: 456px;width: 617px\" border=\"0\" cellspacing=\"0\" cellpadding=\"2\" align=\"center\">\n<tbody>\n<tr>\n<td style=\"width: 168px\">\n<p><figure id=\"attachment_650\" aria-describedby=\"caption-attachment-650\" style=\"width: 238px\" class=\"wp-caption alignnone\"><img loading=\"lazy\" decoding=\"async\" class=\"wp-image-650\" src=\"https:\/\/webs.uab.cat\/arnau\/wp-content\/uploads\/sites\/132\/2016\/10\/pere.jpg\" alt=\"\" width=\"238\" height=\"340\" \/><figcaption id=\"caption-attachment-650\" class=\"wp-caption-text\">\u00a0<\/figcaption><\/figure><\/td>\n<td style=\"width: 142px\">\n<p><figure id=\"attachment_632\" aria-describedby=\"caption-attachment-632\" style=\"width: 224px\" class=\"wp-caption alignnone\"><img loading=\"lazy\" decoding=\"async\" class=\"wp-image-632\" src=\"https:\/\/webs.uab.cat\/arnau\/wp-content\/uploads\/sites\/132\/2016\/10\/Alfons2-197x300.gif\" alt=\"\" width=\"224\" height=\"340\" \/><figcaption id=\"caption-attachment-632\" class=\"wp-caption-text\">\u00a0<\/figcaption><\/figure><\/td>\n<td style=\"width: 147px\">\n<p><figure id=\"attachment_656\" aria-describedby=\"caption-attachment-656\" style=\"width: 198px\" class=\"wp-caption alignnone\"><img loading=\"lazy\" decoding=\"async\" class=\"wp-image-656\" src=\"https:\/\/webs.uab.cat\/arnau\/wp-content\/uploads\/sites\/132\/2016\/10\/Jaume2.gif\" alt=\"\" width=\"198\" height=\"340\" \/><figcaption id=\"caption-attachment-656\" class=\"wp-caption-text\">\u00a0<\/figcaption><\/figure><\/td>\n<td style=\"width: 136px\">\n<p><figure id=\"attachment_494\" aria-describedby=\"caption-attachment-494\" style=\"width: 207px\" class=\"wp-caption alignnone\"><img loading=\"lazy\" decoding=\"async\" class=\"wp-image-494\" src=\"https:\/\/webs.uab.cat\/arnau\/wp-content\/uploads\/sites\/132\/2016\/10\/FredericIII-183x300.jpg\" alt=\"\" width=\"207\" height=\"340\" srcset=\"https:\/\/webs.uab.cat\/arnau\/wp-content\/uploads\/sites\/132\/2016\/10\/FredericIII-183x300.jpg 183w, https:\/\/webs.uab.cat\/arnau\/wp-content\/uploads\/sites\/132\/2016\/10\/FredericIII.jpg 202w\" sizes=\"auto, (max-width: 207px) 100vw, 207px\" \/><figcaption id=\"caption-attachment-494\" class=\"wp-caption-text\">\u00a0<\/figcaption><\/figure><\/td>\n<\/tr>\n<tr>\n<td style=\"width: 168px\"><span style=\"font-size: x-small\">\u00a0Pietro II,<\/span><span style=\"font-size: x-small\"> re di Aragona<\/span><\/td>\n<td style=\"width: 142px\"><span style=\"font-size: x-small\">Alfonso II, re di Aragona<\/span><\/td>\n<td style=\"width: 147px\"><span style=\"font-size: x-small\">Giacomo II, re di Aragona<\/span><\/td>\n<td style=\"width: 136px\"><span style=\"font-size: x-small\">Federico III, re di Sicilia<\/span><\/td>\n<\/tr>\n<tr>\n<td style=\"width: 168px\">\n<p><figure id=\"attachment_638\" aria-describedby=\"caption-attachment-638\" style=\"width: 235px\" class=\"wp-caption aligncenter\"><img loading=\"lazy\" decoding=\"async\" class=\"wp-image-638\" src=\"https:\/\/webs.uab.cat\/arnau\/wp-content\/uploads\/sites\/132\/2016\/10\/Blanca.png\" alt=\"\" width=\"235\" height=\"340\" \/><figcaption id=\"caption-attachment-638\" class=\"wp-caption-text\">\u00a0<\/figcaption><\/figure><\/td>\n<td style=\"width: 142px\">\n<p><figure id=\"attachment_644\" aria-describedby=\"caption-attachment-644\" style=\"width: 176px\" class=\"wp-caption aligncenter\"><img loading=\"lazy\" decoding=\"async\" class=\"wp-image-644\" src=\"https:\/\/webs.uab.cat\/arnau\/wp-content\/uploads\/sites\/132\/2016\/10\/carles-156x300.jpg\" alt=\"\" width=\"176\" height=\"340\" srcset=\"https:\/\/webs.uab.cat\/arnau\/wp-content\/uploads\/sites\/132\/2016\/10\/carles-156x300.jpg 156w, https:\/\/webs.uab.cat\/arnau\/wp-content\/uploads\/sites\/132\/2016\/10\/carles.jpg 195w\" sizes=\"auto, (max-width: 176px) 100vw, 176px\" \/><figcaption id=\"caption-attachment-644\" class=\"wp-caption-text\">\u00a0<\/figcaption><\/figure><\/td>\n<td style=\"width: 147px\">\n<p><figure id=\"attachment_668\" aria-describedby=\"caption-attachment-668\" style=\"width: 147px\" class=\"wp-caption aligncenter\"><img loading=\"lazy\" decoding=\"async\" class=\"wp-image-668\" src=\"https:\/\/webs.uab.cat\/arnau\/wp-content\/uploads\/sites\/132\/2016\/10\/Bonifaci_VIII-129x300.jpg\" alt=\"\" width=\"147\" height=\"340\" \/><figcaption id=\"caption-attachment-668\" class=\"wp-caption-text\">\u00a0<\/figcaption><\/figure><\/td>\n<td style=\"width: 136px\">\n<p><figure id=\"attachment_662\" aria-describedby=\"caption-attachment-662\" style=\"width: 181px\" class=\"wp-caption aligncenter\"><img loading=\"lazy\" decoding=\"async\" class=\"wp-image-662\" src=\"https:\/\/webs.uab.cat\/arnau\/wp-content\/uploads\/sites\/132\/2016\/10\/clement5-159x300.jpg\" alt=\"\" width=\"181\" height=\"340\" srcset=\"https:\/\/webs.uab.cat\/arnau\/wp-content\/uploads\/sites\/132\/2016\/10\/clement5-159x300.jpg 159w, https:\/\/webs.uab.cat\/arnau\/wp-content\/uploads\/sites\/132\/2016\/10\/clement5.jpg 202w\" sizes=\"auto, (max-width: 181px) 100vw, 181px\" \/><figcaption id=\"caption-attachment-662\" class=\"wp-caption-text\">\u00a0<\/figcaption><\/figure><\/td>\n<\/tr>\n<tr>\n<td style=\"width: 168px\"><span style=\"font-size: 10px\">Bianca d&#8217;Angi\u00f2, regina di Aragona<\/span><\/td>\n<td style=\"width: 142px\"><span style=\"font-size: x-small\">Carlo II, re di Napoli<\/span><\/td>\n<td style=\"width: 147px\"><span style=\"font-size: x-small\">Il Papa Bonifacio VIII<\/span><\/td>\n<td style=\"width: 136px\"><span style=\"font-size: x-small\">Il Papa Clemente V<\/span><\/td>\n<\/tr>\n<\/tbody>\n<\/table>\n<p><span style=\"font-size: x-small\">\u00a0Illustrazioni:\u00a0 Re e papi che furono pazienti di Arnau de Vilanova (origine: <a href=\"http:\/\/commons.wikimedia.org\">Wikimedia<\/a>).<\/span><\/p>\n","protected":false},"excerpt":{"rendered":"<p>Arnau de Vilanova \u00e8 indubbiamente uno dei personaggi pi\u00f9 affascinanti della nostra storia, sia per meriti propri che per il trattamento che gli \u00e8 stato riservato postumo. \u00c8 stato uno dei medici pi\u00f9 importanti del suo tempo per la sua opera, il suo lavoro universitario e la sua attivit\u00e0 professionale. \u00c8 stato anche un teologo [&hellip;]<\/p>\n","protected":false},"author":20,"featured_media":0,"parent":0,"menu_order":0,"comment_status":"closed","ping_status":"closed","template":"","meta":{"footnotes":""},"class_list":["post-349","page","type-page","status-publish","hentry"],"_links":{"self":[{"href":"https:\/\/webs.uab.cat\/arnau\/it\/wp-json\/wp\/v2\/pages\/349","targetHints":{"allow":["GET"]}}],"collection":[{"href":"https:\/\/webs.uab.cat\/arnau\/it\/wp-json\/wp\/v2\/pages"}],"about":[{"href":"https:\/\/webs.uab.cat\/arnau\/it\/wp-json\/wp\/v2\/types\/page"}],"author":[{"embeddable":true,"href":"https:\/\/webs.uab.cat\/arnau\/it\/wp-json\/wp\/v2\/users\/20"}],"replies":[{"embeddable":true,"href":"https:\/\/webs.uab.cat\/arnau\/it\/wp-json\/wp\/v2\/comments?post=349"}],"version-history":[{"count":2,"href":"https:\/\/webs.uab.cat\/arnau\/it\/wp-json\/wp\/v2\/pages\/349\/revisions"}],"predecessor-version":[{"id":1920,"href":"https:\/\/webs.uab.cat\/arnau\/it\/wp-json\/wp\/v2\/pages\/349\/revisions\/1920"}],"wp:attachment":[{"href":"https:\/\/webs.uab.cat\/arnau\/it\/wp-json\/wp\/v2\/media?parent=349"}],"curies":[{"name":"wp","href":"https:\/\/api.w.org\/{rel}","templated":true}]}}

Chi è Arnau de Vilanova

<p>Arnau de Vilanova è indubbiamente uno dei personaggi più affascinanti della nostra storia, sia per meriti propri che per il trattamento che gli è stato riservato postumo. È stato uno dei medici più importanti del suo tempo per la sua opera, il suo lavoro universitario e la sua attività professionale. È stato anche un teologo controverso, denigrato e perseguito dai teologi professionisti, ma apprezzato e seguito dalle correnti più riformiste. I re e i papi del tempo si contendevano i suoi servizi medici e gli incaricavano missioni diplomatiche. Dopo la sua morte, una sentenza ecclesiastica ha condannato alcune delle sue tesi teologiche che sono andate perdute nell’oblio. Invece, la sua fama di medico non ha smesso di crescere con il passare del tempo e la sua figura è stata avvolta da un velo di leggenda. Ancora oggi persiste questa immagine leggendaria di Arnau de Vilanova formata a partire dalla deformazione del suo ricordo e dai numerosi scritti che gli sono stati falsamente attribuiti: troppo spesso si continua a riprodurre la visione tradizionale di alchimista, astrologo, medico, empirico o inventore della distillazione dell’alcool, nonostante la ricerca degli ultimi decenni abbia smentito queste falsità e ci abbia restituito la sua vera personalità storica. In queste pagine vogliamo offrire una visione sulla figura e sull’opera, breve ma rigorosa e aggiornata in base alle ultime ricerche, per contribuire a farla conoscere, senza il velo mitico che ne ha avvolto la posterità..</p>
<p>&#8220;Chi è Arnau de Vilanova&#8221; (2013) è a cura di Sebastià Giralt (medicina, alchimia, sopravvivenza) e Jaume Mensa (biografia, cronologia e teologia).</p>
<table style="height: 456px;width: 617px" border="0" cellspacing="0" cellpadding="2" align="center">
<tbody>
<tr>
<td style="width: 168px">
<p><figure id="attachment_650" aria-describedby="caption-attachment-650" style="width: 238px" class="wp-caption alignnone"><img loading="lazy" decoding="async" class="wp-image-650" src="https://webs.uab.cat/arnau/wp-content/uploads/sites/132/2016/10/pere.jpg" alt="" width="238" height="340" /><figcaption id="caption-attachment-650" class="wp-caption-text"> </figcaption></figure></td>
<td style="width: 142px">
<p><figure id="attachment_632" aria-describedby="caption-attachment-632" style="width: 224px" class="wp-caption alignnone"><img loading="lazy" decoding="async" class="wp-image-632" src="https://webs.uab.cat/arnau/wp-content/uploads/sites/132/2016/10/Alfons2-197x300.gif" alt="" width="224" height="340" /><figcaption id="caption-attachment-632" class="wp-caption-text"> </figcaption></figure></td>
<td style="width: 147px">
<p><figure id="attachment_656" aria-describedby="caption-attachment-656" style="width: 198px" class="wp-caption alignnone"><img loading="lazy" decoding="async" class="wp-image-656" src="https://webs.uab.cat/arnau/wp-content/uploads/sites/132/2016/10/Jaume2.gif" alt="" width="198" height="340" /><figcaption id="caption-attachment-656" class="wp-caption-text"> </figcaption></figure></td>
<td style="width: 136px">
<p><figure id="attachment_494" aria-describedby="caption-attachment-494" style="width: 207px" class="wp-caption alignnone"><img loading="lazy" decoding="async" class="wp-image-494" src="https://webs.uab.cat/arnau/wp-content/uploads/sites/132/2016/10/FredericIII-183x300.jpg" alt="" width="207" height="340" srcset="https://webs.uab.cat/arnau/wp-content/uploads/sites/132/2016/10/FredericIII-183x300.jpg 183w, https://webs.uab.cat/arnau/wp-content/uploads/sites/132/2016/10/FredericIII.jpg 202w" sizes="auto, (max-width: 207px) 100vw, 207px" /><figcaption id="caption-attachment-494" class="wp-caption-text"> </figcaption></figure></td>
</tr>
<tr>
<td style="width: 168px"><span style="font-size: x-small"> Pietro II,</span><span style="font-size: x-small"> re di Aragona</span></td>
<td style="width: 142px"><span style="font-size: x-small">Alfonso II, re di Aragona</span></td>
<td style="width: 147px"><span style="font-size: x-small">Giacomo II, re di Aragona</span></td>
<td style="width: 136px"><span style="font-size: x-small">Federico III, re di Sicilia</span></td>
</tr>
<tr>
<td style="width: 168px">
<p><figure id="attachment_638" aria-describedby="caption-attachment-638" style="width: 235px" class="wp-caption aligncenter"><img loading="lazy" decoding="async" class="wp-image-638" src="https://webs.uab.cat/arnau/wp-content/uploads/sites/132/2016/10/Blanca.png" alt="" width="235" height="340" /><figcaption id="caption-attachment-638" class="wp-caption-text"> </figcaption></figure></td>
<td style="width: 142px">
<p><figure id="attachment_644" aria-describedby="caption-attachment-644" style="width: 176px" class="wp-caption aligncenter"><img loading="lazy" decoding="async" class="wp-image-644" src="https://webs.uab.cat/arnau/wp-content/uploads/sites/132/2016/10/carles-156x300.jpg" alt="" width="176" height="340" srcset="https://webs.uab.cat/arnau/wp-content/uploads/sites/132/2016/10/carles-156x300.jpg 156w, https://webs.uab.cat/arnau/wp-content/uploads/sites/132/2016/10/carles.jpg 195w" sizes="auto, (max-width: 176px) 100vw, 176px" /><figcaption id="caption-attachment-644" class="wp-caption-text"> </figcaption></figure></td>
<td style="width: 147px">
<p><figure id="attachment_668" aria-describedby="caption-attachment-668" style="width: 147px" class="wp-caption aligncenter"><img loading="lazy" decoding="async" class="wp-image-668" src="https://webs.uab.cat/arnau/wp-content/uploads/sites/132/2016/10/Bonifaci_VIII-129x300.jpg" alt="" width="147" height="340" /><figcaption id="caption-attachment-668" class="wp-caption-text"> </figcaption></figure></td>
<td style="width: 136px">
<p><figure id="attachment_662" aria-describedby="caption-attachment-662" style="width: 181px" class="wp-caption aligncenter"><img loading="lazy" decoding="async" class="wp-image-662" src="https://webs.uab.cat/arnau/wp-content/uploads/sites/132/2016/10/clement5-159x300.jpg" alt="" width="181" height="340" srcset="https://webs.uab.cat/arnau/wp-content/uploads/sites/132/2016/10/clement5-159x300.jpg 159w, https://webs.uab.cat/arnau/wp-content/uploads/sites/132/2016/10/clement5.jpg 202w" sizes="auto, (max-width: 181px) 100vw, 181px" /><figcaption id="caption-attachment-662" class="wp-caption-text"> </figcaption></figure></td>
</tr>
<tr>
<td style="width: 168px"><span style="font-size: 10px">Bianca d&#8217;Angiò, regina di Aragona</span></td>
<td style="width: 142px"><span style="font-size: x-small">Carlo II, re di Napoli</span></td>
<td style="width: 147px"><span style="font-size: x-small">Il Papa Bonifacio VIII</span></td>
<td style="width: 136px"><span style="font-size: x-small">Il Papa Clemente V</span></td>
</tr>
</tbody>
</table>
<p><span style="font-size: x-small"> Illustrazioni:  Re e papi che furono pazienti di Arnau de Vilanova (origine: <a href="http://commons.wikimedia.org">Wikimedia</a>).</span></p>

<p>Arnau de Vilanova è indubbiamente uno dei personaggi più affascinanti della nostra storia, sia per meriti propri che per il trattamento che gli è stato riservato postumo. È stato uno dei medici più importanti del suo tempo per la sua opera, il suo lavoro universitario e la sua attività professionale. È stato anche un teologo [&hellip;]</p>
